{"id":4684,"date":"2017-04-23T21:26:49","date_gmt":"2017-04-23T19:26:49","guid":{"rendered":"http:\/\/indic.cat\/ambit\/benestar-social-i-salut-2\/"},"modified":"2025-08-29T10:50:17","modified_gmt":"2025-08-29T08:50:17","slug":"bienestar-social-y-salud","status":"publish","type":"ambit","link":"https:\/\/indic.cat\/es\/ambit\/bienestar-social-y-salud\/","title":{"rendered":"Bienestar social y salud"},"content":{"rendered":"<p>Las pol\u00edticas de bienestar social y salud abordan las necesidades de las personas para incidir en su bienestar desde distintas perspectivas: la prevenci\u00f3n, la promoci\u00f3n, la protecci\u00f3n y el cuidado. Pero con el tiempo se han topado con las limitaciones de un sistema p\u00fablico fundamentado en la distribuci\u00f3n de competencias y la compartimentaci\u00f3n de las pol\u00edticas.<\/p>\n<p>Hablar de bienestar y salud implica abordar la realidad de los vecinos y vecinas de un territorio desde muy diferentes perspectivas y desde pol\u00edticas muy diversas: vivienda, ocupaci\u00f3n, salud, educaci\u00f3n, urbanismo, etc. La necesidad de abordar a la persona como un todo global integrado plantea el reto de la transversalidad y la coordinaci\u00f3n de la administraci\u00f3n p\u00fablica a la hora de afrontar las necesidades del individuo. Las pol\u00edticas de bienestar no se impulsan s\u00f3lo desde los servicios sociales, como las de salud no lo hacen \u00fanicamente desde la salud p\u00fablica: en todos los casos inciden otros muchos \u00e1mbitos y servicios. De ah\u00ed la importancia de los Planes Locales de Inclusi\u00f3n y cohesi\u00f3n social y los Planes Locales de Salud. Todos ellos tienen una vocaci\u00f3n transversal pero tambi\u00e9n una voluntad de hacer part\u00edcipes a todos los agentes implicados en su elaboraci\u00f3n y ejecuci\u00f3n.<\/p>\n<p>Adem\u00e1s, los propios recursos y servicios municipales han desarrollado estrategias y planes de mejora continua internos para ser m\u00e1s eficientes y equitativos en la atenci\u00f3n a las personas.<\/p>\n","protected":false},"excerpt":{"rendered":"<p>Las pol\u00edticas de bienestar social y salud abordan las necesidades de las personas para incidir en su bienestar desde distintas perspectivas: la prevenci\u00f3n, la promoci\u00f3n, la protecci\u00f3n y el cuidado. Pero con el tiempo se han topado con las limitaciones de un sistema p\u00fablico fundamentado en la distribuci\u00f3n de competencias y la compartimentaci\u00f3n de las [&hellip;]<\/p>\n","protected":false},"featured_media":784,"template":"","class_list":["post-4684","ambit","type-ambit","status-publish","has-post-thumbnail","hentry"],"acf":[],"yoast_head":"<!-- This site is optimized with the Yoast SEO plugin v27.4 - https:\/\/yoast.com\/product\/yoast-seo-wordpress\/ -->\n<title>Bienestar social y salud - My CMS<\/title>\n<meta name=\"robots\" content=\"index, follow, max-snippet:-1, max-image-preview:large, max-video-preview:-1\" \/>\n<link rel=\"canonical\" href=\"https:\/\/indic.cat\/es\/ambit\/bienestar-social-y-salud\/\" \/>\n<meta property=\"og:locale\" content=\"es_ES\" \/>\n<meta property=\"og:type\" content=\"article\" \/>\n<meta property=\"og:title\" content=\"Bienestar social y salud - My CMS\" \/>\n<meta property=\"og:description\" content=\"Las pol\u00edticas de bienestar social y salud abordan las necesidades de las personas para incidir en su bienestar desde distintas perspectivas: la prevenci\u00f3n, la promoci\u00f3n, la protecci\u00f3n y el cuidado. Pero con el tiempo se han topado con las limitaciones de un sistema p\u00fablico fundamentado en la distribuci\u00f3n de competencias y la compartimentaci\u00f3n de las [&hellip;]\" \/>\n<meta property=\"og:url\" content=\"https:\/\/indic.cat\/es\/ambit\/bienestar-social-y-salud\/\" \/>\n<meta property=\"og:site_name\" content=\"My CMS\" \/>\n<meta property=\"article:publisher\" content=\"https:\/\/www.facebook.com\/Indic-Iniciatives-i-Din%c3%a0miques-Comunit%c3%a0ries-362170033806658\/\" \/>\n<meta property=\"article:modified_time\" content=\"2025-08-29T08:50:17+00:00\" \/>\n<meta property=\"og:image\" content=\"https:\/\/indic.cat\/wp-content\/uploads\/2017\/04\/distribuidora-A-4.jpg\" \/>\n\t<meta property=\"og:image:width\" content=\"737\" \/>\n\t<meta property=\"og:image:height\" content=\"506\" \/>\n\t<meta property=\"og:image:type\" content=\"image\/jpeg\" \/>\n<meta name=\"twitter:card\" content=\"summary_large_image\" \/>\n<meta name=\"twitter:site\" content=\"@IndicSL\" \/>\n<meta name=\"twitter:label1\" content=\"Tiempo de lectura\" \/>\n\t<meta name=\"twitter:data1\" content=\"2 minutos\" \/>\n<script type=\"application\/ld+json\" class=\"yoast-schema-graph\">{\"@context\":\"https:\\\/\\\/schema.org\",\"@graph\":[{\"@type\":\"WebPage\",\"@id\":\"https:\\\/\\\/indic.cat\\\/es\\\/ambit\\\/bienestar-social-y-salud\\\/\",\"url\":\"https:\\\/\\\/indic.cat\\\/es\\\/ambit\\\/bienestar-social-y-salud\\\/\",\"name\":\"Bienestar social y salud - My CMS\",\"isPartOf\":{\"@id\":\"https:\\\/\\\/indic.cat\\\/#website\"},\"primaryImageOfPage\":{\"@id\":\"https:\\\/\\\/indic.cat\\\/es\\\/ambit\\\/bienestar-social-y-salud\\\/#primaryimage\"},\"image\":{\"@id\":\"https:\\\/\\\/indic.cat\\\/es\\\/ambit\\\/bienestar-social-y-salud\\\/#primaryimage\"},\"thumbnailUrl\":\"https:\\\/\\\/indic.cat\\\/wp-content\\\/uploads\\\/2017\\\/04\\\/distribuidora-A-4.jpg\",\"datePublished\":\"2017-04-23T19:26:49+00:00\",\"dateModified\":\"2025-08-29T08:50:17+00:00\",\"breadcrumb\":{\"@id\":\"https:\\\/\\\/indic.cat\\\/es\\\/ambit\\\/bienestar-social-y-salud\\\/#breadcrumb\"},\"inLanguage\":\"es\",\"potentialAction\":[{\"@type\":\"ReadAction\",\"target\":[\"https:\\\/\\\/indic.cat\\\/es\\\/ambit\\\/bienestar-social-y-salud\\\/\"]}]},{\"@type\":\"ImageObject\",\"inLanguage\":\"es\",\"@id\":\"https:\\\/\\\/indic.cat\\\/es\\\/ambit\\\/bienestar-social-y-salud\\\/#primaryimage\",\"url\":\"https:\\\/\\\/indic.cat\\\/wp-content\\\/uploads\\\/2017\\\/04\\\/distribuidora-A-4.jpg\",\"contentUrl\":\"https:\\\/\\\/indic.cat\\\/wp-content\\\/uploads\\\/2017\\\/04\\\/distribuidora-A-4.jpg\",\"width\":737,\"height\":506},{\"@type\":\"BreadcrumbList\",\"@id\":\"https:\\\/\\\/indic.cat\\\/es\\\/ambit\\\/bienestar-social-y-salud\\\/#breadcrumb\",\"itemListElement\":[{\"@type\":\"ListItem\",\"position\":1,\"name\":\"Inici\",\"item\":\"https:\\\/\\\/indic.cat\\\/es\\\/iniciativas-y-dinamicas-comunitarias\\\/\"},{\"@type\":\"ListItem\",\"position\":2,\"name\":\"Ambits\",\"item\":\"https:\\\/\\\/indic.cat\\\/ambit\\\/\"},{\"@type\":\"ListItem\",\"position\":3,\"name\":\"Bienestar social y salud\"}]},{\"@type\":\"WebSite\",\"@id\":\"https:\\\/\\\/indic.cat\\\/#website\",\"url\":\"https:\\\/\\\/indic.cat\\\/\",\"name\":\"My CMS\",\"description\":\"Iniciatives i din\u00e0miques comunit\u00e0ries\",\"potentialAction\":[{\"@type\":\"SearchAction\",\"target\":{\"@type\":\"EntryPoint\",\"urlTemplate\":\"https:\\\/\\\/indic.cat\\\/?s={search_term_string}\"},\"query-input\":{\"@type\":\"PropertyValueSpecification\",\"valueRequired\":true,\"valueName\":\"search_term_string\"}}],\"inLanguage\":\"es\"}]}<\/script>\n<!-- \/ Yoast SEO plugin. -->","yoast_head_json":{"title":"Bienestar social y salud - My CMS","robots":{"index":"index","follow":"follow","max-snippet":"max-snippet:-1","max-image-preview":"max-image-preview:large","max-video-preview":"max-video-preview:-1"},"canonical":"https:\/\/indic.cat\/es\/ambit\/bienestar-social-y-salud\/","og_locale":"es_ES","og_type":"article","og_title":"Bienestar social y salud - My CMS","og_description":"Las pol\u00edticas de bienestar social y salud abordan las necesidades de las personas para incidir en su bienestar desde distintas perspectivas: la prevenci\u00f3n, la promoci\u00f3n, la protecci\u00f3n y el cuidado. Pero con el tiempo se han topado con las limitaciones de un sistema p\u00fablico fundamentado en la distribuci\u00f3n de competencias y la compartimentaci\u00f3n de las [&hellip;]","og_url":"https:\/\/indic.cat\/es\/ambit\/bienestar-social-y-salud\/","og_site_name":"My CMS","article_publisher":"https:\/\/www.facebook.com\/Indic-Iniciatives-i-Din%c3%a0miques-Comunit%c3%a0ries-362170033806658\/","article_modified_time":"2025-08-29T08:50:17+00:00","og_image":[{"width":737,"height":506,"url":"https:\/\/indic.cat\/wp-content\/uploads\/2017\/04\/distribuidora-A-4.jpg","type":"image\/jpeg"}],"twitter_card":"summary_large_image","twitter_site":"@IndicSL","twitter_misc":{"Tiempo de lectura":"2 minutos"},"schema":{"@context":"https:\/\/schema.org","@graph":[{"@type":"WebPage","@id":"https:\/\/indic.cat\/es\/ambit\/bienestar-social-y-salud\/","url":"https:\/\/indic.cat\/es\/ambit\/bienestar-social-y-salud\/","name":"Bienestar social y salud - My CMS","isPartOf":{"@id":"https:\/\/indic.cat\/#website"},"primaryImageOfPage":{"@id":"https:\/\/indic.cat\/es\/ambit\/bienestar-social-y-salud\/#primaryimage"},"image":{"@id":"https:\/\/indic.cat\/es\/ambit\/bienestar-social-y-salud\/#primaryimage"},"thumbnailUrl":"https:\/\/indic.cat\/wp-content\/uploads\/2017\/04\/distribuidora-A-4.jpg","datePublished":"2017-04-23T19:26:49+00:00","dateModified":"2025-08-29T08:50:17+00:00","breadcrumb":{"@id":"https:\/\/indic.cat\/es\/ambit\/bienestar-social-y-salud\/#breadcrumb"},"inLanguage":"es","potentialAction":[{"@type":"ReadAction","target":["https:\/\/indic.cat\/es\/ambit\/bienestar-social-y-salud\/"]}]},{"@type":"ImageObject","inLanguage":"es","@id":"https:\/\/indic.cat\/es\/ambit\/bienestar-social-y-salud\/#primaryimage","url":"https:\/\/indic.cat\/wp-content\/uploads\/2017\/04\/distribuidora-A-4.jpg","contentUrl":"https:\/\/indic.cat\/wp-content\/uploads\/2017\/04\/distribuidora-A-4.jpg","width":737,"height":506},{"@type":"BreadcrumbList","@id":"https:\/\/indic.cat\/es\/ambit\/bienestar-social-y-salud\/#breadcrumb","itemListElement":[{"@type":"ListItem","position":1,"name":"Inici","item":"https:\/\/indic.cat\/es\/iniciativas-y-dinamicas-comunitarias\/"},{"@type":"ListItem","position":2,"name":"Ambits","item":"https:\/\/indic.cat\/ambit\/"},{"@type":"ListItem","position":3,"name":"Bienestar social y salud"}]},{"@type":"WebSite","@id":"https:\/\/indic.cat\/#website","url":"https:\/\/indic.cat\/","name":"My CMS","description":"Iniciatives i din\u00e0miques comunit\u00e0ries","potentialAction":[{"@type":"SearchAction","target":{"@type":"EntryPoint","urlTemplate":"https:\/\/indic.cat\/?s={search_term_string}"},"query-input":{"@type":"PropertyValueSpecification","valueRequired":true,"valueName":"search_term_string"}}],"inLanguage":"es"}]}},"_links":{"self":[{"href":"https:\/\/indic.cat\/es\/wp-json\/wp\/v2\/ambit\/4684","targetHints":{"allow":["GET"]}}],"collection":[{"href":"https:\/\/indic.cat\/es\/wp-json\/wp\/v2\/ambit"}],"about":[{"href":"https:\/\/indic.cat\/es\/wp-json\/wp\/v2\/types\/ambit"}],"version-history":[{"count":7,"href":"https:\/\/indic.cat\/es\/wp-json\/wp\/v2\/ambit\/4684\/revisions"}],"predecessor-version":[{"id":6267,"href":"https:\/\/indic.cat\/es\/wp-json\/wp\/v2\/ambit\/4684\/revisions\/6267"}],"wp:featuredmedia":[{"embeddable":true,"href":"https:\/\/indic.cat\/es\/wp-json\/wp\/v2\/media\/784"}],"wp:attachment":[{"href":"https:\/\/indic.cat\/es\/wp-json\/wp\/v2\/media?parent=4684"}],"curies":[{"name":"wp","href":"https:\/\/api.w.org\/{rel}","templated":true}]}}

<p>Las políticas de bienestar social y salud abordan las necesidades de las personas para incidir en su bienestar desde distintas perspectivas: la prevención, la promoción, la protección y el cuidado. Pero con el tiempo se han topado con las limitaciones de un sistema público fundamentado en la distribución de competencias y la compartimentación de las políticas.</p>
<p>Hablar de bienestar y salud implica abordar la realidad de los vecinos y vecinas de un territorio desde muy diferentes perspectivas y desde políticas muy diversas: vivienda, ocupación, salud, educación, urbanismo, etc. La necesidad de abordar a la persona como un todo global integrado plantea el reto de la transversalidad y la coordinación de la administración pública a la hora de afrontar las necesidades del individuo. Las políticas de bienestar no se impulsan sólo desde los servicios sociales, como las de salud no lo hacen únicamente desde la salud pública: en todos los casos inciden otros muchos ámbitos y servicios. De ahí la importancia de los Planes Locales de Inclusión y cohesión social y los Planes Locales de Salud. Todos ellos tienen una vocación transversal pero también una voluntad de hacer partícipes a todos los agentes implicados en su elaboración y ejecución.</p>
<p>Además, los propios recursos y servicios municipales han desarrollado estrategias y planes de mejora continua internos para ser más eficientes y equitativos en la atención a las personas.</p>

<p>Las políticas de bienestar social y salud abordan las necesidades de las personas para incidir en su bienestar desde distintas perspectivas: la prevención, la promoción, la protección y el cuidado. Pero con el tiempo se han topado con las limitaciones de un sistema público fundamentado en la distribución de competencias y la compartimentación de las [&hellip;]</p>

<!-- This site is optimized with the Yoast SEO plugin v27.4 - https://yoast.com/product/yoast-seo-wordpress/ -->
<title>Bienestar social y salud - My CMS</title>
<meta name="robots" content="index, follow, max-snippet:-1, max-image-preview:large, max-video-preview:-1" />
<link rel="canonical" href="https://indic.cat/es/ambit/bienestar-social-y-salud/" />
<meta property="og:locale" content="es_ES" />
<meta property="og:type" content="article" />
<meta property="og:title" content="Bienestar social y salud - My CMS" />
<meta property="og:description" content="Las políticas de bienestar social y salud abordan las necesidades de las personas para incidir en su bienestar desde distintas perspectivas: la prevención, la promoción, la protección y el cuidado. Pero con el tiempo se han topado con las limitaciones de un sistema público fundamentado en la distribución de competencias y la compartimentación de las [&hellip;]" />
<meta property="og:url" content="https://indic.cat/es/ambit/bienestar-social-y-salud/" />
<meta property="og:site_name" content="My CMS" />
<meta property="article:publisher" content="https://www.facebook.com/Indic-Iniciatives-i-Din%c3%a0miques-Comunit%c3%a0ries-362170033806658/" />
<meta property="article:modified_time" content="2025-08-29T08:50:17+00:00" />
<meta property="og:image" content="https://indic.cat/wp-content/uploads/2017/04/distribuidora-A-4.jpg" />
	<meta property="og:image:width" content="737" />
	<meta property="og:image:height" content="506" />
	<meta property="og:image:type" content="image/jpeg" />
<meta name="twitter:card" content="summary_large_image" />
<meta name="twitter:site" content="@IndicSL" />
<meta name="twitter:label1" content="Tiempo de lectura" />
	<meta name="twitter:data1" content="2 minutos" />
<script type="application/ld+json" class="yoast-schema-graph">{"@context":"https:\/\/schema.org","@graph":[{"@type":"WebPage","@id":"https:\/\/indic.cat\/es\/ambit\/bienestar-social-y-salud\/","url":"https:\/\/indic.cat\/es\/ambit\/bienestar-social-y-salud\/","name":"Bienestar social y salud - My CMS","isPartOf":{"@id":"https:\/\/indic.cat\/#website"},"primaryImageOfPage":{"@id":"https:\/\/indic.cat\/es\/ambit\/bienestar-social-y-salud\/#primaryimage"},"image":{"@id":"https:\/\/indic.cat\/es\/ambit\/bienestar-social-y-salud\/#primaryimage"},"thumbnailUrl":"https:\/\/indic.cat\/wp-content\/uploads\/2017\/04\/distribuidora-A-4.jpg","datePublished":"2017-04-23T19:26:49+00:00","dateModified":"2025-08-29T08:50:17+00:00","breadcrumb":{"@id":"https:\/\/indic.cat\/es\/ambit\/bienestar-social-y-salud\/#breadcrumb"},"inLanguage":"es","potentialAction":[{"@type":"ReadAction","target":["https:\/\/indic.cat\/es\/ambit\/bienestar-social-y-salud\/"]}]},{"@type":"ImageObject","inLanguage":"es","@id":"https:\/\/indic.cat\/es\/ambit\/bienestar-social-y-salud\/#primaryimage","url":"https:\/\/indic.cat\/wp-content\/uploads\/2017\/04\/distribuidora-A-4.jpg","contentUrl":"https:\/\/indic.cat\/wp-content\/uploads\/2017\/04\/distribuidora-A-4.jpg","width":737,"height":506},{"@type":"BreadcrumbList","@id":"https:\/\/indic.cat\/es\/ambit\/bienestar-social-y-salud\/#breadcrumb","itemListElement":[{"@type":"ListItem","position":1,"name":"Inici","item":"https:\/\/indic.cat\/es\/iniciativas-y-dinamicas-comunitarias\/"},{"@type":"ListItem","position":2,"name":"Ambits","item":"https:\/\/indic.cat\/ambit\/"},{"@type":"ListItem","position":3,"name":"Bienestar social y salud"}]},{"@type":"WebSite","@id":"https:\/\/indic.cat\/#website","url":"https:\/\/indic.cat\/","name":"My CMS","description":"Iniciatives i dinàmiques comunitàries","potentialAction":[{"@type":"SearchAction","target":{"@type":"EntryPoint","urlTemplate":"https:\/\/indic.cat\/?s={search_term_string}"},"query-input":{"@type":"PropertyValueSpecification","valueRequired":true,"valueName":"search_term_string"}}],"inLanguage":"es"}]}</script>
<!-- / Yoast SEO plugin. -->

Las políticas de bienestar social y salud abordan las necesidades de las personas para incidir en su bienestar desde distintas perspectivas: la prevención, la promoción, la protección y el cuidado. Pero con el tiempo se han topado con las limitaciones de un sistema público fundamentado en la distribución de competencias y la compartimentación de las [&hellip;]

Iniciatives i dinàmiques comunitàries
