{"id":2974,"date":"2017-09-13T09:37:23","date_gmt":"2017-09-13T07:37:23","guid":{"rendered":"http:\/\/indic.cat\/web\/projecte\/lab-social-dinamitzacio-xarxa-deconomia-social-solidaria-manlleu-2017\/"},"modified":"2017-09-13T09:37:23","modified_gmt":"2017-09-13T07:37:23","slug":"lab-social-dinamitzacio-xarxa-deconomia-social-solidaria-manlleu-2017","status":"publish","type":"projecte","link":"https:\/\/indic.cat\/es\/projecte\/lab-social-dinamitzacio-xarxa-deconomia-social-solidaria-manlleu-2017\/","title":{"rendered":"Lab social. Dinamitzaci\u00f3 de la Xarxa d\u2019Economia Social i solid\u00e0ria de Manlleu (2017)"},"content":{"rendered":"<p>En el marc de treball de la <strong>Xarxa d&#8217;economia social i solid\u00e0ria de Manlleu<\/strong>, l&#8217;any 2017 es va plantejar un projecte per la creaci\u00f3 d\u2019un espai estable din\u00e0mic, el <em>Lab social<\/em>,\u00a0 el qual permet\u00e9s generar projectes concrets i nous productes per a generar activitat econ\u00f2mica i afavorir la creaci\u00f3 de llocs de treball mitjan\u00e7ant din\u00e0miques de treball creatives. Els objectius eren:<\/p>\n<ul>\n<li><strong>Fer coneixen\u00e7a entre els diferents membres i entitats que en formen part.\u00a0<\/strong>El coneixement de les persones i entitats que formen part de la Xarxa era una bona base per aprofundir en els recursos dels que disposava La Xarxa, tan pel que fa a les actuacions que es realitzen i les finalitats que es persegueixen com pels recursos amb els que es compta, les aliances existents, etc.<\/li>\n<li><strong>Aportar coneixement de les l\u00ednies, idees i projectes de les experi\u00e8ncies pr\u00e8vies realitzades al municipi.\u00a0<\/strong>Manlleu ja estava treballant diferents projectes que posen llum a \u00e0mbits amb necessitats o potencial d\u2019intervenci\u00f3 en el territori respostes a oportunitats trobades, les quals, sense exercir d\u2019elements limitadors, havien de ser la base inspiradora de la reflexi\u00f3 inicial.<\/li>\n<\/ul>\n<ul>\n<li><strong>Crear un escenari din\u00e0mic i creatiu que permet\u00e9s generar nous projectes i noves mirades sobre propostes d\u2019acci\u00f3 en el territori.\u00a0<\/strong>La din\u00e0mica de treball va permetre anar m\u00e9s enll\u00e0 de les reflexions habitualment compartides, en clau de joc generador d\u2019idees, potenciant la creativitat per\u00f2 afavorint la concreci\u00f3 d\u2019idees.<\/li>\n<\/ul>\n<ul>\n<li><strong>Experimentar una metodologia de treball que pogu\u00e9s ser utilitzada en altres sessions de Lab social.\u00a0<\/strong>Aquestes sessions pretenien ser \u00fatils per la continu\u00eftat dels Labs socials a trav\u00e9s de l\u2019experimentaci\u00f3, cercant una manera de fer que permet\u00e9s treballar en espais creatius i oberts.<\/li>\n<\/ul>\n<p>La metodologia es va articular en dues sessions de Lab social.<\/p>\n","protected":false},"excerpt":{"rendered":"<p>En el marc de treball de la Xarxa d&#8217;economia social i solid\u00e0ria de Manlleu, l&#8217;any 2017 es va plantejar un projecte per la creaci\u00f3 d\u2019un espai estable din\u00e0mic, el Lab social,\u00a0 el qual permet\u00e9s generar projectes concrets i nous productes per a generar activitat econ\u00f2mica i afavorir la creaci\u00f3 de llocs de treball mitjan\u00e7ant din\u00e0miques [&hellip;]<\/p>\n","protected":false},"featured_media":2658,"menu_order":0,"template":"","meta":{"_acf_changed":false,"footnotes":""},"categoria-servei":[20],"class_list":["post-2974","projecte","type-projecte","status-publish","has-post-thumbnail","hentry","categoria-servei-gestion-participativa-organizaciones-y-empresas"],"acf":[],"yoast_head":"<!-- This site is optimized with the Yoast SEO plugin v27.4 - https:\/\/yoast.com\/product\/yoast-seo-wordpress\/ -->\n<title>Lab social. Dinamitzaci\u00f3 de la Xarxa d\u2019Economia Social i solid\u00e0ria de Manlleu (2017) - My CMS<\/title>\n<meta name=\"robots\" content=\"index, follow, max-snippet:-1, max-image-preview:large, max-video-preview:-1\" \/>\n<link rel=\"canonical\" href=\"https:\/\/indic.cat\/es\/projecte\/lab-social-dinamitzacio-xarxa-deconomia-social-solidaria-manlleu-2017\/\" \/>\n<meta property=\"og:locale\" content=\"es_ES\" \/>\n<meta property=\"og:type\" content=\"article\" \/>\n<meta property=\"og:title\" content=\"Lab social. Dinamitzaci\u00f3 de la Xarxa d\u2019Economia Social i solid\u00e0ria de Manlleu (2017) - My CMS\" \/>\n<meta property=\"og:description\" content=\"En el marc de treball de la Xarxa d&#8217;economia social i solid\u00e0ria de Manlleu, l&#8217;any 2017 es va plantejar un projecte per la creaci\u00f3 d\u2019un espai estable din\u00e0mic, el Lab social,\u00a0 el qual permet\u00e9s generar projectes concrets i nous productes per a generar activitat econ\u00f2mica i afavorir la creaci\u00f3 de llocs de treball mitjan\u00e7ant din\u00e0miques [&hellip;]\" \/>\n<meta property=\"og:url\" content=\"https:\/\/indic.cat\/es\/projecte\/lab-social-dinamitzacio-xarxa-deconomia-social-solidaria-manlleu-2017\/\" \/>\n<meta property=\"og:site_name\" content=\"My CMS\" \/>\n<meta property=\"article:publisher\" content=\"https:\/\/www.facebook.com\/Indic-Iniciatives-i-Din%c3%a0miques-Comunit%c3%a0ries-362170033806658\/\" \/>\n<meta property=\"og:image\" content=\"https:\/\/indic.cat\/wp-content\/uploads\/2017\/09\/IMG_20161201_180358-1024x768.jpg\" \/>\n\t<meta property=\"og:image:width\" content=\"1024\" \/>\n\t<meta property=\"og:image:height\" content=\"768\" \/>\n\t<meta property=\"og:image:type\" content=\"image\/jpeg\" \/>\n<meta name=\"twitter:card\" content=\"summary_large_image\" \/>\n<meta name=\"twitter:site\" content=\"@IndicSL\" \/>\n<meta name=\"twitter:label1\" content=\"Tiempo de lectura\" \/>\n\t<meta name=\"twitter:data1\" content=\"2 minutos\" \/>\n<script type=\"application\/ld+json\" class=\"yoast-schema-graph\">{\"@context\":\"https:\\\/\\\/schema.org\",\"@graph\":[{\"@type\":\"WebPage\",\"@id\":\"https:\\\/\\\/indic.cat\\\/es\\\/projecte\\\/lab-social-dinamitzacio-xarxa-deconomia-social-solidaria-manlleu-2017\\\/\",\"url\":\"https:\\\/\\\/indic.cat\\\/es\\\/projecte\\\/lab-social-dinamitzacio-xarxa-deconomia-social-solidaria-manlleu-2017\\\/\",\"name\":\"Lab social. Dinamitzaci\u00f3 de la Xarxa d\u2019Economia Social i solid\u00e0ria de Manlleu (2017) - My CMS\",\"isPartOf\":{\"@id\":\"https:\\\/\\\/indic.cat\\\/#website\"},\"primaryImageOfPage\":{\"@id\":\"https:\\\/\\\/indic.cat\\\/es\\\/projecte\\\/lab-social-dinamitzacio-xarxa-deconomia-social-solidaria-manlleu-2017\\\/#primaryimage\"},\"image\":{\"@id\":\"https:\\\/\\\/indic.cat\\\/es\\\/projecte\\\/lab-social-dinamitzacio-xarxa-deconomia-social-solidaria-manlleu-2017\\\/#primaryimage\"},\"thumbnailUrl\":\"https:\\\/\\\/indic.cat\\\/wp-content\\\/uploads\\\/2017\\\/09\\\/IMG_20161201_180358.jpg\",\"datePublished\":\"2017-09-13T07:37:23+00:00\",\"breadcrumb\":{\"@id\":\"https:\\\/\\\/indic.cat\\\/es\\\/projecte\\\/lab-social-dinamitzacio-xarxa-deconomia-social-solidaria-manlleu-2017\\\/#breadcrumb\"},\"inLanguage\":\"es\",\"potentialAction\":[{\"@type\":\"ReadAction\",\"target\":[\"https:\\\/\\\/indic.cat\\\/es\\\/projecte\\\/lab-social-dinamitzacio-xarxa-deconomia-social-solidaria-manlleu-2017\\\/\"]}]},{\"@type\":\"ImageObject\",\"inLanguage\":\"es\",\"@id\":\"https:\\\/\\\/indic.cat\\\/es\\\/projecte\\\/lab-social-dinamitzacio-xarxa-deconomia-social-solidaria-manlleu-2017\\\/#primaryimage\",\"url\":\"https:\\\/\\\/indic.cat\\\/wp-content\\\/uploads\\\/2017\\\/09\\\/IMG_20161201_180358.jpg\",\"contentUrl\":\"https:\\\/\\\/indic.cat\\\/wp-content\\\/uploads\\\/2017\\\/09\\\/IMG_20161201_180358.jpg\",\"width\":737,\"height\":553},{\"@type\":\"BreadcrumbList\",\"@id\":\"https:\\\/\\\/indic.cat\\\/es\\\/projecte\\\/lab-social-dinamitzacio-xarxa-deconomia-social-solidaria-manlleu-2017\\\/#breadcrumb\",\"itemListElement\":[{\"@type\":\"ListItem\",\"position\":1,\"name\":\"Inici\",\"item\":\"https:\\\/\\\/indic.cat\\\/es\\\/iniciativas-y-dinamicas-comunitarias\\\/\"},{\"@type\":\"ListItem\",\"position\":2,\"name\":\"Projectes\",\"item\":\"https:\\\/\\\/indic.cat\\\/projecte\\\/\"},{\"@type\":\"ListItem\",\"position\":3,\"name\":\"Lab social. Dinamitzaci\u00f3 de la Xarxa d\u2019Economia Social i solid\u00e0ria de Manlleu (2017)\"}]},{\"@type\":\"WebSite\",\"@id\":\"https:\\\/\\\/indic.cat\\\/#website\",\"url\":\"https:\\\/\\\/indic.cat\\\/\",\"name\":\"My CMS\",\"description\":\"Iniciatives i din\u00e0miques comunit\u00e0ries\",\"potentialAction\":[{\"@type\":\"SearchAction\",\"target\":{\"@type\":\"EntryPoint\",\"urlTemplate\":\"https:\\\/\\\/indic.cat\\\/?s={search_term_string}\"},\"query-input\":{\"@type\":\"PropertyValueSpecification\",\"valueRequired\":true,\"valueName\":\"search_term_string\"}}],\"inLanguage\":\"es\"}]}<\/script>\n<!-- \/ Yoast SEO plugin. -->","yoast_head_json":{"title":"Lab social. Dinamitzaci\u00f3 de la Xarxa d\u2019Economia Social i solid\u00e0ria de Manlleu (2017) - My CMS","robots":{"index":"index","follow":"follow","max-snippet":"max-snippet:-1","max-image-preview":"max-image-preview:large","max-video-preview":"max-video-preview:-1"},"canonical":"https:\/\/indic.cat\/es\/projecte\/lab-social-dinamitzacio-xarxa-deconomia-social-solidaria-manlleu-2017\/","og_locale":"es_ES","og_type":"article","og_title":"Lab social. Dinamitzaci\u00f3 de la Xarxa d\u2019Economia Social i solid\u00e0ria de Manlleu (2017) - My CMS","og_description":"En el marc de treball de la Xarxa d&#8217;economia social i solid\u00e0ria de Manlleu, l&#8217;any 2017 es va plantejar un projecte per la creaci\u00f3 d\u2019un espai estable din\u00e0mic, el Lab social,\u00a0 el qual permet\u00e9s generar projectes concrets i nous productes per a generar activitat econ\u00f2mica i afavorir la creaci\u00f3 de llocs de treball mitjan\u00e7ant din\u00e0miques [&hellip;]","og_url":"https:\/\/indic.cat\/es\/projecte\/lab-social-dinamitzacio-xarxa-deconomia-social-solidaria-manlleu-2017\/","og_site_name":"My CMS","article_publisher":"https:\/\/www.facebook.com\/Indic-Iniciatives-i-Din%c3%a0miques-Comunit%c3%a0ries-362170033806658\/","og_image":[{"width":1024,"height":768,"url":"https:\/\/indic.cat\/wp-content\/uploads\/2017\/09\/IMG_20161201_180358-1024x768.jpg","type":"image\/jpeg"}],"twitter_card":"summary_large_image","twitter_site":"@IndicSL","twitter_misc":{"Tiempo de lectura":"2 minutos"},"schema":{"@context":"https:\/\/schema.org","@graph":[{"@type":"WebPage","@id":"https:\/\/indic.cat\/es\/projecte\/lab-social-dinamitzacio-xarxa-deconomia-social-solidaria-manlleu-2017\/","url":"https:\/\/indic.cat\/es\/projecte\/lab-social-dinamitzacio-xarxa-deconomia-social-solidaria-manlleu-2017\/","name":"Lab social. Dinamitzaci\u00f3 de la Xarxa d\u2019Economia Social i solid\u00e0ria de Manlleu (2017) - My CMS","isPartOf":{"@id":"https:\/\/indic.cat\/#website"},"primaryImageOfPage":{"@id":"https:\/\/indic.cat\/es\/projecte\/lab-social-dinamitzacio-xarxa-deconomia-social-solidaria-manlleu-2017\/#primaryimage"},"image":{"@id":"https:\/\/indic.cat\/es\/projecte\/lab-social-dinamitzacio-xarxa-deconomia-social-solidaria-manlleu-2017\/#primaryimage"},"thumbnailUrl":"https:\/\/indic.cat\/wp-content\/uploads\/2017\/09\/IMG_20161201_180358.jpg","datePublished":"2017-09-13T07:37:23+00:00","breadcrumb":{"@id":"https:\/\/indic.cat\/es\/projecte\/lab-social-dinamitzacio-xarxa-deconomia-social-solidaria-manlleu-2017\/#breadcrumb"},"inLanguage":"es","potentialAction":[{"@type":"ReadAction","target":["https:\/\/indic.cat\/es\/projecte\/lab-social-dinamitzacio-xarxa-deconomia-social-solidaria-manlleu-2017\/"]}]},{"@type":"ImageObject","inLanguage":"es","@id":"https:\/\/indic.cat\/es\/projecte\/lab-social-dinamitzacio-xarxa-deconomia-social-solidaria-manlleu-2017\/#primaryimage","url":"https:\/\/indic.cat\/wp-content\/uploads\/2017\/09\/IMG_20161201_180358.jpg","contentUrl":"https:\/\/indic.cat\/wp-content\/uploads\/2017\/09\/IMG_20161201_180358.jpg","width":737,"height":553},{"@type":"BreadcrumbList","@id":"https:\/\/indic.cat\/es\/projecte\/lab-social-dinamitzacio-xarxa-deconomia-social-solidaria-manlleu-2017\/#breadcrumb","itemListElement":[{"@type":"ListItem","position":1,"name":"Inici","item":"https:\/\/indic.cat\/es\/iniciativas-y-dinamicas-comunitarias\/"},{"@type":"ListItem","position":2,"name":"Projectes","item":"https:\/\/indic.cat\/projecte\/"},{"@type":"ListItem","position":3,"name":"Lab social. Dinamitzaci\u00f3 de la Xarxa d\u2019Economia Social i solid\u00e0ria de Manlleu (2017)"}]},{"@type":"WebSite","@id":"https:\/\/indic.cat\/#website","url":"https:\/\/indic.cat\/","name":"My CMS","description":"Iniciatives i din\u00e0miques comunit\u00e0ries","potentialAction":[{"@type":"SearchAction","target":{"@type":"EntryPoint","urlTemplate":"https:\/\/indic.cat\/?s={search_term_string}"},"query-input":{"@type":"PropertyValueSpecification","valueRequired":true,"valueName":"search_term_string"}}],"inLanguage":"es"}]}},"_links":{"self":[{"href":"https:\/\/indic.cat\/es\/wp-json\/wp\/v2\/projecte\/2974","targetHints":{"allow":["GET"]}}],"collection":[{"href":"https:\/\/indic.cat\/es\/wp-json\/wp\/v2\/projecte"}],"about":[{"href":"https:\/\/indic.cat\/es\/wp-json\/wp\/v2\/types\/projecte"}],"version-history":[{"count":1,"href":"https:\/\/indic.cat\/es\/wp-json\/wp\/v2\/projecte\/2974\/revisions"}],"predecessor-version":[{"id":2975,"href":"https:\/\/indic.cat\/es\/wp-json\/wp\/v2\/projecte\/2974\/revisions\/2975"}],"wp:featuredmedia":[{"embeddable":true,"href":"https:\/\/indic.cat\/es\/wp-json\/wp\/v2\/media\/2658"}],"wp:attachment":[{"href":"https:\/\/indic.cat\/es\/wp-json\/wp\/v2\/media?parent=2974"}],"wp:term":[{"taxonomy":"categoria-servei","embeddable":true,"href":"https:\/\/indic.cat\/es\/wp-json\/wp\/v2\/categoria-servei?post=2974"}],"curies":[{"name":"wp","href":"https:\/\/api.w.org\/{rel}","templated":true}]}}

Lab social. Dinamització de la Xarxa d’Economia Social i solidària de Manlleu (2017)

<p>En el marc de treball de la <strong>Xarxa d&#8217;economia social i solidària de Manlleu</strong>, l&#8217;any 2017 es va plantejar un projecte per la creació d’un espai estable dinàmic, el <em>Lab social</em>,  el qual permetés generar projectes concrets i nous productes per a generar activitat econòmica i afavorir la creació de llocs de treball mitjançant dinàmiques de treball creatives. Els objectius eren:</p>
<ul>
<li><strong>Fer coneixença entre els diferents membres i entitats que en formen part. </strong>El coneixement de les persones i entitats que formen part de la Xarxa era una bona base per aprofundir en els recursos dels que disposava La Xarxa, tan pel que fa a les actuacions que es realitzen i les finalitats que es persegueixen com pels recursos amb els que es compta, les aliances existents, etc.</li>
<li><strong>Aportar coneixement de les línies, idees i projectes de les experiències prèvies realitzades al municipi. </strong>Manlleu ja estava treballant diferents projectes que posen llum a àmbits amb necessitats o potencial d’intervenció en el territori respostes a oportunitats trobades, les quals, sense exercir d’elements limitadors, havien de ser la base inspiradora de la reflexió inicial.</li>
</ul>
<ul>
<li><strong>Crear un escenari dinàmic i creatiu que permetés generar nous projectes i noves mirades sobre propostes d’acció en el territori. </strong>La dinàmica de treball va permetre anar més enllà de les reflexions habitualment compartides, en clau de joc generador d’idees, potenciant la creativitat però afavorint la concreció d’idees.</li>
</ul>
<ul>
<li><strong>Experimentar una metodologia de treball que pogués ser utilitzada en altres sessions de Lab social. </strong>Aquestes sessions pretenien ser útils per la continuïtat dels Labs socials a través de l’experimentació, cercant una manera de fer que permetés treballar en espais creatius i oberts.</li>
</ul>
<p>La metodologia es va articular en dues sessions de Lab social.</p>

<p>En el marc de treball de la Xarxa d&#8217;economia social i solidària de Manlleu, l&#8217;any 2017 es va plantejar un projecte per la creació d’un espai estable dinàmic, el Lab social,  el qual permetés generar projectes concrets i nous productes per a generar activitat econòmica i afavorir la creació de llocs de treball mitjançant dinàmiques [&hellip;]</p>

<!-- This site is optimized with the Yoast SEO plugin v27.4 - https://yoast.com/product/yoast-seo-wordpress/ -->
<title>Lab social. Dinamització de la Xarxa d’Economia Social i solidària de Manlleu (2017) - My CMS</title>
<meta name="robots" content="index, follow, max-snippet:-1, max-image-preview:large, max-video-preview:-1" />
<link rel="canonical" href="https://indic.cat/es/projecte/lab-social-dinamitzacio-xarxa-deconomia-social-solidaria-manlleu-2017/" />
<meta property="og:locale" content="es_ES" />
<meta property="og:type" content="article" />
<meta property="og:title" content="Lab social. Dinamització de la Xarxa d’Economia Social i solidària de Manlleu (2017) - My CMS" />
<meta property="og:description" content="En el marc de treball de la Xarxa d&#8217;economia social i solidària de Manlleu, l&#8217;any 2017 es va plantejar un projecte per la creació d’un espai estable dinàmic, el Lab social,  el qual permetés generar projectes concrets i nous productes per a generar activitat econòmica i afavorir la creació de llocs de treball mitjançant dinàmiques [&hellip;]" />
<meta property="og:url" content="https://indic.cat/es/projecte/lab-social-dinamitzacio-xarxa-deconomia-social-solidaria-manlleu-2017/" />
<meta property="og:site_name" content="My CMS" />
<meta property="article:publisher" content="https://www.facebook.com/Indic-Iniciatives-i-Din%c3%a0miques-Comunit%c3%a0ries-362170033806658/" />
<meta property="og:image" content="https://indic.cat/wp-content/uploads/2017/09/IMG_20161201_180358-1024x768.jpg" />
	<meta property="og:image:width" content="1024" />
	<meta property="og:image:height" content="768" />
	<meta property="og:image:type" content="image/jpeg" />
<meta name="twitter:card" content="summary_large_image" />
<meta name="twitter:site" content="@IndicSL" />
<meta name="twitter:label1" content="Tiempo de lectura" />
	<meta name="twitter:data1" content="2 minutos" />
<script type="application/ld+json" class="yoast-schema-graph">{"@context":"https:\/\/schema.org","@graph":[{"@type":"WebPage","@id":"https:\/\/indic.cat\/es\/projecte\/lab-social-dinamitzacio-xarxa-deconomia-social-solidaria-manlleu-2017\/","url":"https:\/\/indic.cat\/es\/projecte\/lab-social-dinamitzacio-xarxa-deconomia-social-solidaria-manlleu-2017\/","name":"Lab social. Dinamització de la Xarxa d’Economia Social i solidària de Manlleu (2017) - My CMS","isPartOf":{"@id":"https:\/\/indic.cat\/#website"},"primaryImageOfPage":{"@id":"https:\/\/indic.cat\/es\/projecte\/lab-social-dinamitzacio-xarxa-deconomia-social-solidaria-manlleu-2017\/#primaryimage"},"image":{"@id":"https:\/\/indic.cat\/es\/projecte\/lab-social-dinamitzacio-xarxa-deconomia-social-solidaria-manlleu-2017\/#primaryimage"},"thumbnailUrl":"https:\/\/indic.cat\/wp-content\/uploads\/2017\/09\/IMG_20161201_180358.jpg","datePublished":"2017-09-13T07:37:23+00:00","breadcrumb":{"@id":"https:\/\/indic.cat\/es\/projecte\/lab-social-dinamitzacio-xarxa-deconomia-social-solidaria-manlleu-2017\/#breadcrumb"},"inLanguage":"es","potentialAction":[{"@type":"ReadAction","target":["https:\/\/indic.cat\/es\/projecte\/lab-social-dinamitzacio-xarxa-deconomia-social-solidaria-manlleu-2017\/"]}]},{"@type":"ImageObject","inLanguage":"es","@id":"https:\/\/indic.cat\/es\/projecte\/lab-social-dinamitzacio-xarxa-deconomia-social-solidaria-manlleu-2017\/#primaryimage","url":"https:\/\/indic.cat\/wp-content\/uploads\/2017\/09\/IMG_20161201_180358.jpg","contentUrl":"https:\/\/indic.cat\/wp-content\/uploads\/2017\/09\/IMG_20161201_180358.jpg","width":737,"height":553},{"@type":"BreadcrumbList","@id":"https:\/\/indic.cat\/es\/projecte\/lab-social-dinamitzacio-xarxa-deconomia-social-solidaria-manlleu-2017\/#breadcrumb","itemListElement":[{"@type":"ListItem","position":1,"name":"Inici","item":"https:\/\/indic.cat\/es\/iniciativas-y-dinamicas-comunitarias\/"},{"@type":"ListItem","position":2,"name":"Projectes","item":"https:\/\/indic.cat\/projecte\/"},{"@type":"ListItem","position":3,"name":"Lab social. Dinamització de la Xarxa d’Economia Social i solidària de Manlleu (2017)"}]},{"@type":"WebSite","@id":"https:\/\/indic.cat\/#website","url":"https:\/\/indic.cat\/","name":"My CMS","description":"Iniciatives i dinàmiques comunitàries","potentialAction":[{"@type":"SearchAction","target":{"@type":"EntryPoint","urlTemplate":"https:\/\/indic.cat\/?s={search_term_string}"},"query-input":{"@type":"PropertyValueSpecification","valueRequired":true,"valueName":"search_term_string"}}],"inLanguage":"es"}]}</script>
<!-- / Yoast SEO plugin. -->

Lab social. Dinamització de la Xarxa d’Economia Social i solidària de Manlleu (2017) - My CMS

En el marc de treball de la Xarxa d&#8217;economia social i solidària de Manlleu, l&#8217;any 2017 es va plantejar un projecte per la creació d’un espai estable dinàmic, el Lab social,  el qual permetés generar projectes concrets i nous productes per a generar activitat econòmica i afavorir la creació de llocs de treball mitjançant dinàmiques [&hellip;]

Iniciatives i dinàmiques comunitàries
