{"id":3122,"date":"2017-08-24T09:52:22","date_gmt":"2017-08-24T07:52:22","guid":{"rendered":"http:\/\/indic.cat\/web\/projecte\/usos-dels-equipaments-rambla-canal-port-badalona\/"},"modified":"2017-10-24T11:47:56","modified_gmt":"2017-10-24T09:47:56","slug":"usos-dels-equipaments-rambla-canal-port-badalona","status":"publish","type":"projecte","link":"https:\/\/indic.cat\/es\/projecte\/usos-dels-equipaments-rambla-canal-port-badalona\/","title":{"rendered":"Usos de los equipamientos de la Rambla Canal Port de Badalona (2016)"},"content":{"rendered":"<p><span lang=\"es\">En el a\u00f1o 2016 el Ayuntamiento de Badalona inici\u00f3 un proceso participativo para posibilitar que los vecinos y vecinas conozcan y puedan incidir en c\u00f3mo se desarrollar\u00e1n los espacios y equipamientos del proyecto urban\u00edstico Rambla Canal Puerto de Badalona. <\/span><\/p>\n<p><span lang=\"es\">La voluntad municipal era ir abriendo a debate con la ciudadan\u00eda los diferentes \u00e1mbitos del desarrollo del proyecto, la movilidad y la accesibilidad al espacio p\u00fablico, el dise\u00f1o de los equipamientos, la gesti\u00f3n de los equipamientos, etc. <\/span><\/p>\n<p><span lang=\"es\">En el marco de este proceso se celebr\u00f3 una jornada de trabajo para reflexionar sobre los usos\u00a0 que deber\u00edan tener los futuros cuatro equipamientos que se ubicar\u00e1n en distintos solares de titularidad municipal comprendidos en el proyecto urban\u00edstico. <\/span><\/p>\n<p>&nbsp;<\/p>\n","protected":false},"excerpt":{"rendered":"<p>En el a\u00f1o 2016 el Ayuntamiento de Badalona inici\u00f3 un proceso participativo para posibilitar que los vecinos y vecinas conozcan y puedan incidir en c\u00f3mo se desarrollar\u00e1n los espacios y equipamientos del proyecto urban\u00edstico Rambla Canal Puerto de Badalona. La voluntad municipal era ir abriendo a debate con la ciudadan\u00eda los diferentes \u00e1mbitos del desarrollo [&hellip;]<\/p>\n","protected":false},"featured_media":2214,"menu_order":0,"template":"","meta":{"_acf_changed":false,"footnotes":""},"categoria-servei":[19],"class_list":["post-3122","projecte","type-projecte","status-publish","has-post-thumbnail","hentry","categoria-servei-consultoria-participacion"],"acf":[],"yoast_head":"<!-- This site is optimized with the Yoast SEO plugin v27.4 - https:\/\/yoast.com\/product\/yoast-seo-wordpress\/ -->\n<title>Usos de los equipamientos de la Rambla Canal Port de Badalona (2016) - My CMS<\/title>\n<meta name=\"robots\" content=\"index, follow, max-snippet:-1, max-image-preview:large, max-video-preview:-1\" \/>\n<link rel=\"canonical\" href=\"https:\/\/indic.cat\/es\/projecte\/usos-dels-equipaments-rambla-canal-port-badalona\/\" \/>\n<meta property=\"og:locale\" content=\"es_ES\" \/>\n<meta property=\"og:type\" content=\"article\" \/>\n<meta property=\"og:title\" content=\"Usos de los equipamientos de la Rambla Canal Port de Badalona (2016) - My CMS\" \/>\n<meta property=\"og:description\" content=\"En el a\u00f1o 2016 el Ayuntamiento de Badalona inici\u00f3 un proceso participativo para posibilitar que los vecinos y vecinas conozcan y puedan incidir en c\u00f3mo se desarrollar\u00e1n los espacios y equipamientos del proyecto urban\u00edstico Rambla Canal Puerto de Badalona. La voluntad municipal era ir abriendo a debate con la ciudadan\u00eda los diferentes \u00e1mbitos del desarrollo [&hellip;]\" \/>\n<meta property=\"og:url\" content=\"https:\/\/indic.cat\/es\/projecte\/usos-dels-equipaments-rambla-canal-port-badalona\/\" \/>\n<meta property=\"og:site_name\" content=\"My CMS\" \/>\n<meta property=\"article:publisher\" content=\"https:\/\/www.facebook.com\/Indic-Iniciatives-i-Din%c3%a0miques-Comunit%c3%a0ries-362170033806658\/\" \/>\n<meta property=\"article:modified_time\" content=\"2017-10-24T09:47:56+00:00\" \/>\n<meta property=\"og:image\" content=\"https:\/\/indic.cat\/wp-content\/uploads\/2017\/08\/IMG_20160227_091516-Copy.jpg\" \/>\n\t<meta property=\"og:image:width\" content=\"737\" \/>\n\t<meta property=\"og:image:height\" content=\"553\" \/>\n\t<meta property=\"og:image:type\" content=\"image\/jpeg\" \/>\n<meta name=\"twitter:card\" content=\"summary_large_image\" \/>\n<meta name=\"twitter:site\" content=\"@IndicSL\" \/>\n<meta name=\"twitter:label1\" content=\"Tiempo de lectura\" \/>\n\t<meta name=\"twitter:data1\" content=\"1 minuto\" \/>\n<script type=\"application\/ld+json\" class=\"yoast-schema-graph\">{\"@context\":\"https:\\\/\\\/schema.org\",\"@graph\":[{\"@type\":\"WebPage\",\"@id\":\"https:\\\/\\\/indic.cat\\\/es\\\/projecte\\\/usos-dels-equipaments-rambla-canal-port-badalona\\\/\",\"url\":\"https:\\\/\\\/indic.cat\\\/es\\\/projecte\\\/usos-dels-equipaments-rambla-canal-port-badalona\\\/\",\"name\":\"Usos de los equipamientos de la Rambla Canal Port de Badalona (2016) - My CMS\",\"isPartOf\":{\"@id\":\"https:\\\/\\\/indic.cat\\\/#website\"},\"primaryImageOfPage\":{\"@id\":\"https:\\\/\\\/indic.cat\\\/es\\\/projecte\\\/usos-dels-equipaments-rambla-canal-port-badalona\\\/#primaryimage\"},\"image\":{\"@id\":\"https:\\\/\\\/indic.cat\\\/es\\\/projecte\\\/usos-dels-equipaments-rambla-canal-port-badalona\\\/#primaryimage\"},\"thumbnailUrl\":\"https:\\\/\\\/indic.cat\\\/wp-content\\\/uploads\\\/2017\\\/08\\\/IMG_20160227_091516-Copy.jpg\",\"datePublished\":\"2017-08-24T07:52:22+00:00\",\"dateModified\":\"2017-10-24T09:47:56+00:00\",\"breadcrumb\":{\"@id\":\"https:\\\/\\\/indic.cat\\\/es\\\/projecte\\\/usos-dels-equipaments-rambla-canal-port-badalona\\\/#breadcrumb\"},\"inLanguage\":\"es\",\"potentialAction\":[{\"@type\":\"ReadAction\",\"target\":[\"https:\\\/\\\/indic.cat\\\/es\\\/projecte\\\/usos-dels-equipaments-rambla-canal-port-badalona\\\/\"]}]},{\"@type\":\"ImageObject\",\"inLanguage\":\"es\",\"@id\":\"https:\\\/\\\/indic.cat\\\/es\\\/projecte\\\/usos-dels-equipaments-rambla-canal-port-badalona\\\/#primaryimage\",\"url\":\"https:\\\/\\\/indic.cat\\\/wp-content\\\/uploads\\\/2017\\\/08\\\/IMG_20160227_091516-Copy.jpg\",\"contentUrl\":\"https:\\\/\\\/indic.cat\\\/wp-content\\\/uploads\\\/2017\\\/08\\\/IMG_20160227_091516-Copy.jpg\",\"width\":737,\"height\":553},{\"@type\":\"BreadcrumbList\",\"@id\":\"https:\\\/\\\/indic.cat\\\/es\\\/projecte\\\/usos-dels-equipaments-rambla-canal-port-badalona\\\/#breadcrumb\",\"itemListElement\":[{\"@type\":\"ListItem\",\"position\":1,\"name\":\"Inici\",\"item\":\"https:\\\/\\\/indic.cat\\\/es\\\/iniciativas-y-dinamicas-comunitarias\\\/\"},{\"@type\":\"ListItem\",\"position\":2,\"name\":\"Projectes\",\"item\":\"https:\\\/\\\/indic.cat\\\/projecte\\\/\"},{\"@type\":\"ListItem\",\"position\":3,\"name\":\"Usos de los equipamientos de la Rambla Canal Port de Badalona (2016)\"}]},{\"@type\":\"WebSite\",\"@id\":\"https:\\\/\\\/indic.cat\\\/#website\",\"url\":\"https:\\\/\\\/indic.cat\\\/\",\"name\":\"My CMS\",\"description\":\"Iniciatives i din\u00e0miques comunit\u00e0ries\",\"potentialAction\":[{\"@type\":\"SearchAction\",\"target\":{\"@type\":\"EntryPoint\",\"urlTemplate\":\"https:\\\/\\\/indic.cat\\\/?s={search_term_string}\"},\"query-input\":{\"@type\":\"PropertyValueSpecification\",\"valueRequired\":true,\"valueName\":\"search_term_string\"}}],\"inLanguage\":\"es\"}]}<\/script>\n<!-- \/ Yoast SEO plugin. -->","yoast_head_json":{"title":"Usos de los equipamientos de la Rambla Canal Port de Badalona (2016) - My CMS","robots":{"index":"index","follow":"follow","max-snippet":"max-snippet:-1","max-image-preview":"max-image-preview:large","max-video-preview":"max-video-preview:-1"},"canonical":"https:\/\/indic.cat\/es\/projecte\/usos-dels-equipaments-rambla-canal-port-badalona\/","og_locale":"es_ES","og_type":"article","og_title":"Usos de los equipamientos de la Rambla Canal Port de Badalona (2016) - My CMS","og_description":"En el a\u00f1o 2016 el Ayuntamiento de Badalona inici\u00f3 un proceso participativo para posibilitar que los vecinos y vecinas conozcan y puedan incidir en c\u00f3mo se desarrollar\u00e1n los espacios y equipamientos del proyecto urban\u00edstico Rambla Canal Puerto de Badalona. La voluntad municipal era ir abriendo a debate con la ciudadan\u00eda los diferentes \u00e1mbitos del desarrollo [&hellip;]","og_url":"https:\/\/indic.cat\/es\/projecte\/usos-dels-equipaments-rambla-canal-port-badalona\/","og_site_name":"My CMS","article_publisher":"https:\/\/www.facebook.com\/Indic-Iniciatives-i-Din%c3%a0miques-Comunit%c3%a0ries-362170033806658\/","article_modified_time":"2017-10-24T09:47:56+00:00","og_image":[{"width":737,"height":553,"url":"https:\/\/indic.cat\/wp-content\/uploads\/2017\/08\/IMG_20160227_091516-Copy.jpg","type":"image\/jpeg"}],"twitter_card":"summary_large_image","twitter_site":"@IndicSL","twitter_misc":{"Tiempo de lectura":"1 minuto"},"schema":{"@context":"https:\/\/schema.org","@graph":[{"@type":"WebPage","@id":"https:\/\/indic.cat\/es\/projecte\/usos-dels-equipaments-rambla-canal-port-badalona\/","url":"https:\/\/indic.cat\/es\/projecte\/usos-dels-equipaments-rambla-canal-port-badalona\/","name":"Usos de los equipamientos de la Rambla Canal Port de Badalona (2016) - My CMS","isPartOf":{"@id":"https:\/\/indic.cat\/#website"},"primaryImageOfPage":{"@id":"https:\/\/indic.cat\/es\/projecte\/usos-dels-equipaments-rambla-canal-port-badalona\/#primaryimage"},"image":{"@id":"https:\/\/indic.cat\/es\/projecte\/usos-dels-equipaments-rambla-canal-port-badalona\/#primaryimage"},"thumbnailUrl":"https:\/\/indic.cat\/wp-content\/uploads\/2017\/08\/IMG_20160227_091516-Copy.jpg","datePublished":"2017-08-24T07:52:22+00:00","dateModified":"2017-10-24T09:47:56+00:00","breadcrumb":{"@id":"https:\/\/indic.cat\/es\/projecte\/usos-dels-equipaments-rambla-canal-port-badalona\/#breadcrumb"},"inLanguage":"es","potentialAction":[{"@type":"ReadAction","target":["https:\/\/indic.cat\/es\/projecte\/usos-dels-equipaments-rambla-canal-port-badalona\/"]}]},{"@type":"ImageObject","inLanguage":"es","@id":"https:\/\/indic.cat\/es\/projecte\/usos-dels-equipaments-rambla-canal-port-badalona\/#primaryimage","url":"https:\/\/indic.cat\/wp-content\/uploads\/2017\/08\/IMG_20160227_091516-Copy.jpg","contentUrl":"https:\/\/indic.cat\/wp-content\/uploads\/2017\/08\/IMG_20160227_091516-Copy.jpg","width":737,"height":553},{"@type":"BreadcrumbList","@id":"https:\/\/indic.cat\/es\/projecte\/usos-dels-equipaments-rambla-canal-port-badalona\/#breadcrumb","itemListElement":[{"@type":"ListItem","position":1,"name":"Inici","item":"https:\/\/indic.cat\/es\/iniciativas-y-dinamicas-comunitarias\/"},{"@type":"ListItem","position":2,"name":"Projectes","item":"https:\/\/indic.cat\/projecte\/"},{"@type":"ListItem","position":3,"name":"Usos de los equipamientos de la Rambla Canal Port de Badalona (2016)"}]},{"@type":"WebSite","@id":"https:\/\/indic.cat\/#website","url":"https:\/\/indic.cat\/","name":"My CMS","description":"Iniciatives i din\u00e0miques comunit\u00e0ries","potentialAction":[{"@type":"SearchAction","target":{"@type":"EntryPoint","urlTemplate":"https:\/\/indic.cat\/?s={search_term_string}"},"query-input":{"@type":"PropertyValueSpecification","valueRequired":true,"valueName":"search_term_string"}}],"inLanguage":"es"}]}},"_links":{"self":[{"href":"https:\/\/indic.cat\/es\/wp-json\/wp\/v2\/projecte\/3122","targetHints":{"allow":["GET"]}}],"collection":[{"href":"https:\/\/indic.cat\/es\/wp-json\/wp\/v2\/projecte"}],"about":[{"href":"https:\/\/indic.cat\/es\/wp-json\/wp\/v2\/types\/projecte"}],"version-history":[{"count":3,"href":"https:\/\/indic.cat\/es\/wp-json\/wp\/v2\/projecte\/3122\/revisions"}],"predecessor-version":[{"id":3125,"href":"https:\/\/indic.cat\/es\/wp-json\/wp\/v2\/projecte\/3122\/revisions\/3125"}],"wp:featuredmedia":[{"embeddable":true,"href":"https:\/\/indic.cat\/es\/wp-json\/wp\/v2\/media\/2214"}],"wp:attachment":[{"href":"https:\/\/indic.cat\/es\/wp-json\/wp\/v2\/media?parent=3122"}],"wp:term":[{"taxonomy":"categoria-servei","embeddable":true,"href":"https:\/\/indic.cat\/es\/wp-json\/wp\/v2\/categoria-servei?post=3122"}],"curies":[{"name":"wp","href":"https:\/\/api.w.org\/{rel}","templated":true}]}}

<p><span lang="es">En el año 2016 el Ayuntamiento de Badalona inició un proceso participativo para posibilitar que los vecinos y vecinas conozcan y puedan incidir en cómo se desarrollarán los espacios y equipamientos del proyecto urbanístico Rambla Canal Puerto de Badalona. </span></p>
<p><span lang="es">La voluntad municipal era ir abriendo a debate con la ciudadanía los diferentes ámbitos del desarrollo del proyecto, la movilidad y la accesibilidad al espacio público, el diseño de los equipamientos, la gestión de los equipamientos, etc. </span></p>
<p><span lang="es">En el marco de este proceso se celebró una jornada de trabajo para reflexionar sobre los usos  que deberían tener los futuros cuatro equipamientos que se ubicarán en distintos solares de titularidad municipal comprendidos en el proyecto urbanístico. </span></p>
<p>&nbsp;</p>

<p>En el año 2016 el Ayuntamiento de Badalona inició un proceso participativo para posibilitar que los vecinos y vecinas conozcan y puedan incidir en cómo se desarrollarán los espacios y equipamientos del proyecto urbanístico Rambla Canal Puerto de Badalona. La voluntad municipal era ir abriendo a debate con la ciudadanía los diferentes ámbitos del desarrollo [&hellip;]</p>

<!-- This site is optimized with the Yoast SEO plugin v27.4 - https://yoast.com/product/yoast-seo-wordpress/ -->
<title>Usos de los equipamientos de la Rambla Canal Port de Badalona (2016) - My CMS</title>
<meta name="robots" content="index, follow, max-snippet:-1, max-image-preview:large, max-video-preview:-1" />
<link rel="canonical" href="https://indic.cat/es/projecte/usos-dels-equipaments-rambla-canal-port-badalona/" />
<meta property="og:locale" content="es_ES" />
<meta property="og:type" content="article" />
<meta property="og:title" content="Usos de los equipamientos de la Rambla Canal Port de Badalona (2016) - My CMS" />
<meta property="og:description" content="En el año 2016 el Ayuntamiento de Badalona inició un proceso participativo para posibilitar que los vecinos y vecinas conozcan y puedan incidir en cómo se desarrollarán los espacios y equipamientos del proyecto urbanístico Rambla Canal Puerto de Badalona. La voluntad municipal era ir abriendo a debate con la ciudadanía los diferentes ámbitos del desarrollo [&hellip;]" />
<meta property="og:url" content="https://indic.cat/es/projecte/usos-dels-equipaments-rambla-canal-port-badalona/" />
<meta property="og:site_name" content="My CMS" />
<meta property="article:publisher" content="https://www.facebook.com/Indic-Iniciatives-i-Din%c3%a0miques-Comunit%c3%a0ries-362170033806658/" />
<meta property="article:modified_time" content="2017-10-24T09:47:56+00:00" />
<meta property="og:image" content="https://indic.cat/wp-content/uploads/2017/08/IMG_20160227_091516-Copy.jpg" />
	<meta property="og:image:width" content="737" />
	<meta property="og:image:height" content="553" />
	<meta property="og:image:type" content="image/jpeg" />
<meta name="twitter:card" content="summary_large_image" />
<meta name="twitter:site" content="@IndicSL" />
<meta name="twitter:label1" content="Tiempo de lectura" />
	<meta name="twitter:data1" content="1 minuto" />
<script type="application/ld+json" class="yoast-schema-graph">{"@context":"https:\/\/schema.org","@graph":[{"@type":"WebPage","@id":"https:\/\/indic.cat\/es\/projecte\/usos-dels-equipaments-rambla-canal-port-badalona\/","url":"https:\/\/indic.cat\/es\/projecte\/usos-dels-equipaments-rambla-canal-port-badalona\/","name":"Usos de los equipamientos de la Rambla Canal Port de Badalona (2016) - My CMS","isPartOf":{"@id":"https:\/\/indic.cat\/#website"},"primaryImageOfPage":{"@id":"https:\/\/indic.cat\/es\/projecte\/usos-dels-equipaments-rambla-canal-port-badalona\/#primaryimage"},"image":{"@id":"https:\/\/indic.cat\/es\/projecte\/usos-dels-equipaments-rambla-canal-port-badalona\/#primaryimage"},"thumbnailUrl":"https:\/\/indic.cat\/wp-content\/uploads\/2017\/08\/IMG_20160227_091516-Copy.jpg","datePublished":"2017-08-24T07:52:22+00:00","dateModified":"2017-10-24T09:47:56+00:00","breadcrumb":{"@id":"https:\/\/indic.cat\/es\/projecte\/usos-dels-equipaments-rambla-canal-port-badalona\/#breadcrumb"},"inLanguage":"es","potentialAction":[{"@type":"ReadAction","target":["https:\/\/indic.cat\/es\/projecte\/usos-dels-equipaments-rambla-canal-port-badalona\/"]}]},{"@type":"ImageObject","inLanguage":"es","@id":"https:\/\/indic.cat\/es\/projecte\/usos-dels-equipaments-rambla-canal-port-badalona\/#primaryimage","url":"https:\/\/indic.cat\/wp-content\/uploads\/2017\/08\/IMG_20160227_091516-Copy.jpg","contentUrl":"https:\/\/indic.cat\/wp-content\/uploads\/2017\/08\/IMG_20160227_091516-Copy.jpg","width":737,"height":553},{"@type":"BreadcrumbList","@id":"https:\/\/indic.cat\/es\/projecte\/usos-dels-equipaments-rambla-canal-port-badalona\/#breadcrumb","itemListElement":[{"@type":"ListItem","position":1,"name":"Inici","item":"https:\/\/indic.cat\/es\/iniciativas-y-dinamicas-comunitarias\/"},{"@type":"ListItem","position":2,"name":"Projectes","item":"https:\/\/indic.cat\/projecte\/"},{"@type":"ListItem","position":3,"name":"Usos de los equipamientos de la Rambla Canal Port de Badalona (2016)"}]},{"@type":"WebSite","@id":"https:\/\/indic.cat\/#website","url":"https:\/\/indic.cat\/","name":"My CMS","description":"Iniciatives i dinàmiques comunitàries","potentialAction":[{"@type":"SearchAction","target":{"@type":"EntryPoint","urlTemplate":"https:\/\/indic.cat\/?s={search_term_string}"},"query-input":{"@type":"PropertyValueSpecification","valueRequired":true,"valueName":"search_term_string"}}],"inLanguage":"es"}]}</script>
<!-- / Yoast SEO plugin. -->

En el año 2016 el Ayuntamiento de Badalona inició un proceso participativo para posibilitar que los vecinos y vecinas conozcan y puedan incidir en cómo se desarrollarán los espacios y equipamientos del proyecto urbanístico Rambla Canal Puerto de Badalona. La voluntad municipal era ir abriendo a debate con la ciudadanía los diferentes ámbitos del desarrollo [&hellip;]

Iniciatives i dinàmiques comunitàries
