{"id":3132,"date":"2017-08-22T12:49:48","date_gmt":"2017-08-22T10:49:48","guid":{"rendered":"http:\/\/indic.cat\/web\/projecte\/dinamitzacio-iii-forum-medi-ambient\/"},"modified":"2017-10-24T11:53:38","modified_gmt":"2017-10-24T09:53:38","slug":"dinamitzacio-iii-forum-medi-ambient","status":"publish","type":"projecte","link":"https:\/\/indic.cat\/es\/projecte\/dinamitzacio-iii-forum-medi-ambient\/","title":{"rendered":"Dinamizaci\u00f3n del III Foro de medio ambiente (2015)"},"content":{"rendered":"<p>En marzo de 2015 la Diputaci\u00f3n de Barcelona, \u200b\u200ba trav\u00e9s del \u00c1rea de Medio Ambiente, organiz\u00f3 el III Foro sobre Medio Ambiente y Mundo local. En el marco de este encuentro se organizaron diferentes talleres para ofrecer un espacio para el debate y la reflexi\u00f3n de los participantes que pudiera concluir con unos resultados concretos y que permitieran recoger propuestas y estrategias de actuaci\u00f3n futuras en cada uno de los diferentes \u00e1mbitos.<\/p>\n<p>INDIC fue la encargada de dise\u00f1ar las din\u00e1micas de trabajo y de dinamizar 8 talleres participativos sobre:<\/p>\n<ul>\n<li>Eficiencia energ\u00e9tica y energ\u00edas renovables.<\/li>\n<li>Gesti\u00f3n local del ciclo del agua.<\/li>\n<li>Mejora de la calidad ambiental<\/li>\n<li>Prevenci\u00f3n y gesti\u00f3n de residuos y<\/li>\n<li>Ccomunicaci\u00f3n 2.0<\/li>\n<li>Biodiversidad urbana y huertos urbanos.<\/li>\n<li>Compra verde y consumo responsable<\/li>\n<li>Educaci\u00f3n ambiental<\/li>\n<\/ul>\n<p>&nbsp;<\/p>\n","protected":false},"excerpt":{"rendered":"<p>En marzo de 2015 la Diputaci\u00f3n de Barcelona, \u200b\u200ba trav\u00e9s del \u00c1rea de Medio Ambiente, organiz\u00f3 el III Foro sobre Medio Ambiente y Mundo local. En el marco de este encuentro se organizaron diferentes talleres para ofrecer un espacio para el debate y la reflexi\u00f3n de los participantes que pudiera concluir con unos resultados concretos [&hellip;]<\/p>\n","protected":false},"featured_media":1620,"menu_order":0,"template":"","meta":{"_acf_changed":false,"footnotes":""},"categoria-servei":[21],"class_list":["post-3132","projecte","type-projecte","status-publish","has-post-thumbnail","hentry","categoria-servei-dinamizacion-y-apoyo-tecnico-a-la-participacion"],"acf":[],"yoast_head":"<!-- This site is optimized with the Yoast SEO plugin v27.4 - https:\/\/yoast.com\/product\/yoast-seo-wordpress\/ -->\n<title>Dinamizaci\u00f3n del III Foro de medio ambiente (2015) - My CMS<\/title>\n<meta name=\"robots\" content=\"index, follow, max-snippet:-1, max-image-preview:large, max-video-preview:-1\" \/>\n<link rel=\"canonical\" href=\"https:\/\/indic.cat\/es\/projecte\/dinamitzacio-iii-forum-medi-ambient\/\" \/>\n<meta property=\"og:locale\" content=\"es_ES\" \/>\n<meta property=\"og:type\" content=\"article\" \/>\n<meta property=\"og:title\" content=\"Dinamizaci\u00f3n del III Foro de medio ambiente (2015) - My CMS\" \/>\n<meta property=\"og:description\" content=\"En marzo de 2015 la Diputaci\u00f3n de Barcelona, \u200b\u200ba trav\u00e9s del \u00c1rea de Medio Ambiente, organiz\u00f3 el III Foro sobre Medio Ambiente y Mundo local. En el marco de este encuentro se organizaron diferentes talleres para ofrecer un espacio para el debate y la reflexi\u00f3n de los participantes que pudiera concluir con unos resultados concretos [&hellip;]\" \/>\n<meta property=\"og:url\" content=\"https:\/\/indic.cat\/es\/projecte\/dinamitzacio-iii-forum-medi-ambient\/\" \/>\n<meta property=\"og:site_name\" content=\"My CMS\" \/>\n<meta property=\"article:publisher\" content=\"https:\/\/www.facebook.com\/Indic-Iniciatives-i-Din%c3%a0miques-Comunit%c3%a0ries-362170033806658\/\" \/>\n<meta property=\"article:modified_time\" content=\"2017-10-24T09:53:38+00:00\" \/>\n<meta property=\"og:image\" content=\"https:\/\/indic.cat\/wp-content\/uploads\/2017\/08\/279.jpg\" \/>\n\t<meta property=\"og:image:width\" content=\"1620\" \/>\n\t<meta property=\"og:image:height\" content=\"1080\" \/>\n\t<meta property=\"og:image:type\" content=\"image\/jpeg\" \/>\n<meta name=\"twitter:card\" content=\"summary_large_image\" \/>\n<meta name=\"twitter:site\" content=\"@IndicSL\" \/>\n<meta name=\"twitter:label1\" content=\"Tiempo de lectura\" \/>\n\t<meta name=\"twitter:data1\" content=\"1 minuto\" \/>\n<script type=\"application\/ld+json\" class=\"yoast-schema-graph\">{\"@context\":\"https:\\\/\\\/schema.org\",\"@graph\":[{\"@type\":\"WebPage\",\"@id\":\"https:\\\/\\\/indic.cat\\\/es\\\/projecte\\\/dinamitzacio-iii-forum-medi-ambient\\\/\",\"url\":\"https:\\\/\\\/indic.cat\\\/es\\\/projecte\\\/dinamitzacio-iii-forum-medi-ambient\\\/\",\"name\":\"Dinamizaci\u00f3n del III Foro de medio ambiente (2015) - My CMS\",\"isPartOf\":{\"@id\":\"https:\\\/\\\/indic.cat\\\/#website\"},\"primaryImageOfPage\":{\"@id\":\"https:\\\/\\\/indic.cat\\\/es\\\/projecte\\\/dinamitzacio-iii-forum-medi-ambient\\\/#primaryimage\"},\"image\":{\"@id\":\"https:\\\/\\\/indic.cat\\\/es\\\/projecte\\\/dinamitzacio-iii-forum-medi-ambient\\\/#primaryimage\"},\"thumbnailUrl\":\"https:\\\/\\\/indic.cat\\\/wp-content\\\/uploads\\\/2017\\\/08\\\/279.jpg\",\"datePublished\":\"2017-08-22T10:49:48+00:00\",\"dateModified\":\"2017-10-24T09:53:38+00:00\",\"breadcrumb\":{\"@id\":\"https:\\\/\\\/indic.cat\\\/es\\\/projecte\\\/dinamitzacio-iii-forum-medi-ambient\\\/#breadcrumb\"},\"inLanguage\":\"es\",\"potentialAction\":[{\"@type\":\"ReadAction\",\"target\":[\"https:\\\/\\\/indic.cat\\\/es\\\/projecte\\\/dinamitzacio-iii-forum-medi-ambient\\\/\"]}]},{\"@type\":\"ImageObject\",\"inLanguage\":\"es\",\"@id\":\"https:\\\/\\\/indic.cat\\\/es\\\/projecte\\\/dinamitzacio-iii-forum-medi-ambient\\\/#primaryimage\",\"url\":\"https:\\\/\\\/indic.cat\\\/wp-content\\\/uploads\\\/2017\\\/08\\\/279.jpg\",\"contentUrl\":\"https:\\\/\\\/indic.cat\\\/wp-content\\\/uploads\\\/2017\\\/08\\\/279.jpg\",\"width\":1620,\"height\":1080},{\"@type\":\"BreadcrumbList\",\"@id\":\"https:\\\/\\\/indic.cat\\\/es\\\/projecte\\\/dinamitzacio-iii-forum-medi-ambient\\\/#breadcrumb\",\"itemListElement\":[{\"@type\":\"ListItem\",\"position\":1,\"name\":\"Inici\",\"item\":\"https:\\\/\\\/indic.cat\\\/es\\\/iniciativas-y-dinamicas-comunitarias\\\/\"},{\"@type\":\"ListItem\",\"position\":2,\"name\":\"Projectes\",\"item\":\"https:\\\/\\\/indic.cat\\\/projecte\\\/\"},{\"@type\":\"ListItem\",\"position\":3,\"name\":\"Dinamizaci\u00f3n del III Foro de medio ambiente (2015)\"}]},{\"@type\":\"WebSite\",\"@id\":\"https:\\\/\\\/indic.cat\\\/#website\",\"url\":\"https:\\\/\\\/indic.cat\\\/\",\"name\":\"My CMS\",\"description\":\"Iniciatives i din\u00e0miques comunit\u00e0ries\",\"potentialAction\":[{\"@type\":\"SearchAction\",\"target\":{\"@type\":\"EntryPoint\",\"urlTemplate\":\"https:\\\/\\\/indic.cat\\\/?s={search_term_string}\"},\"query-input\":{\"@type\":\"PropertyValueSpecification\",\"valueRequired\":true,\"valueName\":\"search_term_string\"}}],\"inLanguage\":\"es\"}]}<\/script>\n<!-- \/ Yoast SEO plugin. -->","yoast_head_json":{"title":"Dinamizaci\u00f3n del III Foro de medio ambiente (2015) - My CMS","robots":{"index":"index","follow":"follow","max-snippet":"max-snippet:-1","max-image-preview":"max-image-preview:large","max-video-preview":"max-video-preview:-1"},"canonical":"https:\/\/indic.cat\/es\/projecte\/dinamitzacio-iii-forum-medi-ambient\/","og_locale":"es_ES","og_type":"article","og_title":"Dinamizaci\u00f3n del III Foro de medio ambiente (2015) - My CMS","og_description":"En marzo de 2015 la Diputaci\u00f3n de Barcelona, \u200b\u200ba trav\u00e9s del \u00c1rea de Medio Ambiente, organiz\u00f3 el III Foro sobre Medio Ambiente y Mundo local. En el marco de este encuentro se organizaron diferentes talleres para ofrecer un espacio para el debate y la reflexi\u00f3n de los participantes que pudiera concluir con unos resultados concretos [&hellip;]","og_url":"https:\/\/indic.cat\/es\/projecte\/dinamitzacio-iii-forum-medi-ambient\/","og_site_name":"My CMS","article_publisher":"https:\/\/www.facebook.com\/Indic-Iniciatives-i-Din%c3%a0miques-Comunit%c3%a0ries-362170033806658\/","article_modified_time":"2017-10-24T09:53:38+00:00","og_image":[{"width":1620,"height":1080,"url":"https:\/\/indic.cat\/wp-content\/uploads\/2017\/08\/279.jpg","type":"image\/jpeg"}],"twitter_card":"summary_large_image","twitter_site":"@IndicSL","twitter_misc":{"Tiempo de lectura":"1 minuto"},"schema":{"@context":"https:\/\/schema.org","@graph":[{"@type":"WebPage","@id":"https:\/\/indic.cat\/es\/projecte\/dinamitzacio-iii-forum-medi-ambient\/","url":"https:\/\/indic.cat\/es\/projecte\/dinamitzacio-iii-forum-medi-ambient\/","name":"Dinamizaci\u00f3n del III Foro de medio ambiente (2015) - My CMS","isPartOf":{"@id":"https:\/\/indic.cat\/#website"},"primaryImageOfPage":{"@id":"https:\/\/indic.cat\/es\/projecte\/dinamitzacio-iii-forum-medi-ambient\/#primaryimage"},"image":{"@id":"https:\/\/indic.cat\/es\/projecte\/dinamitzacio-iii-forum-medi-ambient\/#primaryimage"},"thumbnailUrl":"https:\/\/indic.cat\/wp-content\/uploads\/2017\/08\/279.jpg","datePublished":"2017-08-22T10:49:48+00:00","dateModified":"2017-10-24T09:53:38+00:00","breadcrumb":{"@id":"https:\/\/indic.cat\/es\/projecte\/dinamitzacio-iii-forum-medi-ambient\/#breadcrumb"},"inLanguage":"es","potentialAction":[{"@type":"ReadAction","target":["https:\/\/indic.cat\/es\/projecte\/dinamitzacio-iii-forum-medi-ambient\/"]}]},{"@type":"ImageObject","inLanguage":"es","@id":"https:\/\/indic.cat\/es\/projecte\/dinamitzacio-iii-forum-medi-ambient\/#primaryimage","url":"https:\/\/indic.cat\/wp-content\/uploads\/2017\/08\/279.jpg","contentUrl":"https:\/\/indic.cat\/wp-content\/uploads\/2017\/08\/279.jpg","width":1620,"height":1080},{"@type":"BreadcrumbList","@id":"https:\/\/indic.cat\/es\/projecte\/dinamitzacio-iii-forum-medi-ambient\/#breadcrumb","itemListElement":[{"@type":"ListItem","position":1,"name":"Inici","item":"https:\/\/indic.cat\/es\/iniciativas-y-dinamicas-comunitarias\/"},{"@type":"ListItem","position":2,"name":"Projectes","item":"https:\/\/indic.cat\/projecte\/"},{"@type":"ListItem","position":3,"name":"Dinamizaci\u00f3n del III Foro de medio ambiente (2015)"}]},{"@type":"WebSite","@id":"https:\/\/indic.cat\/#website","url":"https:\/\/indic.cat\/","name":"My CMS","description":"Iniciatives i din\u00e0miques comunit\u00e0ries","potentialAction":[{"@type":"SearchAction","target":{"@type":"EntryPoint","urlTemplate":"https:\/\/indic.cat\/?s={search_term_string}"},"query-input":{"@type":"PropertyValueSpecification","valueRequired":true,"valueName":"search_term_string"}}],"inLanguage":"es"}]}},"_links":{"self":[{"href":"https:\/\/indic.cat\/es\/wp-json\/wp\/v2\/projecte\/3132","targetHints":{"allow":["GET"]}}],"collection":[{"href":"https:\/\/indic.cat\/es\/wp-json\/wp\/v2\/projecte"}],"about":[{"href":"https:\/\/indic.cat\/es\/wp-json\/wp\/v2\/types\/projecte"}],"version-history":[{"count":2,"href":"https:\/\/indic.cat\/es\/wp-json\/wp\/v2\/projecte\/3132\/revisions"}],"predecessor-version":[{"id":3134,"href":"https:\/\/indic.cat\/es\/wp-json\/wp\/v2\/projecte\/3132\/revisions\/3134"}],"wp:featuredmedia":[{"embeddable":true,"href":"https:\/\/indic.cat\/es\/wp-json\/wp\/v2\/media\/1620"}],"wp:attachment":[{"href":"https:\/\/indic.cat\/es\/wp-json\/wp\/v2\/media?parent=3132"}],"wp:term":[{"taxonomy":"categoria-servei","embeddable":true,"href":"https:\/\/indic.cat\/es\/wp-json\/wp\/v2\/categoria-servei?post=3132"}],"curies":[{"name":"wp","href":"https:\/\/api.w.org\/{rel}","templated":true}]}}

Dinamización del III Foro de medio ambiente (2015)

<p>En marzo de 2015 la Diputación de Barcelona, ​​a través del Área de Medio Ambiente, organizó el III Foro sobre Medio Ambiente y Mundo local. En el marco de este encuentro se organizaron diferentes talleres para ofrecer un espacio para el debate y la reflexión de los participantes que pudiera concluir con unos resultados concretos y que permitieran recoger propuestas y estrategias de actuación futuras en cada uno de los diferentes ámbitos.</p>
<p>INDIC fue la encargada de diseñar las dinámicas de trabajo y de dinamizar 8 talleres participativos sobre:</p>
<ul>
<li>Eficiencia energética y energías renovables.</li>
<li>Gestión local del ciclo del agua.</li>
<li>Mejora de la calidad ambiental</li>
<li>Prevención y gestión de residuos y</li>
<li>Ccomunicación 2.0</li>
<li>Biodiversidad urbana y huertos urbanos.</li>
<li>Compra verde y consumo responsable</li>
<li>Educación ambiental</li>
</ul>
<p>&nbsp;</p>

<p>En marzo de 2015 la Diputación de Barcelona, ​​a través del Área de Medio Ambiente, organizó el III Foro sobre Medio Ambiente y Mundo local. En el marco de este encuentro se organizaron diferentes talleres para ofrecer un espacio para el debate y la reflexión de los participantes que pudiera concluir con unos resultados concretos [&hellip;]</p>

<!-- This site is optimized with the Yoast SEO plugin v27.4 - https://yoast.com/product/yoast-seo-wordpress/ -->
<title>Dinamización del III Foro de medio ambiente (2015) - My CMS</title>
<meta name="robots" content="index, follow, max-snippet:-1, max-image-preview:large, max-video-preview:-1" />
<link rel="canonical" href="https://indic.cat/es/projecte/dinamitzacio-iii-forum-medi-ambient/" />
<meta property="og:locale" content="es_ES" />
<meta property="og:type" content="article" />
<meta property="og:title" content="Dinamización del III Foro de medio ambiente (2015) - My CMS" />
<meta property="og:description" content="En marzo de 2015 la Diputación de Barcelona, ​​a través del Área de Medio Ambiente, organizó el III Foro sobre Medio Ambiente y Mundo local. En el marco de este encuentro se organizaron diferentes talleres para ofrecer un espacio para el debate y la reflexión de los participantes que pudiera concluir con unos resultados concretos [&hellip;]" />
<meta property="og:url" content="https://indic.cat/es/projecte/dinamitzacio-iii-forum-medi-ambient/" />
<meta property="og:site_name" content="My CMS" />
<meta property="article:publisher" content="https://www.facebook.com/Indic-Iniciatives-i-Din%c3%a0miques-Comunit%c3%a0ries-362170033806658/" />
<meta property="article:modified_time" content="2017-10-24T09:53:38+00:00" />
<meta property="og:image" content="https://indic.cat/wp-content/uploads/2017/08/279.jpg" />
	<meta property="og:image:width" content="1620" />
	<meta property="og:image:height" content="1080" />
	<meta property="og:image:type" content="image/jpeg" />
<meta name="twitter:card" content="summary_large_image" />
<meta name="twitter:site" content="@IndicSL" />
<meta name="twitter:label1" content="Tiempo de lectura" />
	<meta name="twitter:data1" content="1 minuto" />
<script type="application/ld+json" class="yoast-schema-graph">{"@context":"https:\/\/schema.org","@graph":[{"@type":"WebPage","@id":"https:\/\/indic.cat\/es\/projecte\/dinamitzacio-iii-forum-medi-ambient\/","url":"https:\/\/indic.cat\/es\/projecte\/dinamitzacio-iii-forum-medi-ambient\/","name":"Dinamización del III Foro de medio ambiente (2015) - My CMS","isPartOf":{"@id":"https:\/\/indic.cat\/#website"},"primaryImageOfPage":{"@id":"https:\/\/indic.cat\/es\/projecte\/dinamitzacio-iii-forum-medi-ambient\/#primaryimage"},"image":{"@id":"https:\/\/indic.cat\/es\/projecte\/dinamitzacio-iii-forum-medi-ambient\/#primaryimage"},"thumbnailUrl":"https:\/\/indic.cat\/wp-content\/uploads\/2017\/08\/279.jpg","datePublished":"2017-08-22T10:49:48+00:00","dateModified":"2017-10-24T09:53:38+00:00","breadcrumb":{"@id":"https:\/\/indic.cat\/es\/projecte\/dinamitzacio-iii-forum-medi-ambient\/#breadcrumb"},"inLanguage":"es","potentialAction":[{"@type":"ReadAction","target":["https:\/\/indic.cat\/es\/projecte\/dinamitzacio-iii-forum-medi-ambient\/"]}]},{"@type":"ImageObject","inLanguage":"es","@id":"https:\/\/indic.cat\/es\/projecte\/dinamitzacio-iii-forum-medi-ambient\/#primaryimage","url":"https:\/\/indic.cat\/wp-content\/uploads\/2017\/08\/279.jpg","contentUrl":"https:\/\/indic.cat\/wp-content\/uploads\/2017\/08\/279.jpg","width":1620,"height":1080},{"@type":"BreadcrumbList","@id":"https:\/\/indic.cat\/es\/projecte\/dinamitzacio-iii-forum-medi-ambient\/#breadcrumb","itemListElement":[{"@type":"ListItem","position":1,"name":"Inici","item":"https:\/\/indic.cat\/es\/iniciativas-y-dinamicas-comunitarias\/"},{"@type":"ListItem","position":2,"name":"Projectes","item":"https:\/\/indic.cat\/projecte\/"},{"@type":"ListItem","position":3,"name":"Dinamización del III Foro de medio ambiente (2015)"}]},{"@type":"WebSite","@id":"https:\/\/indic.cat\/#website","url":"https:\/\/indic.cat\/","name":"My CMS","description":"Iniciatives i dinàmiques comunitàries","potentialAction":[{"@type":"SearchAction","target":{"@type":"EntryPoint","urlTemplate":"https:\/\/indic.cat\/?s={search_term_string}"},"query-input":{"@type":"PropertyValueSpecification","valueRequired":true,"valueName":"search_term_string"}}],"inLanguage":"es"}]}</script>
<!-- / Yoast SEO plugin. -->

Dinamización del III Foro de medio ambiente (2015) - My CMS

En marzo de 2015 la Diputación de Barcelona, ​​a través del Área de Medio Ambiente, organizó el III Foro sobre Medio Ambiente y Mundo local. En el marco de este encuentro se organizaron diferentes talleres para ofrecer un espacio para el debate y la reflexión de los participantes que pudiera concluir con unos resultados concretos [&hellip;]

Iniciatives i dinàmiques comunitàries
