{"id":3297,"date":"2019-04-10T12:28:50","date_gmt":"2019-04-10T10:28:50","guid":{"rendered":"https:\/\/indic.cat\/projecte\/pla-del-joc-a-lespai-public-de-barcelona-amb-horitzo-2030\/"},"modified":"2020-09-23T13:25:27","modified_gmt":"2020-09-23T11:25:27","slug":"pla-del-joc-a-lespai-public-de-barcelona-amb-horitzo-2030","status":"publish","type":"projecte","link":"https:\/\/indic.cat\/es\/projecte\/pla-del-joc-a-lespai-public-de-barcelona-amb-horitzo-2030\/","title":{"rendered":"Pla del Joc a l&#8217;Espai p\u00fablic de Barcelona amb horitz\u00f3 2030 (2018)"},"content":{"rendered":"<p>&nbsp;<\/p>\n<p>L\u2019Ajuntament de Barcelona,\u00a0 va promoure una mesura de Govern per impulsar una nova visi\u00f3 del joc a l\u2019espai p\u00fablic, afavorint i reconeixent la seva import\u00e0ncia social. Aquest projecte partia de la necessitat de repensar els espais i les oportunitats que la ciutat ofereix de joc divers i inclusiu a l\u2019aire lliure per als seus infants i adolescents, i per a millorar la vida comunit\u00e0ria pel conjunt de la ciutadania. Aquesta mesura de Govern situava els reptes a l\u2019hora d\u2019afavorir el joc a l\u2019espai p\u00fablic i a la vida quotidiana, recollia les actuacions ja desenvolupades o en marxa durant els primers anys de mandat i identificava les accions previstes pels anys seg\u00fcnents. Una d&#8217;aquestes accions era, amb el suport de l&#8217;Institut d&#8217;Inf\u00e0ncia o adolesc\u00e8ncia de Barcelona, definir el primer Pla del joc a l&#8217;espai p\u00fablic amb horitz\u00f3 2030. INDIC hem estat assessorant i acompanyant el proc\u00e9s d&#8217;elaboraci\u00f3 per tal que el proc\u00e9s f\u00f3s transversal i participat.<\/p>\n<p>En aquest marc hem dissenyat i dinamitzat :<\/p>\n<ul>\n<li>Comissi\u00f3 t\u00e8cnica transversal del Pla del Joc<\/li>\n<li>Sessions explorat\u00f2ries amb responsables de les diferents \u00e0rees de l&#8217;ajuntament i amb entitats de la ciutat<\/li>\n<li>Sessions per definir l&#8217;escenari desitjat amb consells i espais de participaci\u00f3 de la ciutat (Acord ciutad\u00e0 per una Barcelona Inclusiva, CMBS, Consell escolar, Consell de l&#8217;Esport,..)<\/li>\n<li>Sessi\u00f3 de contrast amb infants<\/li>\n<li>Sessions monogr\u00e0fiques obertes per abordar diferents aspectes del Pla.<\/li>\n<\/ul>\n<p>Podeu consultar m\u00e9s informaci\u00f3\u00a0<a href=\"http:\/\/institutinfancia.cat\/projectes\/ciutatjugable\/\">aqu\u00ed.<\/a><\/p>\n<p>&nbsp;<\/p>\n","protected":false},"excerpt":{"rendered":"<p>&nbsp; L\u2019Ajuntament de Barcelona,\u00a0 va promoure una mesura de Govern per impulsar una nova visi\u00f3 del joc a l\u2019espai p\u00fablic, afavorint i reconeixent la seva import\u00e0ncia social. Aquest projecte partia de la necessitat de repensar els espais i les oportunitats que la ciutat ofereix de joc divers i inclusiu a l\u2019aire lliure per als seus [&hellip;]<\/p>\n","protected":false},"featured_media":3290,"menu_order":0,"template":"","meta":{"_acf_changed":false,"footnotes":""},"categoria-servei":[19],"class_list":["post-3297","projecte","type-projecte","status-publish","has-post-thumbnail","hentry","categoria-servei-consultoria-participacion"],"acf":[],"yoast_head":"<!-- This site is optimized with the Yoast SEO plugin v27.4 - https:\/\/yoast.com\/product\/yoast-seo-wordpress\/ -->\n<title>Pla del Joc a l&#039;Espai p\u00fablic de Barcelona amb horitz\u00f3 2030 (2018) - My CMS<\/title>\n<meta name=\"robots\" content=\"index, follow, max-snippet:-1, max-image-preview:large, max-video-preview:-1\" \/>\n<link rel=\"canonical\" href=\"https:\/\/indic.cat\/es\/projecte\/pla-del-joc-a-lespai-public-de-barcelona-amb-horitzo-2030\/\" \/>\n<meta property=\"og:locale\" content=\"es_ES\" \/>\n<meta property=\"og:type\" content=\"article\" \/>\n<meta property=\"og:title\" content=\"Pla del Joc a l&#039;Espai p\u00fablic de Barcelona amb horitz\u00f3 2030 (2018) - My CMS\" \/>\n<meta property=\"og:description\" content=\"&nbsp; L\u2019Ajuntament de Barcelona,\u00a0 va promoure una mesura de Govern per impulsar una nova visi\u00f3 del joc a l\u2019espai p\u00fablic, afavorint i reconeixent la seva import\u00e0ncia social. Aquest projecte partia de la necessitat de repensar els espais i les oportunitats que la ciutat ofereix de joc divers i inclusiu a l\u2019aire lliure per als seus [&hellip;]\" \/>\n<meta property=\"og:url\" content=\"https:\/\/indic.cat\/es\/projecte\/pla-del-joc-a-lespai-public-de-barcelona-amb-horitzo-2030\/\" \/>\n<meta property=\"og:site_name\" content=\"My CMS\" \/>\n<meta property=\"article:publisher\" content=\"https:\/\/www.facebook.com\/Indic-Iniciatives-i-Din%c3%a0miques-Comunit%c3%a0ries-362170033806658\/\" \/>\n<meta property=\"article:modified_time\" content=\"2020-09-23T11:25:27+00:00\" \/>\n<meta property=\"og:image\" content=\"https:\/\/indic.cat\/wp-content\/uploads\/2019\/04\/IMG-20181016-WA0013.jpg\" \/>\n\t<meta property=\"og:image:width\" content=\"1600\" \/>\n\t<meta property=\"og:image:height\" content=\"1200\" \/>\n\t<meta property=\"og:image:type\" content=\"image\/jpeg\" \/>\n<meta name=\"twitter:card\" content=\"summary_large_image\" \/>\n<meta name=\"twitter:site\" content=\"@IndicSL\" \/>\n<meta name=\"twitter:label1\" content=\"Tiempo de lectura\" \/>\n\t<meta name=\"twitter:data1\" content=\"1 minuto\" \/>\n<script type=\"application\/ld+json\" class=\"yoast-schema-graph\">{\"@context\":\"https:\\\/\\\/schema.org\",\"@graph\":[{\"@type\":\"WebPage\",\"@id\":\"https:\\\/\\\/indic.cat\\\/es\\\/projecte\\\/pla-del-joc-a-lespai-public-de-barcelona-amb-horitzo-2030\\\/\",\"url\":\"https:\\\/\\\/indic.cat\\\/es\\\/projecte\\\/pla-del-joc-a-lespai-public-de-barcelona-amb-horitzo-2030\\\/\",\"name\":\"Pla del Joc a l'Espai p\u00fablic de Barcelona amb horitz\u00f3 2030 (2018) - My CMS\",\"isPartOf\":{\"@id\":\"https:\\\/\\\/indic.cat\\\/#website\"},\"primaryImageOfPage\":{\"@id\":\"https:\\\/\\\/indic.cat\\\/es\\\/projecte\\\/pla-del-joc-a-lespai-public-de-barcelona-amb-horitzo-2030\\\/#primaryimage\"},\"image\":{\"@id\":\"https:\\\/\\\/indic.cat\\\/es\\\/projecte\\\/pla-del-joc-a-lespai-public-de-barcelona-amb-horitzo-2030\\\/#primaryimage\"},\"thumbnailUrl\":\"https:\\\/\\\/indic.cat\\\/wp-content\\\/uploads\\\/2019\\\/04\\\/IMG-20181016-WA0013.jpg\",\"datePublished\":\"2019-04-10T10:28:50+00:00\",\"dateModified\":\"2020-09-23T11:25:27+00:00\",\"breadcrumb\":{\"@id\":\"https:\\\/\\\/indic.cat\\\/es\\\/projecte\\\/pla-del-joc-a-lespai-public-de-barcelona-amb-horitzo-2030\\\/#breadcrumb\"},\"inLanguage\":\"es\",\"potentialAction\":[{\"@type\":\"ReadAction\",\"target\":[\"https:\\\/\\\/indic.cat\\\/es\\\/projecte\\\/pla-del-joc-a-lespai-public-de-barcelona-amb-horitzo-2030\\\/\"]}]},{\"@type\":\"ImageObject\",\"inLanguage\":\"es\",\"@id\":\"https:\\\/\\\/indic.cat\\\/es\\\/projecte\\\/pla-del-joc-a-lespai-public-de-barcelona-amb-horitzo-2030\\\/#primaryimage\",\"url\":\"https:\\\/\\\/indic.cat\\\/wp-content\\\/uploads\\\/2019\\\/04\\\/IMG-20181016-WA0013.jpg\",\"contentUrl\":\"https:\\\/\\\/indic.cat\\\/wp-content\\\/uploads\\\/2019\\\/04\\\/IMG-20181016-WA0013.jpg\",\"width\":1600,\"height\":1200},{\"@type\":\"BreadcrumbList\",\"@id\":\"https:\\\/\\\/indic.cat\\\/es\\\/projecte\\\/pla-del-joc-a-lespai-public-de-barcelona-amb-horitzo-2030\\\/#breadcrumb\",\"itemListElement\":[{\"@type\":\"ListItem\",\"position\":1,\"name\":\"Inici\",\"item\":\"https:\\\/\\\/indic.cat\\\/es\\\/iniciativas-y-dinamicas-comunitarias\\\/\"},{\"@type\":\"ListItem\",\"position\":2,\"name\":\"Projectes\",\"item\":\"https:\\\/\\\/indic.cat\\\/projecte\\\/\"},{\"@type\":\"ListItem\",\"position\":3,\"name\":\"Pla del Joc a l&#8217;Espai p\u00fablic de Barcelona amb horitz\u00f3 2030 (2018)\"}]},{\"@type\":\"WebSite\",\"@id\":\"https:\\\/\\\/indic.cat\\\/#website\",\"url\":\"https:\\\/\\\/indic.cat\\\/\",\"name\":\"My CMS\",\"description\":\"Iniciatives i din\u00e0miques comunit\u00e0ries\",\"potentialAction\":[{\"@type\":\"SearchAction\",\"target\":{\"@type\":\"EntryPoint\",\"urlTemplate\":\"https:\\\/\\\/indic.cat\\\/?s={search_term_string}\"},\"query-input\":{\"@type\":\"PropertyValueSpecification\",\"valueRequired\":true,\"valueName\":\"search_term_string\"}}],\"inLanguage\":\"es\"}]}<\/script>\n<!-- \/ Yoast SEO plugin. -->","yoast_head_json":{"title":"Pla del Joc a l'Espai p\u00fablic de Barcelona amb horitz\u00f3 2030 (2018) - My CMS","robots":{"index":"index","follow":"follow","max-snippet":"max-snippet:-1","max-image-preview":"max-image-preview:large","max-video-preview":"max-video-preview:-1"},"canonical":"https:\/\/indic.cat\/es\/projecte\/pla-del-joc-a-lespai-public-de-barcelona-amb-horitzo-2030\/","og_locale":"es_ES","og_type":"article","og_title":"Pla del Joc a l'Espai p\u00fablic de Barcelona amb horitz\u00f3 2030 (2018) - My CMS","og_description":"&nbsp; L\u2019Ajuntament de Barcelona,\u00a0 va promoure una mesura de Govern per impulsar una nova visi\u00f3 del joc a l\u2019espai p\u00fablic, afavorint i reconeixent la seva import\u00e0ncia social. Aquest projecte partia de la necessitat de repensar els espais i les oportunitats que la ciutat ofereix de joc divers i inclusiu a l\u2019aire lliure per als seus [&hellip;]","og_url":"https:\/\/indic.cat\/es\/projecte\/pla-del-joc-a-lespai-public-de-barcelona-amb-horitzo-2030\/","og_site_name":"My CMS","article_publisher":"https:\/\/www.facebook.com\/Indic-Iniciatives-i-Din%c3%a0miques-Comunit%c3%a0ries-362170033806658\/","article_modified_time":"2020-09-23T11:25:27+00:00","og_image":[{"width":1600,"height":1200,"url":"https:\/\/indic.cat\/wp-content\/uploads\/2019\/04\/IMG-20181016-WA0013.jpg","type":"image\/jpeg"}],"twitter_card":"summary_large_image","twitter_site":"@IndicSL","twitter_misc":{"Tiempo de lectura":"1 minuto"},"schema":{"@context":"https:\/\/schema.org","@graph":[{"@type":"WebPage","@id":"https:\/\/indic.cat\/es\/projecte\/pla-del-joc-a-lespai-public-de-barcelona-amb-horitzo-2030\/","url":"https:\/\/indic.cat\/es\/projecte\/pla-del-joc-a-lespai-public-de-barcelona-amb-horitzo-2030\/","name":"Pla del Joc a l'Espai p\u00fablic de Barcelona amb horitz\u00f3 2030 (2018) - My CMS","isPartOf":{"@id":"https:\/\/indic.cat\/#website"},"primaryImageOfPage":{"@id":"https:\/\/indic.cat\/es\/projecte\/pla-del-joc-a-lespai-public-de-barcelona-amb-horitzo-2030\/#primaryimage"},"image":{"@id":"https:\/\/indic.cat\/es\/projecte\/pla-del-joc-a-lespai-public-de-barcelona-amb-horitzo-2030\/#primaryimage"},"thumbnailUrl":"https:\/\/indic.cat\/wp-content\/uploads\/2019\/04\/IMG-20181016-WA0013.jpg","datePublished":"2019-04-10T10:28:50+00:00","dateModified":"2020-09-23T11:25:27+00:00","breadcrumb":{"@id":"https:\/\/indic.cat\/es\/projecte\/pla-del-joc-a-lespai-public-de-barcelona-amb-horitzo-2030\/#breadcrumb"},"inLanguage":"es","potentialAction":[{"@type":"ReadAction","target":["https:\/\/indic.cat\/es\/projecte\/pla-del-joc-a-lespai-public-de-barcelona-amb-horitzo-2030\/"]}]},{"@type":"ImageObject","inLanguage":"es","@id":"https:\/\/indic.cat\/es\/projecte\/pla-del-joc-a-lespai-public-de-barcelona-amb-horitzo-2030\/#primaryimage","url":"https:\/\/indic.cat\/wp-content\/uploads\/2019\/04\/IMG-20181016-WA0013.jpg","contentUrl":"https:\/\/indic.cat\/wp-content\/uploads\/2019\/04\/IMG-20181016-WA0013.jpg","width":1600,"height":1200},{"@type":"BreadcrumbList","@id":"https:\/\/indic.cat\/es\/projecte\/pla-del-joc-a-lespai-public-de-barcelona-amb-horitzo-2030\/#breadcrumb","itemListElement":[{"@type":"ListItem","position":1,"name":"Inici","item":"https:\/\/indic.cat\/es\/iniciativas-y-dinamicas-comunitarias\/"},{"@type":"ListItem","position":2,"name":"Projectes","item":"https:\/\/indic.cat\/projecte\/"},{"@type":"ListItem","position":3,"name":"Pla del Joc a l&#8217;Espai p\u00fablic de Barcelona amb horitz\u00f3 2030 (2018)"}]},{"@type":"WebSite","@id":"https:\/\/indic.cat\/#website","url":"https:\/\/indic.cat\/","name":"My CMS","description":"Iniciatives i din\u00e0miques comunit\u00e0ries","potentialAction":[{"@type":"SearchAction","target":{"@type":"EntryPoint","urlTemplate":"https:\/\/indic.cat\/?s={search_term_string}"},"query-input":{"@type":"PropertyValueSpecification","valueRequired":true,"valueName":"search_term_string"}}],"inLanguage":"es"}]}},"_links":{"self":[{"href":"https:\/\/indic.cat\/es\/wp-json\/wp\/v2\/projecte\/3297","targetHints":{"allow":["GET"]}}],"collection":[{"href":"https:\/\/indic.cat\/es\/wp-json\/wp\/v2\/projecte"}],"about":[{"href":"https:\/\/indic.cat\/es\/wp-json\/wp\/v2\/types\/projecte"}],"version-history":[{"count":3,"href":"https:\/\/indic.cat\/es\/wp-json\/wp\/v2\/projecte\/3297\/revisions"}],"predecessor-version":[{"id":3539,"href":"https:\/\/indic.cat\/es\/wp-json\/wp\/v2\/projecte\/3297\/revisions\/3539"}],"wp:featuredmedia":[{"embeddable":true,"href":"https:\/\/indic.cat\/es\/wp-json\/wp\/v2\/media\/3290"}],"wp:attachment":[{"href":"https:\/\/indic.cat\/es\/wp-json\/wp\/v2\/media?parent=3297"}],"wp:term":[{"taxonomy":"categoria-servei","embeddable":true,"href":"https:\/\/indic.cat\/es\/wp-json\/wp\/v2\/categoria-servei?post=3297"}],"curies":[{"name":"wp","href":"https:\/\/api.w.org\/{rel}","templated":true}]}}

Pla del Joc a l&#8217;Espai públic de Barcelona amb horitzó 2030 (2018)

<p>&nbsp;</p>
<p>L’Ajuntament de Barcelona,  va promoure una mesura de Govern per impulsar una nova visió del joc a l’espai públic, afavorint i reconeixent la seva importància social. Aquest projecte partia de la necessitat de repensar els espais i les oportunitats que la ciutat ofereix de joc divers i inclusiu a l’aire lliure per als seus infants i adolescents, i per a millorar la vida comunitària pel conjunt de la ciutadania. Aquesta mesura de Govern situava els reptes a l’hora d’afavorir el joc a l’espai públic i a la vida quotidiana, recollia les actuacions ja desenvolupades o en marxa durant els primers anys de mandat i identificava les accions previstes pels anys segünents. Una d&#8217;aquestes accions era, amb el suport de l&#8217;Institut d&#8217;Infància o adolescència de Barcelona, definir el primer Pla del joc a l&#8217;espai públic amb horitzó 2030. INDIC hem estat assessorant i acompanyant el procés d&#8217;elaboració per tal que el procés fós transversal i participat.</p>
<p>En aquest marc hem dissenyat i dinamitzat :</p>
<ul>
<li>Comissió tècnica transversal del Pla del Joc</li>
<li>Sessions exploratòries amb responsables de les diferents àrees de l&#8217;ajuntament i amb entitats de la ciutat</li>
<li>Sessions per definir l&#8217;escenari desitjat amb consells i espais de participació de la ciutat (Acord ciutadà per una Barcelona Inclusiva, CMBS, Consell escolar, Consell de l&#8217;Esport,..)</li>
<li>Sessió de contrast amb infants</li>
<li>Sessions monogràfiques obertes per abordar diferents aspectes del Pla.</li>
</ul>
<p>Podeu consultar més informació <a href="http://institutinfancia.cat/projectes/ciutatjugable/">aquí.</a></p>
<p>&nbsp;</p>

<p>&nbsp; L’Ajuntament de Barcelona,  va promoure una mesura de Govern per impulsar una nova visió del joc a l’espai públic, afavorint i reconeixent la seva importància social. Aquest projecte partia de la necessitat de repensar els espais i les oportunitats que la ciutat ofereix de joc divers i inclusiu a l’aire lliure per als seus [&hellip;]</p>

<!-- This site is optimized with the Yoast SEO plugin v27.4 - https://yoast.com/product/yoast-seo-wordpress/ -->
<title>Pla del Joc a l&#039;Espai públic de Barcelona amb horitzó 2030 (2018) - My CMS</title>
<meta name="robots" content="index, follow, max-snippet:-1, max-image-preview:large, max-video-preview:-1" />
<link rel="canonical" href="https://indic.cat/es/projecte/pla-del-joc-a-lespai-public-de-barcelona-amb-horitzo-2030/" />
<meta property="og:locale" content="es_ES" />
<meta property="og:type" content="article" />
<meta property="og:title" content="Pla del Joc a l&#039;Espai públic de Barcelona amb horitzó 2030 (2018) - My CMS" />
<meta property="og:description" content="&nbsp; L’Ajuntament de Barcelona,  va promoure una mesura de Govern per impulsar una nova visió del joc a l’espai públic, afavorint i reconeixent la seva importància social. Aquest projecte partia de la necessitat de repensar els espais i les oportunitats que la ciutat ofereix de joc divers i inclusiu a l’aire lliure per als seus [&hellip;]" />
<meta property="og:url" content="https://indic.cat/es/projecte/pla-del-joc-a-lespai-public-de-barcelona-amb-horitzo-2030/" />
<meta property="og:site_name" content="My CMS" />
<meta property="article:publisher" content="https://www.facebook.com/Indic-Iniciatives-i-Din%c3%a0miques-Comunit%c3%a0ries-362170033806658/" />
<meta property="article:modified_time" content="2020-09-23T11:25:27+00:00" />
<meta property="og:image" content="https://indic.cat/wp-content/uploads/2019/04/IMG-20181016-WA0013.jpg" />
	<meta property="og:image:width" content="1600" />
	<meta property="og:image:height" content="1200" />
	<meta property="og:image:type" content="image/jpeg" />
<meta name="twitter:card" content="summary_large_image" />
<meta name="twitter:site" content="@IndicSL" />
<meta name="twitter:label1" content="Tiempo de lectura" />
	<meta name="twitter:data1" content="1 minuto" />
<script type="application/ld+json" class="yoast-schema-graph">{"@context":"https:\/\/schema.org","@graph":[{"@type":"WebPage","@id":"https:\/\/indic.cat\/es\/projecte\/pla-del-joc-a-lespai-public-de-barcelona-amb-horitzo-2030\/","url":"https:\/\/indic.cat\/es\/projecte\/pla-del-joc-a-lespai-public-de-barcelona-amb-horitzo-2030\/","name":"Pla del Joc a l'Espai públic de Barcelona amb horitzó 2030 (2018) - My CMS","isPartOf":{"@id":"https:\/\/indic.cat\/#website"},"primaryImageOfPage":{"@id":"https:\/\/indic.cat\/es\/projecte\/pla-del-joc-a-lespai-public-de-barcelona-amb-horitzo-2030\/#primaryimage"},"image":{"@id":"https:\/\/indic.cat\/es\/projecte\/pla-del-joc-a-lespai-public-de-barcelona-amb-horitzo-2030\/#primaryimage"},"thumbnailUrl":"https:\/\/indic.cat\/wp-content\/uploads\/2019\/04\/IMG-20181016-WA0013.jpg","datePublished":"2019-04-10T10:28:50+00:00","dateModified":"2020-09-23T11:25:27+00:00","breadcrumb":{"@id":"https:\/\/indic.cat\/es\/projecte\/pla-del-joc-a-lespai-public-de-barcelona-amb-horitzo-2030\/#breadcrumb"},"inLanguage":"es","potentialAction":[{"@type":"ReadAction","target":["https:\/\/indic.cat\/es\/projecte\/pla-del-joc-a-lespai-public-de-barcelona-amb-horitzo-2030\/"]}]},{"@type":"ImageObject","inLanguage":"es","@id":"https:\/\/indic.cat\/es\/projecte\/pla-del-joc-a-lespai-public-de-barcelona-amb-horitzo-2030\/#primaryimage","url":"https:\/\/indic.cat\/wp-content\/uploads\/2019\/04\/IMG-20181016-WA0013.jpg","contentUrl":"https:\/\/indic.cat\/wp-content\/uploads\/2019\/04\/IMG-20181016-WA0013.jpg","width":1600,"height":1200},{"@type":"BreadcrumbList","@id":"https:\/\/indic.cat\/es\/projecte\/pla-del-joc-a-lespai-public-de-barcelona-amb-horitzo-2030\/#breadcrumb","itemListElement":[{"@type":"ListItem","position":1,"name":"Inici","item":"https:\/\/indic.cat\/es\/iniciativas-y-dinamicas-comunitarias\/"},{"@type":"ListItem","position":2,"name":"Projectes","item":"https:\/\/indic.cat\/projecte\/"},{"@type":"ListItem","position":3,"name":"Pla del Joc a l&#8217;Espai públic de Barcelona amb horitzó 2030 (2018)"}]},{"@type":"WebSite","@id":"https:\/\/indic.cat\/#website","url":"https:\/\/indic.cat\/","name":"My CMS","description":"Iniciatives i dinàmiques comunitàries","potentialAction":[{"@type":"SearchAction","target":{"@type":"EntryPoint","urlTemplate":"https:\/\/indic.cat\/?s={search_term_string}"},"query-input":{"@type":"PropertyValueSpecification","valueRequired":true,"valueName":"search_term_string"}}],"inLanguage":"es"}]}</script>
<!-- / Yoast SEO plugin. -->

Pla del Joc a l'Espai públic de Barcelona amb horitzó 2030 (2018) - My CMS

&nbsp; L’Ajuntament de Barcelona,  va promoure una mesura de Govern per impulsar una nova visió del joc a l’espai públic, afavorint i reconeixent la seva importància social. Aquest projecte partia de la necessitat de repensar els espais i les oportunitats que la ciutat ofereix de joc divers i inclusiu a l’aire lliure per als seus [&hellip;]

Iniciatives i dinàmiques comunitàries
