{"id":4260,"date":"2023-09-22T13:16:47","date_gmt":"2023-09-22T11:16:47","guid":{"rendered":"https:\/\/indic.cat\/?post_type=projecte&#038;p=4260"},"modified":"2024-07-29T09:10:57","modified_gmt":"2024-07-29T07:10:57","slug":"jornada-de-reflexion-estrategica-del-instituto-municipal-de-servicios-sociales-de-barcelona-2023","status":"publish","type":"projecte","link":"https:\/\/indic.cat\/es\/projecte\/jornada-de-reflexion-estrategica-del-instituto-municipal-de-servicios-sociales-de-barcelona-2023\/","title":{"rendered":"Jornada de reflexi\u00f3n estrat\u00e9gica del Instituto Municipal de Servicios Sociales de Barcelona (2023)"},"content":{"rendered":"<p>INDIC dinamiz\u00f3 la jornada de reflexi\u00f3n estrat\u00e9gica dirigida a responsables de las diferentes direcciones y departamentos del Instituto Municipal de Servicios Sociales de Barcelona (IMSS) con relaci\u00f3n a los retos estrat\u00e9gicos y los proyectos innovadores.<\/p>\n<p>Este proceso de reflexi\u00f3n se estructur\u00f3 en dos fases: una primera fase de trabajo interno consistente en encuentros con el departamento responsable para definir la documentaci\u00f3n relevante, los proyectos actuales y los retos. Y una segunda fase de trabajo compartida en la que INDIC dinamiz\u00f3 una jornada de reflexi\u00f3n estrat\u00e9gica dirigida a responsables de las diferentes direcciones y departamentos.<\/p>\n<p>Las principales tareas que se desarrollaron fueron:<\/p>\n<p>Dise\u00f1o metodol\u00f3gico y coordinaci\u00f3n t\u00e9cnica para la preparaci\u00f3n de la jornada.<br \/>\nDinamizaci\u00f3n de la jornada.<br \/>\nElaboraci\u00f3n del informe de los resultados de las reflexiones realizadas a la jornada.<\/p>\n","protected":false},"excerpt":{"rendered":"<p>INDIC dinamiz\u00f3 la jornada de reflexi\u00f3n estrat\u00e9gica dirigida a responsables de las diferentes direcciones y departamentos del Instituto Municipal de Servicios Sociales de Barcelona (IMSS) con relaci\u00f3n a los retos estrat\u00e9gicos y los proyectos innovadores. Este proceso de reflexi\u00f3n se estructur\u00f3 en dos fases: una primera fase de trabajo interno consistente en encuentros con el [&hellip;]<\/p>\n","protected":false},"featured_media":4101,"menu_order":0,"template":"","meta":{"_acf_changed":false,"footnotes":""},"categoria-servei":[],"class_list":["post-4260","projecte","type-projecte","status-publish","has-post-thumbnail","hentry"],"acf":[],"yoast_head":"<!-- This site is optimized with the Yoast SEO plugin v27.4 - https:\/\/yoast.com\/product\/yoast-seo-wordpress\/ -->\n<title>Jornada de reflexi\u00f3n estrat\u00e9gica del Instituto Municipal de Servicios Sociales de Barcelona (2023) - My CMS<\/title>\n<meta name=\"robots\" content=\"index, follow, max-snippet:-1, max-image-preview:large, max-video-preview:-1\" \/>\n<link rel=\"canonical\" href=\"https:\/\/indic.cat\/es\/projecte\/jornada-de-reflexion-estrategica-del-instituto-municipal-de-servicios-sociales-de-barcelona-2023\/\" \/>\n<meta property=\"og:locale\" content=\"es_ES\" \/>\n<meta property=\"og:type\" content=\"article\" \/>\n<meta property=\"og:title\" content=\"Jornada de reflexi\u00f3n estrat\u00e9gica del Instituto Municipal de Servicios Sociales de Barcelona (2023) - My CMS\" \/>\n<meta property=\"og:description\" content=\"INDIC dinamiz\u00f3 la jornada de reflexi\u00f3n estrat\u00e9gica dirigida a responsables de las diferentes direcciones y departamentos del Instituto Municipal de Servicios Sociales de Barcelona (IMSS) con relaci\u00f3n a los retos estrat\u00e9gicos y los proyectos innovadores. Este proceso de reflexi\u00f3n se estructur\u00f3 en dos fases: una primera fase de trabajo interno consistente en encuentros con el [&hellip;]\" \/>\n<meta property=\"og:url\" content=\"https:\/\/indic.cat\/es\/projecte\/jornada-de-reflexion-estrategica-del-instituto-municipal-de-servicios-sociales-de-barcelona-2023\/\" \/>\n<meta property=\"og:site_name\" content=\"My CMS\" \/>\n<meta property=\"article:publisher\" content=\"https:\/\/www.facebook.com\/Indic-Iniciatives-i-Din%c3%a0miques-Comunit%c3%a0ries-362170033806658\/\" \/>\n<meta property=\"article:modified_time\" content=\"2024-07-29T07:10:57+00:00\" \/>\n<meta property=\"og:image\" content=\"https:\/\/indic.cat\/wp-content\/uploads\/2023\/09\/2.1.-Jornada-IMSS-scaled.jpg\" \/>\n\t<meta property=\"og:image:width\" content=\"2560\" \/>\n\t<meta property=\"og:image:height\" content=\"1440\" \/>\n\t<meta property=\"og:image:type\" content=\"image\/jpeg\" \/>\n<meta name=\"twitter:card\" content=\"summary_large_image\" \/>\n<meta name=\"twitter:site\" content=\"@IndicSL\" \/>\n<meta name=\"twitter:label1\" content=\"Tiempo de lectura\" \/>\n\t<meta name=\"twitter:data1\" content=\"1 minuto\" \/>\n<script type=\"application\/ld+json\" class=\"yoast-schema-graph\">{\"@context\":\"https:\\\/\\\/schema.org\",\"@graph\":[{\"@type\":\"WebPage\",\"@id\":\"https:\\\/\\\/indic.cat\\\/es\\\/projecte\\\/jornada-de-reflexion-estrategica-del-instituto-municipal-de-servicios-sociales-de-barcelona-2023\\\/\",\"url\":\"https:\\\/\\\/indic.cat\\\/es\\\/projecte\\\/jornada-de-reflexion-estrategica-del-instituto-municipal-de-servicios-sociales-de-barcelona-2023\\\/\",\"name\":\"Jornada de reflexi\u00f3n estrat\u00e9gica del Instituto Municipal de Servicios Sociales de Barcelona (2023) - My CMS\",\"isPartOf\":{\"@id\":\"https:\\\/\\\/indic.cat\\\/#website\"},\"primaryImageOfPage\":{\"@id\":\"https:\\\/\\\/indic.cat\\\/es\\\/projecte\\\/jornada-de-reflexion-estrategica-del-instituto-municipal-de-servicios-sociales-de-barcelona-2023\\\/#primaryimage\"},\"image\":{\"@id\":\"https:\\\/\\\/indic.cat\\\/es\\\/projecte\\\/jornada-de-reflexion-estrategica-del-instituto-municipal-de-servicios-sociales-de-barcelona-2023\\\/#primaryimage\"},\"thumbnailUrl\":\"https:\\\/\\\/indic.cat\\\/wp-content\\\/uploads\\\/2023\\\/09\\\/2.1.-Jornada-IMSS-scaled.jpg\",\"datePublished\":\"2023-09-22T11:16:47+00:00\",\"dateModified\":\"2024-07-29T07:10:57+00:00\",\"breadcrumb\":{\"@id\":\"https:\\\/\\\/indic.cat\\\/es\\\/projecte\\\/jornada-de-reflexion-estrategica-del-instituto-municipal-de-servicios-sociales-de-barcelona-2023\\\/#breadcrumb\"},\"inLanguage\":\"es\",\"potentialAction\":[{\"@type\":\"ReadAction\",\"target\":[\"https:\\\/\\\/indic.cat\\\/es\\\/projecte\\\/jornada-de-reflexion-estrategica-del-instituto-municipal-de-servicios-sociales-de-barcelona-2023\\\/\"]}]},{\"@type\":\"ImageObject\",\"inLanguage\":\"es\",\"@id\":\"https:\\\/\\\/indic.cat\\\/es\\\/projecte\\\/jornada-de-reflexion-estrategica-del-instituto-municipal-de-servicios-sociales-de-barcelona-2023\\\/#primaryimage\",\"url\":\"https:\\\/\\\/indic.cat\\\/wp-content\\\/uploads\\\/2023\\\/09\\\/2.1.-Jornada-IMSS-scaled.jpg\",\"contentUrl\":\"https:\\\/\\\/indic.cat\\\/wp-content\\\/uploads\\\/2023\\\/09\\\/2.1.-Jornada-IMSS-scaled.jpg\",\"width\":2560,\"height\":1440,\"caption\":\"2.1. Jornada IMSS\"},{\"@type\":\"BreadcrumbList\",\"@id\":\"https:\\\/\\\/indic.cat\\\/es\\\/projecte\\\/jornada-de-reflexion-estrategica-del-instituto-municipal-de-servicios-sociales-de-barcelona-2023\\\/#breadcrumb\",\"itemListElement\":[{\"@type\":\"ListItem\",\"position\":1,\"name\":\"Inici\",\"item\":\"https:\\\/\\\/indic.cat\\\/es\\\/iniciativas-y-dinamicas-comunitarias\\\/\"},{\"@type\":\"ListItem\",\"position\":2,\"name\":\"Projectes\",\"item\":\"https:\\\/\\\/indic.cat\\\/projecte\\\/\"},{\"@type\":\"ListItem\",\"position\":3,\"name\":\"Jornada de reflexi\u00f3n estrat\u00e9gica del Instituto Municipal de Servicios Sociales de Barcelona (2023)\"}]},{\"@type\":\"WebSite\",\"@id\":\"https:\\\/\\\/indic.cat\\\/#website\",\"url\":\"https:\\\/\\\/indic.cat\\\/\",\"name\":\"My CMS\",\"description\":\"Iniciatives i din\u00e0miques comunit\u00e0ries\",\"potentialAction\":[{\"@type\":\"SearchAction\",\"target\":{\"@type\":\"EntryPoint\",\"urlTemplate\":\"https:\\\/\\\/indic.cat\\\/?s={search_term_string}\"},\"query-input\":{\"@type\":\"PropertyValueSpecification\",\"valueRequired\":true,\"valueName\":\"search_term_string\"}}],\"inLanguage\":\"es\"}]}<\/script>\n<!-- \/ Yoast SEO plugin. -->","yoast_head_json":{"title":"Jornada de reflexi\u00f3n estrat\u00e9gica del Instituto Municipal de Servicios Sociales de Barcelona (2023) - My CMS","robots":{"index":"index","follow":"follow","max-snippet":"max-snippet:-1","max-image-preview":"max-image-preview:large","max-video-preview":"max-video-preview:-1"},"canonical":"https:\/\/indic.cat\/es\/projecte\/jornada-de-reflexion-estrategica-del-instituto-municipal-de-servicios-sociales-de-barcelona-2023\/","og_locale":"es_ES","og_type":"article","og_title":"Jornada de reflexi\u00f3n estrat\u00e9gica del Instituto Municipal de Servicios Sociales de Barcelona (2023) - My CMS","og_description":"INDIC dinamiz\u00f3 la jornada de reflexi\u00f3n estrat\u00e9gica dirigida a responsables de las diferentes direcciones y departamentos del Instituto Municipal de Servicios Sociales de Barcelona (IMSS) con relaci\u00f3n a los retos estrat\u00e9gicos y los proyectos innovadores. Este proceso de reflexi\u00f3n se estructur\u00f3 en dos fases: una primera fase de trabajo interno consistente en encuentros con el [&hellip;]","og_url":"https:\/\/indic.cat\/es\/projecte\/jornada-de-reflexion-estrategica-del-instituto-municipal-de-servicios-sociales-de-barcelona-2023\/","og_site_name":"My CMS","article_publisher":"https:\/\/www.facebook.com\/Indic-Iniciatives-i-Din%c3%a0miques-Comunit%c3%a0ries-362170033806658\/","article_modified_time":"2024-07-29T07:10:57+00:00","og_image":[{"width":2560,"height":1440,"url":"https:\/\/indic.cat\/wp-content\/uploads\/2023\/09\/2.1.-Jornada-IMSS-scaled.jpg","type":"image\/jpeg"}],"twitter_card":"summary_large_image","twitter_site":"@IndicSL","twitter_misc":{"Tiempo de lectura":"1 minuto"},"schema":{"@context":"https:\/\/schema.org","@graph":[{"@type":"WebPage","@id":"https:\/\/indic.cat\/es\/projecte\/jornada-de-reflexion-estrategica-del-instituto-municipal-de-servicios-sociales-de-barcelona-2023\/","url":"https:\/\/indic.cat\/es\/projecte\/jornada-de-reflexion-estrategica-del-instituto-municipal-de-servicios-sociales-de-barcelona-2023\/","name":"Jornada de reflexi\u00f3n estrat\u00e9gica del Instituto Municipal de Servicios Sociales de Barcelona (2023) - My CMS","isPartOf":{"@id":"https:\/\/indic.cat\/#website"},"primaryImageOfPage":{"@id":"https:\/\/indic.cat\/es\/projecte\/jornada-de-reflexion-estrategica-del-instituto-municipal-de-servicios-sociales-de-barcelona-2023\/#primaryimage"},"image":{"@id":"https:\/\/indic.cat\/es\/projecte\/jornada-de-reflexion-estrategica-del-instituto-municipal-de-servicios-sociales-de-barcelona-2023\/#primaryimage"},"thumbnailUrl":"https:\/\/indic.cat\/wp-content\/uploads\/2023\/09\/2.1.-Jornada-IMSS-scaled.jpg","datePublished":"2023-09-22T11:16:47+00:00","dateModified":"2024-07-29T07:10:57+00:00","breadcrumb":{"@id":"https:\/\/indic.cat\/es\/projecte\/jornada-de-reflexion-estrategica-del-instituto-municipal-de-servicios-sociales-de-barcelona-2023\/#breadcrumb"},"inLanguage":"es","potentialAction":[{"@type":"ReadAction","target":["https:\/\/indic.cat\/es\/projecte\/jornada-de-reflexion-estrategica-del-instituto-municipal-de-servicios-sociales-de-barcelona-2023\/"]}]},{"@type":"ImageObject","inLanguage":"es","@id":"https:\/\/indic.cat\/es\/projecte\/jornada-de-reflexion-estrategica-del-instituto-municipal-de-servicios-sociales-de-barcelona-2023\/#primaryimage","url":"https:\/\/indic.cat\/wp-content\/uploads\/2023\/09\/2.1.-Jornada-IMSS-scaled.jpg","contentUrl":"https:\/\/indic.cat\/wp-content\/uploads\/2023\/09\/2.1.-Jornada-IMSS-scaled.jpg","width":2560,"height":1440,"caption":"2.1. Jornada IMSS"},{"@type":"BreadcrumbList","@id":"https:\/\/indic.cat\/es\/projecte\/jornada-de-reflexion-estrategica-del-instituto-municipal-de-servicios-sociales-de-barcelona-2023\/#breadcrumb","itemListElement":[{"@type":"ListItem","position":1,"name":"Inici","item":"https:\/\/indic.cat\/es\/iniciativas-y-dinamicas-comunitarias\/"},{"@type":"ListItem","position":2,"name":"Projectes","item":"https:\/\/indic.cat\/projecte\/"},{"@type":"ListItem","position":3,"name":"Jornada de reflexi\u00f3n estrat\u00e9gica del Instituto Municipal de Servicios Sociales de Barcelona (2023)"}]},{"@type":"WebSite","@id":"https:\/\/indic.cat\/#website","url":"https:\/\/indic.cat\/","name":"My CMS","description":"Iniciatives i din\u00e0miques comunit\u00e0ries","potentialAction":[{"@type":"SearchAction","target":{"@type":"EntryPoint","urlTemplate":"https:\/\/indic.cat\/?s={search_term_string}"},"query-input":{"@type":"PropertyValueSpecification","valueRequired":true,"valueName":"search_term_string"}}],"inLanguage":"es"}]}},"_links":{"self":[{"href":"https:\/\/indic.cat\/es\/wp-json\/wp\/v2\/projecte\/4260","targetHints":{"allow":["GET"]}}],"collection":[{"href":"https:\/\/indic.cat\/es\/wp-json\/wp\/v2\/projecte"}],"about":[{"href":"https:\/\/indic.cat\/es\/wp-json\/wp\/v2\/types\/projecte"}],"version-history":[{"count":3,"href":"https:\/\/indic.cat\/es\/wp-json\/wp\/v2\/projecte\/4260\/revisions"}],"predecessor-version":[{"id":6124,"href":"https:\/\/indic.cat\/es\/wp-json\/wp\/v2\/projecte\/4260\/revisions\/6124"}],"wp:featuredmedia":[{"embeddable":true,"href":"https:\/\/indic.cat\/es\/wp-json\/wp\/v2\/media\/4101"}],"wp:attachment":[{"href":"https:\/\/indic.cat\/es\/wp-json\/wp\/v2\/media?parent=4260"}],"wp:term":[{"taxonomy":"categoria-servei","embeddable":true,"href":"https:\/\/indic.cat\/es\/wp-json\/wp\/v2\/categoria-servei?post=4260"}],"curies":[{"name":"wp","href":"https:\/\/api.w.org\/{rel}","templated":true}]}}

Jornada de reflexión estratégica del Instituto Municipal de Servicios Sociales de Barcelona (2023)

<p>INDIC dinamizó la jornada de reflexión estratégica dirigida a responsables de las diferentes direcciones y departamentos del Instituto Municipal de Servicios Sociales de Barcelona (IMSS) con relación a los retos estratégicos y los proyectos innovadores.</p>
<p>Este proceso de reflexión se estructuró en dos fases: una primera fase de trabajo interno consistente en encuentros con el departamento responsable para definir la documentación relevante, los proyectos actuales y los retos. Y una segunda fase de trabajo compartida en la que INDIC dinamizó una jornada de reflexión estratégica dirigida a responsables de las diferentes direcciones y departamentos.</p>
<p>Las principales tareas que se desarrollaron fueron:</p>
<p>Diseño metodológico y coordinación técnica para la preparación de la jornada.<br />
Dinamización de la jornada.<br />
Elaboración del informe de los resultados de las reflexiones realizadas a la jornada.</p>

<p>INDIC dinamizó la jornada de reflexión estratégica dirigida a responsables de las diferentes direcciones y departamentos del Instituto Municipal de Servicios Sociales de Barcelona (IMSS) con relación a los retos estratégicos y los proyectos innovadores. Este proceso de reflexión se estructuró en dos fases: una primera fase de trabajo interno consistente en encuentros con el [&hellip;]</p>

<!-- This site is optimized with the Yoast SEO plugin v27.4 - https://yoast.com/product/yoast-seo-wordpress/ -->
<title>Jornada de reflexión estratégica del Instituto Municipal de Servicios Sociales de Barcelona (2023) - My CMS</title>
<meta name="robots" content="index, follow, max-snippet:-1, max-image-preview:large, max-video-preview:-1" />
<link rel="canonical" href="https://indic.cat/es/projecte/jornada-de-reflexion-estrategica-del-instituto-municipal-de-servicios-sociales-de-barcelona-2023/" />
<meta property="og:locale" content="es_ES" />
<meta property="og:type" content="article" />
<meta property="og:title" content="Jornada de reflexión estratégica del Instituto Municipal de Servicios Sociales de Barcelona (2023) - My CMS" />
<meta property="og:description" content="INDIC dinamizó la jornada de reflexión estratégica dirigida a responsables de las diferentes direcciones y departamentos del Instituto Municipal de Servicios Sociales de Barcelona (IMSS) con relación a los retos estratégicos y los proyectos innovadores. Este proceso de reflexión se estructuró en dos fases: una primera fase de trabajo interno consistente en encuentros con el [&hellip;]" />
<meta property="og:url" content="https://indic.cat/es/projecte/jornada-de-reflexion-estrategica-del-instituto-municipal-de-servicios-sociales-de-barcelona-2023/" />
<meta property="og:site_name" content="My CMS" />
<meta property="article:publisher" content="https://www.facebook.com/Indic-Iniciatives-i-Din%c3%a0miques-Comunit%c3%a0ries-362170033806658/" />
<meta property="article:modified_time" content="2024-07-29T07:10:57+00:00" />
<meta property="og:image" content="https://indic.cat/wp-content/uploads/2023/09/2.1.-Jornada-IMSS-scaled.jpg" />
	<meta property="og:image:width" content="2560" />
	<meta property="og:image:height" content="1440" />
	<meta property="og:image:type" content="image/jpeg" />
<meta name="twitter:card" content="summary_large_image" />
<meta name="twitter:site" content="@IndicSL" />
<meta name="twitter:label1" content="Tiempo de lectura" />
	<meta name="twitter:data1" content="1 minuto" />
<script type="application/ld+json" class="yoast-schema-graph">{"@context":"https:\/\/schema.org","@graph":[{"@type":"WebPage","@id":"https:\/\/indic.cat\/es\/projecte\/jornada-de-reflexion-estrategica-del-instituto-municipal-de-servicios-sociales-de-barcelona-2023\/","url":"https:\/\/indic.cat\/es\/projecte\/jornada-de-reflexion-estrategica-del-instituto-municipal-de-servicios-sociales-de-barcelona-2023\/","name":"Jornada de reflexión estratégica del Instituto Municipal de Servicios Sociales de Barcelona (2023) - My CMS","isPartOf":{"@id":"https:\/\/indic.cat\/#website"},"primaryImageOfPage":{"@id":"https:\/\/indic.cat\/es\/projecte\/jornada-de-reflexion-estrategica-del-instituto-municipal-de-servicios-sociales-de-barcelona-2023\/#primaryimage"},"image":{"@id":"https:\/\/indic.cat\/es\/projecte\/jornada-de-reflexion-estrategica-del-instituto-municipal-de-servicios-sociales-de-barcelona-2023\/#primaryimage"},"thumbnailUrl":"https:\/\/indic.cat\/wp-content\/uploads\/2023\/09\/2.1.-Jornada-IMSS-scaled.jpg","datePublished":"2023-09-22T11:16:47+00:00","dateModified":"2024-07-29T07:10:57+00:00","breadcrumb":{"@id":"https:\/\/indic.cat\/es\/projecte\/jornada-de-reflexion-estrategica-del-instituto-municipal-de-servicios-sociales-de-barcelona-2023\/#breadcrumb"},"inLanguage":"es","potentialAction":[{"@type":"ReadAction","target":["https:\/\/indic.cat\/es\/projecte\/jornada-de-reflexion-estrategica-del-instituto-municipal-de-servicios-sociales-de-barcelona-2023\/"]}]},{"@type":"ImageObject","inLanguage":"es","@id":"https:\/\/indic.cat\/es\/projecte\/jornada-de-reflexion-estrategica-del-instituto-municipal-de-servicios-sociales-de-barcelona-2023\/#primaryimage","url":"https:\/\/indic.cat\/wp-content\/uploads\/2023\/09\/2.1.-Jornada-IMSS-scaled.jpg","contentUrl":"https:\/\/indic.cat\/wp-content\/uploads\/2023\/09\/2.1.-Jornada-IMSS-scaled.jpg","width":2560,"height":1440,"caption":"2.1. Jornada IMSS"},{"@type":"BreadcrumbList","@id":"https:\/\/indic.cat\/es\/projecte\/jornada-de-reflexion-estrategica-del-instituto-municipal-de-servicios-sociales-de-barcelona-2023\/#breadcrumb","itemListElement":[{"@type":"ListItem","position":1,"name":"Inici","item":"https:\/\/indic.cat\/es\/iniciativas-y-dinamicas-comunitarias\/"},{"@type":"ListItem","position":2,"name":"Projectes","item":"https:\/\/indic.cat\/projecte\/"},{"@type":"ListItem","position":3,"name":"Jornada de reflexión estratégica del Instituto Municipal de Servicios Sociales de Barcelona (2023)"}]},{"@type":"WebSite","@id":"https:\/\/indic.cat\/#website","url":"https:\/\/indic.cat\/","name":"My CMS","description":"Iniciatives i dinàmiques comunitàries","potentialAction":[{"@type":"SearchAction","target":{"@type":"EntryPoint","urlTemplate":"https:\/\/indic.cat\/?s={search_term_string}"},"query-input":{"@type":"PropertyValueSpecification","valueRequired":true,"valueName":"search_term_string"}}],"inLanguage":"es"}]}</script>
<!-- / Yoast SEO plugin. -->

Jornada de reflexión estratégica del Instituto Municipal de Servicios Sociales de Barcelona (2023) - My CMS

INDIC dinamizó la jornada de reflexión estratégica dirigida a responsables de las diferentes direcciones y departamentos del Instituto Municipal de Servicios Sociales de Barcelona (IMSS) con relación a los retos estratégicos y los proyectos innovadores. Este proceso de reflexión se estructuró en dos fases: una primera fase de trabajo interno consistente en encuentros con el [&hellip;]

Iniciatives i dinàmiques comunitàries
