{"id":4262,"date":"2023-09-22T13:13:28","date_gmt":"2023-09-22T11:13:28","guid":{"rendered":"https:\/\/indic.cat\/?post_type=projecte&#038;p=4262"},"modified":"2024-07-29T09:12:42","modified_gmt":"2024-07-29T07:12:42","slug":"acompanamiento-y-apoyo-metodologico-en-la-definicion-del-centro-de-vida-comunitaria-de-trinidad-vieja-2022","status":"publish","type":"projecte","link":"https:\/\/indic.cat\/es\/projecte\/acompanamiento-y-apoyo-metodologico-en-la-definicion-del-centro-de-vida-comunitaria-de-trinidad-vieja-2022\/","title":{"rendered":"Acompa\u00f1amiento y apoyo metodol\u00f3gico en la definici\u00f3n del Centro de Vida Comunitaria de Trinidad Vieja (2022)"},"content":{"rendered":"<p>INDIC acompa\u00f1\u00f3 el Servicio de Acci\u00f3n Comunitaria del Ayuntamiento de Barcelona en el dise\u00f1o y dinamizaci\u00f3n de diferentes sesiones con grupos de ciudadan\u00eda organizada y no organizada del barrio de Trinidad Vieja del Distrito de San Andreu, con el objetivo de poder recoger sus aportaciones en relaci\u00f3n a la nueva equipaci\u00f3n Centro de Vida Comunitaria Puerta Trinidad, que se abrir\u00eda en su barrio.<\/p>\n<p>El objetivo de estas sesiones consisti\u00f3 al permitir detectar las necesidades de la ciudadan\u00eda para tenerlas en cuenta en la hora de definir la metodolog\u00eda de funcionamiento de la nueva equipaci\u00f3n, as\u00ed como definir qu\u00e9 papel se quer\u00eda que tuviera la ciudadan\u00eda en esta nueva equipaci\u00f3n del barrio.<\/p>\n<p>Las tareas principales que se desarrollaron fueron:<\/p>\n<p>Dise\u00f1o y apoyo metodol\u00f3gico del proceso de trabajo.<br \/>\nDise\u00f1o de las din\u00e1micas de las sesiones de trabajo.<br \/>\nDinamizaci\u00f3n de las sesiones de trabajo con diferentes grupos y reuniones con los servicios y profesionales del territorio.<br \/>\nElaboraci\u00f3n de los informes de resultados de las sesiones.<br \/>\nElaboraci\u00f3n del informe final con los resultados obtenidos del proceso de trabajo.<\/p>\n","protected":false},"excerpt":{"rendered":"<p>INDIC acompa\u00f1\u00f3 el Servicio de Acci\u00f3n Comunitaria del Ayuntamiento de Barcelona en el dise\u00f1o y dinamizaci\u00f3n de diferentes sesiones con grupos de ciudadan\u00eda organizada y no organizada del barrio de Trinidad Vieja del Distrito de San Andreu, con el objetivo de poder recoger sus aportaciones en relaci\u00f3n a la nueva equipaci\u00f3n Centro de Vida Comunitaria [&hellip;]<\/p>\n","protected":false},"featured_media":4096,"menu_order":0,"template":"","meta":{"_acf_changed":false,"footnotes":""},"categoria-servei":[],"class_list":["post-4262","projecte","type-projecte","status-publish","has-post-thumbnail","hentry"],"acf":[],"yoast_head":"<!-- This site is optimized with the Yoast SEO plugin v27.5 - https:\/\/yoast.com\/product\/yoast-seo-wordpress\/ -->\n<title>Acompa\u00f1amiento y apoyo metodol\u00f3gico en la definici\u00f3n del Centro de Vida Comunitaria de Trinidad Vieja (2022) - My CMS<\/title>\n<meta name=\"robots\" content=\"index, follow, max-snippet:-1, max-image-preview:large, max-video-preview:-1\" \/>\n<link rel=\"canonical\" href=\"https:\/\/indic.cat\/es\/projecte\/acompanamiento-y-apoyo-metodologico-en-la-definicion-del-centro-de-vida-comunitaria-de-trinidad-vieja-2022\/\" \/>\n<meta property=\"og:locale\" content=\"es_ES\" \/>\n<meta property=\"og:type\" content=\"article\" \/>\n<meta property=\"og:title\" content=\"Acompa\u00f1amiento y apoyo metodol\u00f3gico en la definici\u00f3n del Centro de Vida Comunitaria de Trinidad Vieja (2022) - My CMS\" \/>\n<meta property=\"og:description\" content=\"INDIC acompa\u00f1\u00f3 el Servicio de Acci\u00f3n Comunitaria del Ayuntamiento de Barcelona en el dise\u00f1o y dinamizaci\u00f3n de diferentes sesiones con grupos de ciudadan\u00eda organizada y no organizada del barrio de Trinidad Vieja del Distrito de San Andreu, con el objetivo de poder recoger sus aportaciones en relaci\u00f3n a la nueva equipaci\u00f3n Centro de Vida Comunitaria [&hellip;]\" \/>\n<meta property=\"og:url\" content=\"https:\/\/indic.cat\/es\/projecte\/acompanamiento-y-apoyo-metodologico-en-la-definicion-del-centro-de-vida-comunitaria-de-trinidad-vieja-2022\/\" \/>\n<meta property=\"og:site_name\" content=\"My CMS\" \/>\n<meta property=\"article:publisher\" content=\"https:\/\/www.facebook.com\/Indic-Iniciatives-i-Din%c3%a0miques-Comunit%c3%a0ries-362170033806658\/\" \/>\n<meta property=\"article:modified_time\" content=\"2024-07-29T07:12:42+00:00\" \/>\n<meta property=\"og:image\" content=\"https:\/\/indic.cat\/wp-content\/uploads\/2023\/09\/1.4.-CVC-Trini-scaled.jpg\" \/>\n\t<meta property=\"og:image:width\" content=\"2560\" \/>\n\t<meta property=\"og:image:height\" content=\"1545\" \/>\n\t<meta property=\"og:image:type\" content=\"image\/jpeg\" \/>\n<meta name=\"twitter:card\" content=\"summary_large_image\" \/>\n<meta name=\"twitter:site\" content=\"@IndicSL\" \/>\n<meta name=\"twitter:label1\" content=\"Tiempo de lectura\" \/>\n\t<meta name=\"twitter:data1\" content=\"2 minutos\" \/>\n<script type=\"application\/ld+json\" class=\"yoast-schema-graph\">{\"@context\":\"https:\\\/\\\/schema.org\",\"@graph\":[{\"@type\":\"WebPage\",\"@id\":\"https:\\\/\\\/indic.cat\\\/es\\\/projecte\\\/acompanamiento-y-apoyo-metodologico-en-la-definicion-del-centro-de-vida-comunitaria-de-trinidad-vieja-2022\\\/\",\"url\":\"https:\\\/\\\/indic.cat\\\/es\\\/projecte\\\/acompanamiento-y-apoyo-metodologico-en-la-definicion-del-centro-de-vida-comunitaria-de-trinidad-vieja-2022\\\/\",\"name\":\"Acompa\u00f1amiento y apoyo metodol\u00f3gico en la definici\u00f3n del Centro de Vida Comunitaria de Trinidad Vieja (2022) - My CMS\",\"isPartOf\":{\"@id\":\"https:\\\/\\\/indic.cat\\\/#website\"},\"primaryImageOfPage\":{\"@id\":\"https:\\\/\\\/indic.cat\\\/es\\\/projecte\\\/acompanamiento-y-apoyo-metodologico-en-la-definicion-del-centro-de-vida-comunitaria-de-trinidad-vieja-2022\\\/#primaryimage\"},\"image\":{\"@id\":\"https:\\\/\\\/indic.cat\\\/es\\\/projecte\\\/acompanamiento-y-apoyo-metodologico-en-la-definicion-del-centro-de-vida-comunitaria-de-trinidad-vieja-2022\\\/#primaryimage\"},\"thumbnailUrl\":\"https:\\\/\\\/indic.cat\\\/wp-content\\\/uploads\\\/2023\\\/09\\\/1.4.-CVC-Trini-scaled.jpg\",\"datePublished\":\"2023-09-22T11:13:28+00:00\",\"dateModified\":\"2024-07-29T07:12:42+00:00\",\"breadcrumb\":{\"@id\":\"https:\\\/\\\/indic.cat\\\/es\\\/projecte\\\/acompanamiento-y-apoyo-metodologico-en-la-definicion-del-centro-de-vida-comunitaria-de-trinidad-vieja-2022\\\/#breadcrumb\"},\"inLanguage\":\"es\",\"potentialAction\":[{\"@type\":\"ReadAction\",\"target\":[\"https:\\\/\\\/indic.cat\\\/es\\\/projecte\\\/acompanamiento-y-apoyo-metodologico-en-la-definicion-del-centro-de-vida-comunitaria-de-trinidad-vieja-2022\\\/\"]}]},{\"@type\":\"ImageObject\",\"inLanguage\":\"es\",\"@id\":\"https:\\\/\\\/indic.cat\\\/es\\\/projecte\\\/acompanamiento-y-apoyo-metodologico-en-la-definicion-del-centro-de-vida-comunitaria-de-trinidad-vieja-2022\\\/#primaryimage\",\"url\":\"https:\\\/\\\/indic.cat\\\/wp-content\\\/uploads\\\/2023\\\/09\\\/1.4.-CVC-Trini-scaled.jpg\",\"contentUrl\":\"https:\\\/\\\/indic.cat\\\/wp-content\\\/uploads\\\/2023\\\/09\\\/1.4.-CVC-Trini-scaled.jpg\",\"width\":2560,\"height\":1545,\"caption\":\"1.4. CVC Trini\"},{\"@type\":\"BreadcrumbList\",\"@id\":\"https:\\\/\\\/indic.cat\\\/es\\\/projecte\\\/acompanamiento-y-apoyo-metodologico-en-la-definicion-del-centro-de-vida-comunitaria-de-trinidad-vieja-2022\\\/#breadcrumb\",\"itemListElement\":[{\"@type\":\"ListItem\",\"position\":1,\"name\":\"Inici\",\"item\":\"https:\\\/\\\/indic.cat\\\/es\\\/iniciativas-y-dinamicas-comunitarias\\\/\"},{\"@type\":\"ListItem\",\"position\":2,\"name\":\"Projectes\",\"item\":\"https:\\\/\\\/indic.cat\\\/projecte\\\/\"},{\"@type\":\"ListItem\",\"position\":3,\"name\":\"Acompa\u00f1amiento y apoyo metodol\u00f3gico en la definici\u00f3n del Centro de Vida Comunitaria de Trinidad Vieja (2022)\"}]},{\"@type\":\"WebSite\",\"@id\":\"https:\\\/\\\/indic.cat\\\/#website\",\"url\":\"https:\\\/\\\/indic.cat\\\/\",\"name\":\"My CMS\",\"description\":\"Iniciatives i din\u00e0miques comunit\u00e0ries\",\"potentialAction\":[{\"@type\":\"SearchAction\",\"target\":{\"@type\":\"EntryPoint\",\"urlTemplate\":\"https:\\\/\\\/indic.cat\\\/?s={search_term_string}\"},\"query-input\":{\"@type\":\"PropertyValueSpecification\",\"valueRequired\":true,\"valueName\":\"search_term_string\"}}],\"inLanguage\":\"es\"}]}<\/script>\n<!-- \/ Yoast SEO plugin. -->","yoast_head_json":{"title":"Acompa\u00f1amiento y apoyo metodol\u00f3gico en la definici\u00f3n del Centro de Vida Comunitaria de Trinidad Vieja (2022) - My CMS","robots":{"index":"index","follow":"follow","max-snippet":"max-snippet:-1","max-image-preview":"max-image-preview:large","max-video-preview":"max-video-preview:-1"},"canonical":"https:\/\/indic.cat\/es\/projecte\/acompanamiento-y-apoyo-metodologico-en-la-definicion-del-centro-de-vida-comunitaria-de-trinidad-vieja-2022\/","og_locale":"es_ES","og_type":"article","og_title":"Acompa\u00f1amiento y apoyo metodol\u00f3gico en la definici\u00f3n del Centro de Vida Comunitaria de Trinidad Vieja (2022) - My CMS","og_description":"INDIC acompa\u00f1\u00f3 el Servicio de Acci\u00f3n Comunitaria del Ayuntamiento de Barcelona en el dise\u00f1o y dinamizaci\u00f3n de diferentes sesiones con grupos de ciudadan\u00eda organizada y no organizada del barrio de Trinidad Vieja del Distrito de San Andreu, con el objetivo de poder recoger sus aportaciones en relaci\u00f3n a la nueva equipaci\u00f3n Centro de Vida Comunitaria [&hellip;]","og_url":"https:\/\/indic.cat\/es\/projecte\/acompanamiento-y-apoyo-metodologico-en-la-definicion-del-centro-de-vida-comunitaria-de-trinidad-vieja-2022\/","og_site_name":"My CMS","article_publisher":"https:\/\/www.facebook.com\/Indic-Iniciatives-i-Din%c3%a0miques-Comunit%c3%a0ries-362170033806658\/","article_modified_time":"2024-07-29T07:12:42+00:00","og_image":[{"width":2560,"height":1545,"url":"https:\/\/indic.cat\/wp-content\/uploads\/2023\/09\/1.4.-CVC-Trini-scaled.jpg","type":"image\/jpeg"}],"twitter_card":"summary_large_image","twitter_site":"@IndicSL","twitter_misc":{"Tiempo de lectura":"2 minutos"},"schema":{"@context":"https:\/\/schema.org","@graph":[{"@type":"WebPage","@id":"https:\/\/indic.cat\/es\/projecte\/acompanamiento-y-apoyo-metodologico-en-la-definicion-del-centro-de-vida-comunitaria-de-trinidad-vieja-2022\/","url":"https:\/\/indic.cat\/es\/projecte\/acompanamiento-y-apoyo-metodologico-en-la-definicion-del-centro-de-vida-comunitaria-de-trinidad-vieja-2022\/","name":"Acompa\u00f1amiento y apoyo metodol\u00f3gico en la definici\u00f3n del Centro de Vida Comunitaria de Trinidad Vieja (2022) - My CMS","isPartOf":{"@id":"https:\/\/indic.cat\/#website"},"primaryImageOfPage":{"@id":"https:\/\/indic.cat\/es\/projecte\/acompanamiento-y-apoyo-metodologico-en-la-definicion-del-centro-de-vida-comunitaria-de-trinidad-vieja-2022\/#primaryimage"},"image":{"@id":"https:\/\/indic.cat\/es\/projecte\/acompanamiento-y-apoyo-metodologico-en-la-definicion-del-centro-de-vida-comunitaria-de-trinidad-vieja-2022\/#primaryimage"},"thumbnailUrl":"https:\/\/indic.cat\/wp-content\/uploads\/2023\/09\/1.4.-CVC-Trini-scaled.jpg","datePublished":"2023-09-22T11:13:28+00:00","dateModified":"2024-07-29T07:12:42+00:00","breadcrumb":{"@id":"https:\/\/indic.cat\/es\/projecte\/acompanamiento-y-apoyo-metodologico-en-la-definicion-del-centro-de-vida-comunitaria-de-trinidad-vieja-2022\/#breadcrumb"},"inLanguage":"es","potentialAction":[{"@type":"ReadAction","target":["https:\/\/indic.cat\/es\/projecte\/acompanamiento-y-apoyo-metodologico-en-la-definicion-del-centro-de-vida-comunitaria-de-trinidad-vieja-2022\/"]}]},{"@type":"ImageObject","inLanguage":"es","@id":"https:\/\/indic.cat\/es\/projecte\/acompanamiento-y-apoyo-metodologico-en-la-definicion-del-centro-de-vida-comunitaria-de-trinidad-vieja-2022\/#primaryimage","url":"https:\/\/indic.cat\/wp-content\/uploads\/2023\/09\/1.4.-CVC-Trini-scaled.jpg","contentUrl":"https:\/\/indic.cat\/wp-content\/uploads\/2023\/09\/1.4.-CVC-Trini-scaled.jpg","width":2560,"height":1545,"caption":"1.4. CVC Trini"},{"@type":"BreadcrumbList","@id":"https:\/\/indic.cat\/es\/projecte\/acompanamiento-y-apoyo-metodologico-en-la-definicion-del-centro-de-vida-comunitaria-de-trinidad-vieja-2022\/#breadcrumb","itemListElement":[{"@type":"ListItem","position":1,"name":"Inici","item":"https:\/\/indic.cat\/es\/iniciativas-y-dinamicas-comunitarias\/"},{"@type":"ListItem","position":2,"name":"Projectes","item":"https:\/\/indic.cat\/projecte\/"},{"@type":"ListItem","position":3,"name":"Acompa\u00f1amiento y apoyo metodol\u00f3gico en la definici\u00f3n del Centro de Vida Comunitaria de Trinidad Vieja (2022)"}]},{"@type":"WebSite","@id":"https:\/\/indic.cat\/#website","url":"https:\/\/indic.cat\/","name":"My CMS","description":"Iniciatives i din\u00e0miques comunit\u00e0ries","potentialAction":[{"@type":"SearchAction","target":{"@type":"EntryPoint","urlTemplate":"https:\/\/indic.cat\/?s={search_term_string}"},"query-input":{"@type":"PropertyValueSpecification","valueRequired":true,"valueName":"search_term_string"}}],"inLanguage":"es"}]}},"_links":{"self":[{"href":"https:\/\/indic.cat\/es\/wp-json\/wp\/v2\/projecte\/4262","targetHints":{"allow":["GET"]}}],"collection":[{"href":"https:\/\/indic.cat\/es\/wp-json\/wp\/v2\/projecte"}],"about":[{"href":"https:\/\/indic.cat\/es\/wp-json\/wp\/v2\/types\/projecte"}],"version-history":[{"count":3,"href":"https:\/\/indic.cat\/es\/wp-json\/wp\/v2\/projecte\/4262\/revisions"}],"predecessor-version":[{"id":6127,"href":"https:\/\/indic.cat\/es\/wp-json\/wp\/v2\/projecte\/4262\/revisions\/6127"}],"wp:featuredmedia":[{"embeddable":true,"href":"https:\/\/indic.cat\/es\/wp-json\/wp\/v2\/media\/4096"}],"wp:attachment":[{"href":"https:\/\/indic.cat\/es\/wp-json\/wp\/v2\/media?parent=4262"}],"wp:term":[{"taxonomy":"categoria-servei","embeddable":true,"href":"https:\/\/indic.cat\/es\/wp-json\/wp\/v2\/categoria-servei?post=4262"}],"curies":[{"name":"wp","href":"https:\/\/api.w.org\/{rel}","templated":true}]}}

Acompañamiento y apoyo metodológico en la definición del Centro de Vida Comunitaria de Trinidad Vieja (2022)

<p>INDIC acompañó el Servicio de Acción Comunitaria del Ayuntamiento de Barcelona en el diseño y dinamización de diferentes sesiones con grupos de ciudadanía organizada y no organizada del barrio de Trinidad Vieja del Distrito de San Andreu, con el objetivo de poder recoger sus aportaciones en relación a la nueva equipación Centro de Vida Comunitaria Puerta Trinidad, que se abriría en su barrio.</p>
<p>El objetivo de estas sesiones consistió al permitir detectar las necesidades de la ciudadanía para tenerlas en cuenta en la hora de definir la metodología de funcionamiento de la nueva equipación, así como definir qué papel se quería que tuviera la ciudadanía en esta nueva equipación del barrio.</p>
<p>Las tareas principales que se desarrollaron fueron:</p>
<p>Diseño y apoyo metodológico del proceso de trabajo.<br />
Diseño de las dinámicas de las sesiones de trabajo.<br />
Dinamización de las sesiones de trabajo con diferentes grupos y reuniones con los servicios y profesionales del territorio.<br />
Elaboración de los informes de resultados de las sesiones.<br />
Elaboración del informe final con los resultados obtenidos del proceso de trabajo.</p>

<p>INDIC acompañó el Servicio de Acción Comunitaria del Ayuntamiento de Barcelona en el diseño y dinamización de diferentes sesiones con grupos de ciudadanía organizada y no organizada del barrio de Trinidad Vieja del Distrito de San Andreu, con el objetivo de poder recoger sus aportaciones en relación a la nueva equipación Centro de Vida Comunitaria [&hellip;]</p>

<!-- This site is optimized with the Yoast SEO plugin v27.5 - https://yoast.com/product/yoast-seo-wordpress/ -->
<title>Acompañamiento y apoyo metodológico en la definición del Centro de Vida Comunitaria de Trinidad Vieja (2022) - My CMS</title>
<meta name="robots" content="index, follow, max-snippet:-1, max-image-preview:large, max-video-preview:-1" />
<link rel="canonical" href="https://indic.cat/es/projecte/acompanamiento-y-apoyo-metodologico-en-la-definicion-del-centro-de-vida-comunitaria-de-trinidad-vieja-2022/" />
<meta property="og:locale" content="es_ES" />
<meta property="og:type" content="article" />
<meta property="og:title" content="Acompañamiento y apoyo metodológico en la definición del Centro de Vida Comunitaria de Trinidad Vieja (2022) - My CMS" />
<meta property="og:description" content="INDIC acompañó el Servicio de Acción Comunitaria del Ayuntamiento de Barcelona en el diseño y dinamización de diferentes sesiones con grupos de ciudadanía organizada y no organizada del barrio de Trinidad Vieja del Distrito de San Andreu, con el objetivo de poder recoger sus aportaciones en relación a la nueva equipación Centro de Vida Comunitaria [&hellip;]" />
<meta property="og:url" content="https://indic.cat/es/projecte/acompanamiento-y-apoyo-metodologico-en-la-definicion-del-centro-de-vida-comunitaria-de-trinidad-vieja-2022/" />
<meta property="og:site_name" content="My CMS" />
<meta property="article:publisher" content="https://www.facebook.com/Indic-Iniciatives-i-Din%c3%a0miques-Comunit%c3%a0ries-362170033806658/" />
<meta property="article:modified_time" content="2024-07-29T07:12:42+00:00" />
<meta property="og:image" content="https://indic.cat/wp-content/uploads/2023/09/1.4.-CVC-Trini-scaled.jpg" />
	<meta property="og:image:width" content="2560" />
	<meta property="og:image:height" content="1545" />
	<meta property="og:image:type" content="image/jpeg" />
<meta name="twitter:card" content="summary_large_image" />
<meta name="twitter:site" content="@IndicSL" />
<meta name="twitter:label1" content="Tiempo de lectura" />
	<meta name="twitter:data1" content="2 minutos" />
<script type="application/ld+json" class="yoast-schema-graph">{"@context":"https:\/\/schema.org","@graph":[{"@type":"WebPage","@id":"https:\/\/indic.cat\/es\/projecte\/acompanamiento-y-apoyo-metodologico-en-la-definicion-del-centro-de-vida-comunitaria-de-trinidad-vieja-2022\/","url":"https:\/\/indic.cat\/es\/projecte\/acompanamiento-y-apoyo-metodologico-en-la-definicion-del-centro-de-vida-comunitaria-de-trinidad-vieja-2022\/","name":"Acompañamiento y apoyo metodológico en la definición del Centro de Vida Comunitaria de Trinidad Vieja (2022) - My CMS","isPartOf":{"@id":"https:\/\/indic.cat\/#website"},"primaryImageOfPage":{"@id":"https:\/\/indic.cat\/es\/projecte\/acompanamiento-y-apoyo-metodologico-en-la-definicion-del-centro-de-vida-comunitaria-de-trinidad-vieja-2022\/#primaryimage"},"image":{"@id":"https:\/\/indic.cat\/es\/projecte\/acompanamiento-y-apoyo-metodologico-en-la-definicion-del-centro-de-vida-comunitaria-de-trinidad-vieja-2022\/#primaryimage"},"thumbnailUrl":"https:\/\/indic.cat\/wp-content\/uploads\/2023\/09\/1.4.-CVC-Trini-scaled.jpg","datePublished":"2023-09-22T11:13:28+00:00","dateModified":"2024-07-29T07:12:42+00:00","breadcrumb":{"@id":"https:\/\/indic.cat\/es\/projecte\/acompanamiento-y-apoyo-metodologico-en-la-definicion-del-centro-de-vida-comunitaria-de-trinidad-vieja-2022\/#breadcrumb"},"inLanguage":"es","potentialAction":[{"@type":"ReadAction","target":["https:\/\/indic.cat\/es\/projecte\/acompanamiento-y-apoyo-metodologico-en-la-definicion-del-centro-de-vida-comunitaria-de-trinidad-vieja-2022\/"]}]},{"@type":"ImageObject","inLanguage":"es","@id":"https:\/\/indic.cat\/es\/projecte\/acompanamiento-y-apoyo-metodologico-en-la-definicion-del-centro-de-vida-comunitaria-de-trinidad-vieja-2022\/#primaryimage","url":"https:\/\/indic.cat\/wp-content\/uploads\/2023\/09\/1.4.-CVC-Trini-scaled.jpg","contentUrl":"https:\/\/indic.cat\/wp-content\/uploads\/2023\/09\/1.4.-CVC-Trini-scaled.jpg","width":2560,"height":1545,"caption":"1.4. CVC Trini"},{"@type":"BreadcrumbList","@id":"https:\/\/indic.cat\/es\/projecte\/acompanamiento-y-apoyo-metodologico-en-la-definicion-del-centro-de-vida-comunitaria-de-trinidad-vieja-2022\/#breadcrumb","itemListElement":[{"@type":"ListItem","position":1,"name":"Inici","item":"https:\/\/indic.cat\/es\/iniciativas-y-dinamicas-comunitarias\/"},{"@type":"ListItem","position":2,"name":"Projectes","item":"https:\/\/indic.cat\/projecte\/"},{"@type":"ListItem","position":3,"name":"Acompañamiento y apoyo metodológico en la definición del Centro de Vida Comunitaria de Trinidad Vieja (2022)"}]},{"@type":"WebSite","@id":"https:\/\/indic.cat\/#website","url":"https:\/\/indic.cat\/","name":"My CMS","description":"Iniciatives i dinàmiques comunitàries","potentialAction":[{"@type":"SearchAction","target":{"@type":"EntryPoint","urlTemplate":"https:\/\/indic.cat\/?s={search_term_string}"},"query-input":{"@type":"PropertyValueSpecification","valueRequired":true,"valueName":"search_term_string"}}],"inLanguage":"es"}]}</script>
<!-- / Yoast SEO plugin. -->

Acompañamiento y apoyo metodológico en la definición del Centro de Vida Comunitaria de Trinidad Vieja (2022) - My CMS

INDIC acompañó el Servicio de Acción Comunitaria del Ayuntamiento de Barcelona en el diseño y dinamización de diferentes sesiones con grupos de ciudadanía organizada y no organizada del barrio de Trinidad Vieja del Distrito de San Andreu, con el objetivo de poder recoger sus aportaciones en relación a la nueva equipación Centro de Vida Comunitaria [&hellip;]

Iniciatives i dinàmiques comunitàries
