{"id":4278,"date":"2023-09-21T11:01:33","date_gmt":"2023-09-21T09:01:33","guid":{"rendered":"https:\/\/indic.cat\/?post_type=projecte&#038;p=4278"},"modified":"2024-07-29T09:36:15","modified_gmt":"2024-07-29T07:36:15","slug":"diagnosis-y-plan-de-accion-de-envejecimiento-activo-de-vilanova-i-la-geltru-2023","status":"publish","type":"projecte","link":"https:\/\/indic.cat\/es\/projecte\/diagnosis-y-plan-de-accion-de-envejecimiento-activo-de-vilanova-i-la-geltru-2023\/","title":{"rendered":"Diagnosis y plan de Acci\u00f3n de Envejecimiento activo de Vilanova i la Geltr\u00fa (2023)"},"content":{"rendered":"<p>INDIC acompa\u00f1\u00f3 el \u00c1rea de Igualdad y Sostenibilidad Social de la Diputaci\u00f3n de Barcelona en el apoyo al Ayuntamiento de Vilanova i la Geltr\u00fa en la elaboraci\u00f3n de la diagnosis y el plan de acci\u00f3n en el \u00e1mbito del envejecimiento activo con el objetivo de mejorar la calidad de vida de las personas grandes.<\/p>\n<p>La finalidad del apoyo consisti\u00f3, en primer lugar, en la elaboraci\u00f3n de una diagnosis de la realidad social: identificando los servicios, recursos e instituciones y organizaciones que intervienen en temas vinculados a las personas grandes, analizando los datos e informaciones disponibles, y recogiendo la visi\u00f3n de los agentes implicados y las personas grandes. En segundo lugar, se defini\u00f3 conjunto con el ayuntamiento el Plan de Acci\u00f3n del envejecimiento activo.<\/p>\n<p>Las tareas principales desarrolladas en Vilanova i la Geltr\u00fa fueron:<\/p>\n<p>Analizar la situaci\u00f3n actual de las personas grandes a trav\u00e9s de una mirada integral, teniendo en cuenta tanto las aproximaciones sociodemogr\u00e1ficas como las percepciones e interpretaciones de los agentes involucrados.<br \/>\nRecoger las visiones y las propuestas en relaci\u00f3n a las personas grandes expresadas por los agentes sociales y profesionales del municipio.<br \/>\nDetectar las necesidades existentes, los aspectos positivos, las barreras y las sugerencias de mejora de las personas grandes del municipio en los diferentes \u00e1mbitos que los afectan, as\u00ed como de los equipos profesionales que trabajan en estos \u00e1mbitos.<br \/>\nDefinir las estrategias de acci\u00f3n de acuerdo los resultados de la diagnosis y el an\u00e1lisis de la misma.<br \/>\nRedactar el plan de acci\u00f3n recogiendo las acciones a desplegar, los agentes implicados, las actuaciones, recursos y servicios en marcha vinculados existentes y el calendario de acci\u00f3n.<\/p>\n","protected":false},"excerpt":{"rendered":"<p>INDIC acompa\u00f1\u00f3 el \u00c1rea de Igualdad y Sostenibilidad Social de la Diputaci\u00f3n de Barcelona en el apoyo al Ayuntamiento de Vilanova i la Geltr\u00fa en la elaboraci\u00f3n de la diagnosis y el plan de acci\u00f3n en el \u00e1mbito del envejecimiento activo con el objetivo de mejorar la calidad de vida de las personas grandes. La [&hellip;]<\/p>\n","protected":false},"featured_media":4052,"menu_order":0,"template":"","meta":{"_acf_changed":false,"footnotes":""},"categoria-servei":[],"class_list":["post-4278","projecte","type-projecte","status-publish","has-post-thumbnail","hentry"],"acf":[],"yoast_head":"<!-- This site is optimized with the Yoast SEO plugin v27.4 - https:\/\/yoast.com\/product\/yoast-seo-wordpress\/ -->\n<title>Diagnosis y plan de Acci\u00f3n de Envejecimiento activo de Vilanova i la Geltr\u00fa (2023) - My CMS<\/title>\n<meta name=\"robots\" content=\"index, follow, max-snippet:-1, max-image-preview:large, max-video-preview:-1\" \/>\n<link rel=\"canonical\" href=\"https:\/\/indic.cat\/es\/projecte\/diagnosis-y-plan-de-accion-de-envejecimiento-activo-de-vilanova-i-la-geltru-2023\/\" \/>\n<meta property=\"og:locale\" content=\"es_ES\" \/>\n<meta property=\"og:type\" content=\"article\" \/>\n<meta property=\"og:title\" content=\"Diagnosis y plan de Acci\u00f3n de Envejecimiento activo de Vilanova i la Geltr\u00fa (2023) - My CMS\" \/>\n<meta property=\"og:description\" content=\"INDIC acompa\u00f1\u00f3 el \u00c1rea de Igualdad y Sostenibilidad Social de la Diputaci\u00f3n de Barcelona en el apoyo al Ayuntamiento de Vilanova i la Geltr\u00fa en la elaboraci\u00f3n de la diagnosis y el plan de acci\u00f3n en el \u00e1mbito del envejecimiento activo con el objetivo de mejorar la calidad de vida de las personas grandes. La [&hellip;]\" \/>\n<meta property=\"og:url\" content=\"https:\/\/indic.cat\/es\/projecte\/diagnosis-y-plan-de-accion-de-envejecimiento-activo-de-vilanova-i-la-geltru-2023\/\" \/>\n<meta property=\"og:site_name\" content=\"My CMS\" \/>\n<meta property=\"article:publisher\" content=\"https:\/\/www.facebook.com\/Indic-Iniciatives-i-Din%c3%a0miques-Comunit%c3%a0ries-362170033806658\/\" \/>\n<meta property=\"article:modified_time\" content=\"2024-07-29T07:36:15+00:00\" \/>\n<meta property=\"og:image\" content=\"https:\/\/indic.cat\/wp-content\/uploads\/2023\/09\/1.4.-vng-envelliment-actiu-scaled.jpg\" \/>\n\t<meta property=\"og:image:width\" content=\"2560\" \/>\n\t<meta property=\"og:image:height\" content=\"1920\" \/>\n\t<meta property=\"og:image:type\" content=\"image\/jpeg\" \/>\n<meta name=\"twitter:card\" content=\"summary_large_image\" \/>\n<meta name=\"twitter:site\" content=\"@IndicSL\" \/>\n<meta name=\"twitter:label1\" content=\"Tiempo de lectura\" \/>\n\t<meta name=\"twitter:data1\" content=\"2 minutos\" \/>\n<script type=\"application\/ld+json\" class=\"yoast-schema-graph\">{\"@context\":\"https:\\\/\\\/schema.org\",\"@graph\":[{\"@type\":\"WebPage\",\"@id\":\"https:\\\/\\\/indic.cat\\\/es\\\/projecte\\\/diagnosis-y-plan-de-accion-de-envejecimiento-activo-de-vilanova-i-la-geltru-2023\\\/\",\"url\":\"https:\\\/\\\/indic.cat\\\/es\\\/projecte\\\/diagnosis-y-plan-de-accion-de-envejecimiento-activo-de-vilanova-i-la-geltru-2023\\\/\",\"name\":\"Diagnosis y plan de Acci\u00f3n de Envejecimiento activo de Vilanova i la Geltr\u00fa (2023) - My CMS\",\"isPartOf\":{\"@id\":\"https:\\\/\\\/indic.cat\\\/#website\"},\"primaryImageOfPage\":{\"@id\":\"https:\\\/\\\/indic.cat\\\/es\\\/projecte\\\/diagnosis-y-plan-de-accion-de-envejecimiento-activo-de-vilanova-i-la-geltru-2023\\\/#primaryimage\"},\"image\":{\"@id\":\"https:\\\/\\\/indic.cat\\\/es\\\/projecte\\\/diagnosis-y-plan-de-accion-de-envejecimiento-activo-de-vilanova-i-la-geltru-2023\\\/#primaryimage\"},\"thumbnailUrl\":\"https:\\\/\\\/indic.cat\\\/wp-content\\\/uploads\\\/2023\\\/09\\\/1.4.-vng-envelliment-actiu-scaled.jpg\",\"datePublished\":\"2023-09-21T09:01:33+00:00\",\"dateModified\":\"2024-07-29T07:36:15+00:00\",\"breadcrumb\":{\"@id\":\"https:\\\/\\\/indic.cat\\\/es\\\/projecte\\\/diagnosis-y-plan-de-accion-de-envejecimiento-activo-de-vilanova-i-la-geltru-2023\\\/#breadcrumb\"},\"inLanguage\":\"es\",\"potentialAction\":[{\"@type\":\"ReadAction\",\"target\":[\"https:\\\/\\\/indic.cat\\\/es\\\/projecte\\\/diagnosis-y-plan-de-accion-de-envejecimiento-activo-de-vilanova-i-la-geltru-2023\\\/\"]}]},{\"@type\":\"ImageObject\",\"inLanguage\":\"es\",\"@id\":\"https:\\\/\\\/indic.cat\\\/es\\\/projecte\\\/diagnosis-y-plan-de-accion-de-envejecimiento-activo-de-vilanova-i-la-geltru-2023\\\/#primaryimage\",\"url\":\"https:\\\/\\\/indic.cat\\\/wp-content\\\/uploads\\\/2023\\\/09\\\/1.4.-vng-envelliment-actiu-scaled.jpg\",\"contentUrl\":\"https:\\\/\\\/indic.cat\\\/wp-content\\\/uploads\\\/2023\\\/09\\\/1.4.-vng-envelliment-actiu-scaled.jpg\",\"width\":2560,\"height\":1920,\"caption\":\"1.4. vng envelliment actiu\"},{\"@type\":\"BreadcrumbList\",\"@id\":\"https:\\\/\\\/indic.cat\\\/es\\\/projecte\\\/diagnosis-y-plan-de-accion-de-envejecimiento-activo-de-vilanova-i-la-geltru-2023\\\/#breadcrumb\",\"itemListElement\":[{\"@type\":\"ListItem\",\"position\":1,\"name\":\"Inici\",\"item\":\"https:\\\/\\\/indic.cat\\\/es\\\/iniciativas-y-dinamicas-comunitarias\\\/\"},{\"@type\":\"ListItem\",\"position\":2,\"name\":\"Projectes\",\"item\":\"https:\\\/\\\/indic.cat\\\/projecte\\\/\"},{\"@type\":\"ListItem\",\"position\":3,\"name\":\"Diagnosis y plan de Acci\u00f3n de Envejecimiento activo de Vilanova i la Geltr\u00fa (2023)\"}]},{\"@type\":\"WebSite\",\"@id\":\"https:\\\/\\\/indic.cat\\\/#website\",\"url\":\"https:\\\/\\\/indic.cat\\\/\",\"name\":\"My CMS\",\"description\":\"Iniciatives i din\u00e0miques comunit\u00e0ries\",\"potentialAction\":[{\"@type\":\"SearchAction\",\"target\":{\"@type\":\"EntryPoint\",\"urlTemplate\":\"https:\\\/\\\/indic.cat\\\/?s={search_term_string}\"},\"query-input\":{\"@type\":\"PropertyValueSpecification\",\"valueRequired\":true,\"valueName\":\"search_term_string\"}}],\"inLanguage\":\"es\"}]}<\/script>\n<!-- \/ Yoast SEO plugin. -->","yoast_head_json":{"title":"Diagnosis y plan de Acci\u00f3n de Envejecimiento activo de Vilanova i la Geltr\u00fa (2023) - My CMS","robots":{"index":"index","follow":"follow","max-snippet":"max-snippet:-1","max-image-preview":"max-image-preview:large","max-video-preview":"max-video-preview:-1"},"canonical":"https:\/\/indic.cat\/es\/projecte\/diagnosis-y-plan-de-accion-de-envejecimiento-activo-de-vilanova-i-la-geltru-2023\/","og_locale":"es_ES","og_type":"article","og_title":"Diagnosis y plan de Acci\u00f3n de Envejecimiento activo de Vilanova i la Geltr\u00fa (2023) - My CMS","og_description":"INDIC acompa\u00f1\u00f3 el \u00c1rea de Igualdad y Sostenibilidad Social de la Diputaci\u00f3n de Barcelona en el apoyo al Ayuntamiento de Vilanova i la Geltr\u00fa en la elaboraci\u00f3n de la diagnosis y el plan de acci\u00f3n en el \u00e1mbito del envejecimiento activo con el objetivo de mejorar la calidad de vida de las personas grandes. La [&hellip;]","og_url":"https:\/\/indic.cat\/es\/projecte\/diagnosis-y-plan-de-accion-de-envejecimiento-activo-de-vilanova-i-la-geltru-2023\/","og_site_name":"My CMS","article_publisher":"https:\/\/www.facebook.com\/Indic-Iniciatives-i-Din%c3%a0miques-Comunit%c3%a0ries-362170033806658\/","article_modified_time":"2024-07-29T07:36:15+00:00","og_image":[{"width":2560,"height":1920,"url":"https:\/\/indic.cat\/wp-content\/uploads\/2023\/09\/1.4.-vng-envelliment-actiu-scaled.jpg","type":"image\/jpeg"}],"twitter_card":"summary_large_image","twitter_site":"@IndicSL","twitter_misc":{"Tiempo de lectura":"2 minutos"},"schema":{"@context":"https:\/\/schema.org","@graph":[{"@type":"WebPage","@id":"https:\/\/indic.cat\/es\/projecte\/diagnosis-y-plan-de-accion-de-envejecimiento-activo-de-vilanova-i-la-geltru-2023\/","url":"https:\/\/indic.cat\/es\/projecte\/diagnosis-y-plan-de-accion-de-envejecimiento-activo-de-vilanova-i-la-geltru-2023\/","name":"Diagnosis y plan de Acci\u00f3n de Envejecimiento activo de Vilanova i la Geltr\u00fa (2023) - My CMS","isPartOf":{"@id":"https:\/\/indic.cat\/#website"},"primaryImageOfPage":{"@id":"https:\/\/indic.cat\/es\/projecte\/diagnosis-y-plan-de-accion-de-envejecimiento-activo-de-vilanova-i-la-geltru-2023\/#primaryimage"},"image":{"@id":"https:\/\/indic.cat\/es\/projecte\/diagnosis-y-plan-de-accion-de-envejecimiento-activo-de-vilanova-i-la-geltru-2023\/#primaryimage"},"thumbnailUrl":"https:\/\/indic.cat\/wp-content\/uploads\/2023\/09\/1.4.-vng-envelliment-actiu-scaled.jpg","datePublished":"2023-09-21T09:01:33+00:00","dateModified":"2024-07-29T07:36:15+00:00","breadcrumb":{"@id":"https:\/\/indic.cat\/es\/projecte\/diagnosis-y-plan-de-accion-de-envejecimiento-activo-de-vilanova-i-la-geltru-2023\/#breadcrumb"},"inLanguage":"es","potentialAction":[{"@type":"ReadAction","target":["https:\/\/indic.cat\/es\/projecte\/diagnosis-y-plan-de-accion-de-envejecimiento-activo-de-vilanova-i-la-geltru-2023\/"]}]},{"@type":"ImageObject","inLanguage":"es","@id":"https:\/\/indic.cat\/es\/projecte\/diagnosis-y-plan-de-accion-de-envejecimiento-activo-de-vilanova-i-la-geltru-2023\/#primaryimage","url":"https:\/\/indic.cat\/wp-content\/uploads\/2023\/09\/1.4.-vng-envelliment-actiu-scaled.jpg","contentUrl":"https:\/\/indic.cat\/wp-content\/uploads\/2023\/09\/1.4.-vng-envelliment-actiu-scaled.jpg","width":2560,"height":1920,"caption":"1.4. vng envelliment actiu"},{"@type":"BreadcrumbList","@id":"https:\/\/indic.cat\/es\/projecte\/diagnosis-y-plan-de-accion-de-envejecimiento-activo-de-vilanova-i-la-geltru-2023\/#breadcrumb","itemListElement":[{"@type":"ListItem","position":1,"name":"Inici","item":"https:\/\/indic.cat\/es\/iniciativas-y-dinamicas-comunitarias\/"},{"@type":"ListItem","position":2,"name":"Projectes","item":"https:\/\/indic.cat\/projecte\/"},{"@type":"ListItem","position":3,"name":"Diagnosis y plan de Acci\u00f3n de Envejecimiento activo de Vilanova i la Geltr\u00fa (2023)"}]},{"@type":"WebSite","@id":"https:\/\/indic.cat\/#website","url":"https:\/\/indic.cat\/","name":"My CMS","description":"Iniciatives i din\u00e0miques comunit\u00e0ries","potentialAction":[{"@type":"SearchAction","target":{"@type":"EntryPoint","urlTemplate":"https:\/\/indic.cat\/?s={search_term_string}"},"query-input":{"@type":"PropertyValueSpecification","valueRequired":true,"valueName":"search_term_string"}}],"inLanguage":"es"}]}},"_links":{"self":[{"href":"https:\/\/indic.cat\/es\/wp-json\/wp\/v2\/projecte\/4278","targetHints":{"allow":["GET"]}}],"collection":[{"href":"https:\/\/indic.cat\/es\/wp-json\/wp\/v2\/projecte"}],"about":[{"href":"https:\/\/indic.cat\/es\/wp-json\/wp\/v2\/types\/projecte"}],"version-history":[{"count":4,"href":"https:\/\/indic.cat\/es\/wp-json\/wp\/v2\/projecte\/4278\/revisions"}],"predecessor-version":[{"id":6165,"href":"https:\/\/indic.cat\/es\/wp-json\/wp\/v2\/projecte\/4278\/revisions\/6165"}],"wp:featuredmedia":[{"embeddable":true,"href":"https:\/\/indic.cat\/es\/wp-json\/wp\/v2\/media\/4052"}],"wp:attachment":[{"href":"https:\/\/indic.cat\/es\/wp-json\/wp\/v2\/media?parent=4278"}],"wp:term":[{"taxonomy":"categoria-servei","embeddable":true,"href":"https:\/\/indic.cat\/es\/wp-json\/wp\/v2\/categoria-servei?post=4278"}],"curies":[{"name":"wp","href":"https:\/\/api.w.org\/{rel}","templated":true}]}}

Diagnosis y plan de Acción de Envejecimiento activo de Vilanova i la Geltrú (2023)

<p>INDIC acompañó el Área de Igualdad y Sostenibilidad Social de la Diputación de Barcelona en el apoyo al Ayuntamiento de Vilanova i la Geltrú en la elaboración de la diagnosis y el plan de acción en el ámbito del envejecimiento activo con el objetivo de mejorar la calidad de vida de las personas grandes.</p>
<p>La finalidad del apoyo consistió, en primer lugar, en la elaboración de una diagnosis de la realidad social: identificando los servicios, recursos e instituciones y organizaciones que intervienen en temas vinculados a las personas grandes, analizando los datos e informaciones disponibles, y recogiendo la visión de los agentes implicados y las personas grandes. En segundo lugar, se definió conjunto con el ayuntamiento el Plan de Acción del envejecimiento activo.</p>
<p>Las tareas principales desarrolladas en Vilanova i la Geltrú fueron:</p>
<p>Analizar la situación actual de las personas grandes a través de una mirada integral, teniendo en cuenta tanto las aproximaciones sociodemográficas como las percepciones e interpretaciones de los agentes involucrados.<br />
Recoger las visiones y las propuestas en relación a las personas grandes expresadas por los agentes sociales y profesionales del municipio.<br />
Detectar las necesidades existentes, los aspectos positivos, las barreras y las sugerencias de mejora de las personas grandes del municipio en los diferentes ámbitos que los afectan, así como de los equipos profesionales que trabajan en estos ámbitos.<br />
Definir las estrategias de acción de acuerdo los resultados de la diagnosis y el análisis de la misma.<br />
Redactar el plan de acción recogiendo las acciones a desplegar, los agentes implicados, las actuaciones, recursos y servicios en marcha vinculados existentes y el calendario de acción.</p>

<p>INDIC acompañó el Área de Igualdad y Sostenibilidad Social de la Diputación de Barcelona en el apoyo al Ayuntamiento de Vilanova i la Geltrú en la elaboración de la diagnosis y el plan de acción en el ámbito del envejecimiento activo con el objetivo de mejorar la calidad de vida de las personas grandes. La [&hellip;]</p>

<!-- This site is optimized with the Yoast SEO plugin v27.4 - https://yoast.com/product/yoast-seo-wordpress/ -->
<title>Diagnosis y plan de Acción de Envejecimiento activo de Vilanova i la Geltrú (2023) - My CMS</title>
<meta name="robots" content="index, follow, max-snippet:-1, max-image-preview:large, max-video-preview:-1" />
<link rel="canonical" href="https://indic.cat/es/projecte/diagnosis-y-plan-de-accion-de-envejecimiento-activo-de-vilanova-i-la-geltru-2023/" />
<meta property="og:locale" content="es_ES" />
<meta property="og:type" content="article" />
<meta property="og:title" content="Diagnosis y plan de Acción de Envejecimiento activo de Vilanova i la Geltrú (2023) - My CMS" />
<meta property="og:description" content="INDIC acompañó el Área de Igualdad y Sostenibilidad Social de la Diputación de Barcelona en el apoyo al Ayuntamiento de Vilanova i la Geltrú en la elaboración de la diagnosis y el plan de acción en el ámbito del envejecimiento activo con el objetivo de mejorar la calidad de vida de las personas grandes. La [&hellip;]" />
<meta property="og:url" content="https://indic.cat/es/projecte/diagnosis-y-plan-de-accion-de-envejecimiento-activo-de-vilanova-i-la-geltru-2023/" />
<meta property="og:site_name" content="My CMS" />
<meta property="article:publisher" content="https://www.facebook.com/Indic-Iniciatives-i-Din%c3%a0miques-Comunit%c3%a0ries-362170033806658/" />
<meta property="article:modified_time" content="2024-07-29T07:36:15+00:00" />
<meta property="og:image" content="https://indic.cat/wp-content/uploads/2023/09/1.4.-vng-envelliment-actiu-scaled.jpg" />
	<meta property="og:image:width" content="2560" />
	<meta property="og:image:height" content="1920" />
	<meta property="og:image:type" content="image/jpeg" />
<meta name="twitter:card" content="summary_large_image" />
<meta name="twitter:site" content="@IndicSL" />
<meta name="twitter:label1" content="Tiempo de lectura" />
	<meta name="twitter:data1" content="2 minutos" />
<script type="application/ld+json" class="yoast-schema-graph">{"@context":"https:\/\/schema.org","@graph":[{"@type":"WebPage","@id":"https:\/\/indic.cat\/es\/projecte\/diagnosis-y-plan-de-accion-de-envejecimiento-activo-de-vilanova-i-la-geltru-2023\/","url":"https:\/\/indic.cat\/es\/projecte\/diagnosis-y-plan-de-accion-de-envejecimiento-activo-de-vilanova-i-la-geltru-2023\/","name":"Diagnosis y plan de Acción de Envejecimiento activo de Vilanova i la Geltrú (2023) - My CMS","isPartOf":{"@id":"https:\/\/indic.cat\/#website"},"primaryImageOfPage":{"@id":"https:\/\/indic.cat\/es\/projecte\/diagnosis-y-plan-de-accion-de-envejecimiento-activo-de-vilanova-i-la-geltru-2023\/#primaryimage"},"image":{"@id":"https:\/\/indic.cat\/es\/projecte\/diagnosis-y-plan-de-accion-de-envejecimiento-activo-de-vilanova-i-la-geltru-2023\/#primaryimage"},"thumbnailUrl":"https:\/\/indic.cat\/wp-content\/uploads\/2023\/09\/1.4.-vng-envelliment-actiu-scaled.jpg","datePublished":"2023-09-21T09:01:33+00:00","dateModified":"2024-07-29T07:36:15+00:00","breadcrumb":{"@id":"https:\/\/indic.cat\/es\/projecte\/diagnosis-y-plan-de-accion-de-envejecimiento-activo-de-vilanova-i-la-geltru-2023\/#breadcrumb"},"inLanguage":"es","potentialAction":[{"@type":"ReadAction","target":["https:\/\/indic.cat\/es\/projecte\/diagnosis-y-plan-de-accion-de-envejecimiento-activo-de-vilanova-i-la-geltru-2023\/"]}]},{"@type":"ImageObject","inLanguage":"es","@id":"https:\/\/indic.cat\/es\/projecte\/diagnosis-y-plan-de-accion-de-envejecimiento-activo-de-vilanova-i-la-geltru-2023\/#primaryimage","url":"https:\/\/indic.cat\/wp-content\/uploads\/2023\/09\/1.4.-vng-envelliment-actiu-scaled.jpg","contentUrl":"https:\/\/indic.cat\/wp-content\/uploads\/2023\/09\/1.4.-vng-envelliment-actiu-scaled.jpg","width":2560,"height":1920,"caption":"1.4. vng envelliment actiu"},{"@type":"BreadcrumbList","@id":"https:\/\/indic.cat\/es\/projecte\/diagnosis-y-plan-de-accion-de-envejecimiento-activo-de-vilanova-i-la-geltru-2023\/#breadcrumb","itemListElement":[{"@type":"ListItem","position":1,"name":"Inici","item":"https:\/\/indic.cat\/es\/iniciativas-y-dinamicas-comunitarias\/"},{"@type":"ListItem","position":2,"name":"Projectes","item":"https:\/\/indic.cat\/projecte\/"},{"@type":"ListItem","position":3,"name":"Diagnosis y plan de Acción de Envejecimiento activo de Vilanova i la Geltrú (2023)"}]},{"@type":"WebSite","@id":"https:\/\/indic.cat\/#website","url":"https:\/\/indic.cat\/","name":"My CMS","description":"Iniciatives i dinàmiques comunitàries","potentialAction":[{"@type":"SearchAction","target":{"@type":"EntryPoint","urlTemplate":"https:\/\/indic.cat\/?s={search_term_string}"},"query-input":{"@type":"PropertyValueSpecification","valueRequired":true,"valueName":"search_term_string"}}],"inLanguage":"es"}]}</script>
<!-- / Yoast SEO plugin. -->

Diagnosis y plan de Acción de Envejecimiento activo de Vilanova i la Geltrú (2023) - My CMS

INDIC acompañó el Área de Igualdad y Sostenibilidad Social de la Diputación de Barcelona en el apoyo al Ayuntamiento de Vilanova i la Geltrú en la elaboración de la diagnosis y el plan de acción en el ámbito del envejecimiento activo con el objetivo de mejorar la calidad de vida de las personas grandes. La [&hellip;]

Iniciatives i dinàmiques comunitàries
