{"id":4286,"date":"2023-09-21T10:29:36","date_gmt":"2023-09-21T08:29:36","guid":{"rendered":"https:\/\/indic.cat\/?post_type=projecte&#038;p=4286"},"modified":"2024-01-16T10:24:43","modified_gmt":"2024-01-16T08:24:43","slug":"jornada-con-profesionales-del-ayuntamiento-de-badia-del-valles-2022","status":"publish","type":"projecte","link":"https:\/\/indic.cat\/es\/projecte\/jornada-con-profesionales-del-ayuntamiento-de-badia-del-valles-2022\/","title":{"rendered":"Jornada con profesionales del Ayuntamiento de Badia del Vall\u00e8s 2022"},"content":{"rendered":"<p>*INDIC acompa\u00f1\u00f3 la direcci\u00f3n del \u00c1rea de Acci\u00f3n Comunitaria Inclusiva del Ayuntamiento de Badia del Vall\u00e8s en la organizaci\u00f3n de una jornada de trabajo con todos los y las profesionales del \u00c1rea con el objetivo de cohesionar el equipo y reflexionar entorno los retos compartidos del \u00c1rea, teniendo como marco de referencia com\u00fan el Plan Local de Acci\u00f3n Comunitaria Inclusiva (*PLACI).<\/p>\n<p>Los objetivos de la jornada consistieron al compartir las diferentes acciones y retos de los y las profesionales del \u00c1rea vincul\u00e1ndolos a las l\u00edneas de trabajo del *PLACI y a continuaci\u00f3n reflexionar sobre diferentes aspectos de mejora.<\/p>\n<p>Las principales tareas que se desarrollaron fueron:<\/p>\n<p>Coordinaci\u00f3n t\u00e9cnica y dise\u00f1o y apoyo metodol\u00f3gico.<br \/>\nDinamizaci\u00f3n de la jornada de trabajo con los profesionales del \u00c1rea.<br \/>\nElaboraci\u00f3n del informe con los resultados obtenidos de la jornada.<\/p>\n","protected":false},"excerpt":{"rendered":"<p>*INDIC acompa\u00f1\u00f3 la direcci\u00f3n del \u00c1rea de Acci\u00f3n Comunitaria Inclusiva del Ayuntamiento de Badia del Vall\u00e8s en la organizaci\u00f3n de una jornada de trabajo con todos los y las profesionales del \u00c1rea con el objetivo de cohesionar el equipo y reflexionar entorno los retos compartidos del \u00c1rea, teniendo como marco de referencia com\u00fan el Plan [&hellip;]<\/p>\n","protected":false},"featured_media":4030,"menu_order":0,"template":"","meta":{"_acf_changed":false,"footnotes":""},"categoria-servei":[],"class_list":["post-4286","projecte","type-projecte","status-publish","has-post-thumbnail","hentry"],"acf":[],"yoast_head":"<!-- This site is optimized with the Yoast SEO plugin v27.4 - https:\/\/yoast.com\/product\/yoast-seo-wordpress\/ -->\n<title>Jornada con profesionales del Ayuntamiento de Badia del Vall\u00e8s 2022 - My CMS<\/title>\n<meta name=\"robots\" content=\"index, follow, max-snippet:-1, max-image-preview:large, max-video-preview:-1\" \/>\n<link rel=\"canonical\" href=\"https:\/\/indic.cat\/es\/projecte\/jornada-con-profesionales-del-ayuntamiento-de-badia-del-valles-2022\/\" \/>\n<meta property=\"og:locale\" content=\"es_ES\" \/>\n<meta property=\"og:type\" content=\"article\" \/>\n<meta property=\"og:title\" content=\"Jornada con profesionales del Ayuntamiento de Badia del Vall\u00e8s 2022 - My CMS\" \/>\n<meta property=\"og:description\" content=\"*INDIC acompa\u00f1\u00f3 la direcci\u00f3n del \u00c1rea de Acci\u00f3n Comunitaria Inclusiva del Ayuntamiento de Badia del Vall\u00e8s en la organizaci\u00f3n de una jornada de trabajo con todos los y las profesionales del \u00c1rea con el objetivo de cohesionar el equipo y reflexionar entorno los retos compartidos del \u00c1rea, teniendo como marco de referencia com\u00fan el Plan [&hellip;]\" \/>\n<meta property=\"og:url\" content=\"https:\/\/indic.cat\/es\/projecte\/jornada-con-profesionales-del-ayuntamiento-de-badia-del-valles-2022\/\" \/>\n<meta property=\"og:site_name\" content=\"My CMS\" \/>\n<meta property=\"article:publisher\" content=\"https:\/\/www.facebook.com\/Indic-Iniciatives-i-Din%c3%a0miques-Comunit%c3%a0ries-362170033806658\/\" \/>\n<meta property=\"article:modified_time\" content=\"2024-01-16T08:24:43+00:00\" \/>\n<meta property=\"og:image\" content=\"https:\/\/indic.cat\/wp-content\/uploads\/2023\/09\/2.1.-Jornada-Badia-scaled.jpg\" \/>\n\t<meta property=\"og:image:width\" content=\"2560\" \/>\n\t<meta property=\"og:image:height\" content=\"1920\" \/>\n\t<meta property=\"og:image:type\" content=\"image\/jpeg\" \/>\n<meta name=\"twitter:card\" content=\"summary_large_image\" \/>\n<meta name=\"twitter:site\" content=\"@IndicSL\" \/>\n<meta name=\"twitter:label1\" content=\"Tiempo de lectura\" \/>\n\t<meta name=\"twitter:data1\" content=\"1 minuto\" \/>\n<script type=\"application\/ld+json\" class=\"yoast-schema-graph\">{\"@context\":\"https:\\\/\\\/schema.org\",\"@graph\":[{\"@type\":\"WebPage\",\"@id\":\"https:\\\/\\\/indic.cat\\\/es\\\/projecte\\\/jornada-con-profesionales-del-ayuntamiento-de-badia-del-valles-2022\\\/\",\"url\":\"https:\\\/\\\/indic.cat\\\/es\\\/projecte\\\/jornada-con-profesionales-del-ayuntamiento-de-badia-del-valles-2022\\\/\",\"name\":\"Jornada con profesionales del Ayuntamiento de Badia del Vall\u00e8s 2022 - My CMS\",\"isPartOf\":{\"@id\":\"https:\\\/\\\/indic.cat\\\/#website\"},\"primaryImageOfPage\":{\"@id\":\"https:\\\/\\\/indic.cat\\\/es\\\/projecte\\\/jornada-con-profesionales-del-ayuntamiento-de-badia-del-valles-2022\\\/#primaryimage\"},\"image\":{\"@id\":\"https:\\\/\\\/indic.cat\\\/es\\\/projecte\\\/jornada-con-profesionales-del-ayuntamiento-de-badia-del-valles-2022\\\/#primaryimage\"},\"thumbnailUrl\":\"https:\\\/\\\/indic.cat\\\/wp-content\\\/uploads\\\/2023\\\/09\\\/2.1.-Jornada-Badia-scaled.jpg\",\"datePublished\":\"2023-09-21T08:29:36+00:00\",\"dateModified\":\"2024-01-16T08:24:43+00:00\",\"breadcrumb\":{\"@id\":\"https:\\\/\\\/indic.cat\\\/es\\\/projecte\\\/jornada-con-profesionales-del-ayuntamiento-de-badia-del-valles-2022\\\/#breadcrumb\"},\"inLanguage\":\"es\",\"potentialAction\":[{\"@type\":\"ReadAction\",\"target\":[\"https:\\\/\\\/indic.cat\\\/es\\\/projecte\\\/jornada-con-profesionales-del-ayuntamiento-de-badia-del-valles-2022\\\/\"]}]},{\"@type\":\"ImageObject\",\"inLanguage\":\"es\",\"@id\":\"https:\\\/\\\/indic.cat\\\/es\\\/projecte\\\/jornada-con-profesionales-del-ayuntamiento-de-badia-del-valles-2022\\\/#primaryimage\",\"url\":\"https:\\\/\\\/indic.cat\\\/wp-content\\\/uploads\\\/2023\\\/09\\\/2.1.-Jornada-Badia-scaled.jpg\",\"contentUrl\":\"https:\\\/\\\/indic.cat\\\/wp-content\\\/uploads\\\/2023\\\/09\\\/2.1.-Jornada-Badia-scaled.jpg\",\"width\":2560,\"height\":1920,\"caption\":\"2.1. Jornada Badia\"},{\"@type\":\"BreadcrumbList\",\"@id\":\"https:\\\/\\\/indic.cat\\\/es\\\/projecte\\\/jornada-con-profesionales-del-ayuntamiento-de-badia-del-valles-2022\\\/#breadcrumb\",\"itemListElement\":[{\"@type\":\"ListItem\",\"position\":1,\"name\":\"Inici\",\"item\":\"https:\\\/\\\/indic.cat\\\/es\\\/iniciativas-y-dinamicas-comunitarias\\\/\"},{\"@type\":\"ListItem\",\"position\":2,\"name\":\"Projectes\",\"item\":\"https:\\\/\\\/indic.cat\\\/projecte\\\/\"},{\"@type\":\"ListItem\",\"position\":3,\"name\":\"Jornada con profesionales del Ayuntamiento de Badia del Vall\u00e8s 2022\"}]},{\"@type\":\"WebSite\",\"@id\":\"https:\\\/\\\/indic.cat\\\/#website\",\"url\":\"https:\\\/\\\/indic.cat\\\/\",\"name\":\"My CMS\",\"description\":\"Iniciatives i din\u00e0miques comunit\u00e0ries\",\"potentialAction\":[{\"@type\":\"SearchAction\",\"target\":{\"@type\":\"EntryPoint\",\"urlTemplate\":\"https:\\\/\\\/indic.cat\\\/?s={search_term_string}\"},\"query-input\":{\"@type\":\"PropertyValueSpecification\",\"valueRequired\":true,\"valueName\":\"search_term_string\"}}],\"inLanguage\":\"es\"}]}<\/script>\n<!-- \/ Yoast SEO plugin. -->","yoast_head_json":{"title":"Jornada con profesionales del Ayuntamiento de Badia del Vall\u00e8s 2022 - My CMS","robots":{"index":"index","follow":"follow","max-snippet":"max-snippet:-1","max-image-preview":"max-image-preview:large","max-video-preview":"max-video-preview:-1"},"canonical":"https:\/\/indic.cat\/es\/projecte\/jornada-con-profesionales-del-ayuntamiento-de-badia-del-valles-2022\/","og_locale":"es_ES","og_type":"article","og_title":"Jornada con profesionales del Ayuntamiento de Badia del Vall\u00e8s 2022 - My CMS","og_description":"*INDIC acompa\u00f1\u00f3 la direcci\u00f3n del \u00c1rea de Acci\u00f3n Comunitaria Inclusiva del Ayuntamiento de Badia del Vall\u00e8s en la organizaci\u00f3n de una jornada de trabajo con todos los y las profesionales del \u00c1rea con el objetivo de cohesionar el equipo y reflexionar entorno los retos compartidos del \u00c1rea, teniendo como marco de referencia com\u00fan el Plan [&hellip;]","og_url":"https:\/\/indic.cat\/es\/projecte\/jornada-con-profesionales-del-ayuntamiento-de-badia-del-valles-2022\/","og_site_name":"My CMS","article_publisher":"https:\/\/www.facebook.com\/Indic-Iniciatives-i-Din%c3%a0miques-Comunit%c3%a0ries-362170033806658\/","article_modified_time":"2024-01-16T08:24:43+00:00","og_image":[{"width":2560,"height":1920,"url":"https:\/\/indic.cat\/wp-content\/uploads\/2023\/09\/2.1.-Jornada-Badia-scaled.jpg","type":"image\/jpeg"}],"twitter_card":"summary_large_image","twitter_site":"@IndicSL","twitter_misc":{"Tiempo de lectura":"1 minuto"},"schema":{"@context":"https:\/\/schema.org","@graph":[{"@type":"WebPage","@id":"https:\/\/indic.cat\/es\/projecte\/jornada-con-profesionales-del-ayuntamiento-de-badia-del-valles-2022\/","url":"https:\/\/indic.cat\/es\/projecte\/jornada-con-profesionales-del-ayuntamiento-de-badia-del-valles-2022\/","name":"Jornada con profesionales del Ayuntamiento de Badia del Vall\u00e8s 2022 - My CMS","isPartOf":{"@id":"https:\/\/indic.cat\/#website"},"primaryImageOfPage":{"@id":"https:\/\/indic.cat\/es\/projecte\/jornada-con-profesionales-del-ayuntamiento-de-badia-del-valles-2022\/#primaryimage"},"image":{"@id":"https:\/\/indic.cat\/es\/projecte\/jornada-con-profesionales-del-ayuntamiento-de-badia-del-valles-2022\/#primaryimage"},"thumbnailUrl":"https:\/\/indic.cat\/wp-content\/uploads\/2023\/09\/2.1.-Jornada-Badia-scaled.jpg","datePublished":"2023-09-21T08:29:36+00:00","dateModified":"2024-01-16T08:24:43+00:00","breadcrumb":{"@id":"https:\/\/indic.cat\/es\/projecte\/jornada-con-profesionales-del-ayuntamiento-de-badia-del-valles-2022\/#breadcrumb"},"inLanguage":"es","potentialAction":[{"@type":"ReadAction","target":["https:\/\/indic.cat\/es\/projecte\/jornada-con-profesionales-del-ayuntamiento-de-badia-del-valles-2022\/"]}]},{"@type":"ImageObject","inLanguage":"es","@id":"https:\/\/indic.cat\/es\/projecte\/jornada-con-profesionales-del-ayuntamiento-de-badia-del-valles-2022\/#primaryimage","url":"https:\/\/indic.cat\/wp-content\/uploads\/2023\/09\/2.1.-Jornada-Badia-scaled.jpg","contentUrl":"https:\/\/indic.cat\/wp-content\/uploads\/2023\/09\/2.1.-Jornada-Badia-scaled.jpg","width":2560,"height":1920,"caption":"2.1. Jornada Badia"},{"@type":"BreadcrumbList","@id":"https:\/\/indic.cat\/es\/projecte\/jornada-con-profesionales-del-ayuntamiento-de-badia-del-valles-2022\/#breadcrumb","itemListElement":[{"@type":"ListItem","position":1,"name":"Inici","item":"https:\/\/indic.cat\/es\/iniciativas-y-dinamicas-comunitarias\/"},{"@type":"ListItem","position":2,"name":"Projectes","item":"https:\/\/indic.cat\/projecte\/"},{"@type":"ListItem","position":3,"name":"Jornada con profesionales del Ayuntamiento de Badia del Vall\u00e8s 2022"}]},{"@type":"WebSite","@id":"https:\/\/indic.cat\/#website","url":"https:\/\/indic.cat\/","name":"My CMS","description":"Iniciatives i din\u00e0miques comunit\u00e0ries","potentialAction":[{"@type":"SearchAction","target":{"@type":"EntryPoint","urlTemplate":"https:\/\/indic.cat\/?s={search_term_string}"},"query-input":{"@type":"PropertyValueSpecification","valueRequired":true,"valueName":"search_term_string"}}],"inLanguage":"es"}]}},"_links":{"self":[{"href":"https:\/\/indic.cat\/es\/wp-json\/wp\/v2\/projecte\/4286","targetHints":{"allow":["GET"]}}],"collection":[{"href":"https:\/\/indic.cat\/es\/wp-json\/wp\/v2\/projecte"}],"about":[{"href":"https:\/\/indic.cat\/es\/wp-json\/wp\/v2\/types\/projecte"}],"version-history":[{"count":1,"href":"https:\/\/indic.cat\/es\/wp-json\/wp\/v2\/projecte\/4286\/revisions"}],"predecessor-version":[{"id":4287,"href":"https:\/\/indic.cat\/es\/wp-json\/wp\/v2\/projecte\/4286\/revisions\/4287"}],"wp:featuredmedia":[{"embeddable":true,"href":"https:\/\/indic.cat\/es\/wp-json\/wp\/v2\/media\/4030"}],"wp:attachment":[{"href":"https:\/\/indic.cat\/es\/wp-json\/wp\/v2\/media?parent=4286"}],"wp:term":[{"taxonomy":"categoria-servei","embeddable":true,"href":"https:\/\/indic.cat\/es\/wp-json\/wp\/v2\/categoria-servei?post=4286"}],"curies":[{"name":"wp","href":"https:\/\/api.w.org\/{rel}","templated":true}]}}

Jornada con profesionales del Ayuntamiento de Badia del Vallès 2022

<p>*INDIC acompañó la dirección del Área de Acción Comunitaria Inclusiva del Ayuntamiento de Badia del Vallès en la organización de una jornada de trabajo con todos los y las profesionales del Área con el objetivo de cohesionar el equipo y reflexionar entorno los retos compartidos del Área, teniendo como marco de referencia común el Plan Local de Acción Comunitaria Inclusiva (*PLACI).</p>
<p>Los objetivos de la jornada consistieron al compartir las diferentes acciones y retos de los y las profesionales del Área vinculándolos a las líneas de trabajo del *PLACI y a continuación reflexionar sobre diferentes aspectos de mejora.</p>
<p>Las principales tareas que se desarrollaron fueron:</p>
<p>Coordinación técnica y diseño y apoyo metodológico.<br />
Dinamización de la jornada de trabajo con los profesionales del Área.<br />
Elaboración del informe con los resultados obtenidos de la jornada.</p>

<p>*INDIC acompañó la dirección del Área de Acción Comunitaria Inclusiva del Ayuntamiento de Badia del Vallès en la organización de una jornada de trabajo con todos los y las profesionales del Área con el objetivo de cohesionar el equipo y reflexionar entorno los retos compartidos del Área, teniendo como marco de referencia común el Plan [&hellip;]</p>

<!-- This site is optimized with the Yoast SEO plugin v27.4 - https://yoast.com/product/yoast-seo-wordpress/ -->
<title>Jornada con profesionales del Ayuntamiento de Badia del Vallès 2022 - My CMS</title>
<meta name="robots" content="index, follow, max-snippet:-1, max-image-preview:large, max-video-preview:-1" />
<link rel="canonical" href="https://indic.cat/es/projecte/jornada-con-profesionales-del-ayuntamiento-de-badia-del-valles-2022/" />
<meta property="og:locale" content="es_ES" />
<meta property="og:type" content="article" />
<meta property="og:title" content="Jornada con profesionales del Ayuntamiento de Badia del Vallès 2022 - My CMS" />
<meta property="og:description" content="*INDIC acompañó la dirección del Área de Acción Comunitaria Inclusiva del Ayuntamiento de Badia del Vallès en la organización de una jornada de trabajo con todos los y las profesionales del Área con el objetivo de cohesionar el equipo y reflexionar entorno los retos compartidos del Área, teniendo como marco de referencia común el Plan [&hellip;]" />
<meta property="og:url" content="https://indic.cat/es/projecte/jornada-con-profesionales-del-ayuntamiento-de-badia-del-valles-2022/" />
<meta property="og:site_name" content="My CMS" />
<meta property="article:publisher" content="https://www.facebook.com/Indic-Iniciatives-i-Din%c3%a0miques-Comunit%c3%a0ries-362170033806658/" />
<meta property="article:modified_time" content="2024-01-16T08:24:43+00:00" />
<meta property="og:image" content="https://indic.cat/wp-content/uploads/2023/09/2.1.-Jornada-Badia-scaled.jpg" />
	<meta property="og:image:width" content="2560" />
	<meta property="og:image:height" content="1920" />
	<meta property="og:image:type" content="image/jpeg" />
<meta name="twitter:card" content="summary_large_image" />
<meta name="twitter:site" content="@IndicSL" />
<meta name="twitter:label1" content="Tiempo de lectura" />
	<meta name="twitter:data1" content="1 minuto" />
<script type="application/ld+json" class="yoast-schema-graph">{"@context":"https:\/\/schema.org","@graph":[{"@type":"WebPage","@id":"https:\/\/indic.cat\/es\/projecte\/jornada-con-profesionales-del-ayuntamiento-de-badia-del-valles-2022\/","url":"https:\/\/indic.cat\/es\/projecte\/jornada-con-profesionales-del-ayuntamiento-de-badia-del-valles-2022\/","name":"Jornada con profesionales del Ayuntamiento de Badia del Vallès 2022 - My CMS","isPartOf":{"@id":"https:\/\/indic.cat\/#website"},"primaryImageOfPage":{"@id":"https:\/\/indic.cat\/es\/projecte\/jornada-con-profesionales-del-ayuntamiento-de-badia-del-valles-2022\/#primaryimage"},"image":{"@id":"https:\/\/indic.cat\/es\/projecte\/jornada-con-profesionales-del-ayuntamiento-de-badia-del-valles-2022\/#primaryimage"},"thumbnailUrl":"https:\/\/indic.cat\/wp-content\/uploads\/2023\/09\/2.1.-Jornada-Badia-scaled.jpg","datePublished":"2023-09-21T08:29:36+00:00","dateModified":"2024-01-16T08:24:43+00:00","breadcrumb":{"@id":"https:\/\/indic.cat\/es\/projecte\/jornada-con-profesionales-del-ayuntamiento-de-badia-del-valles-2022\/#breadcrumb"},"inLanguage":"es","potentialAction":[{"@type":"ReadAction","target":["https:\/\/indic.cat\/es\/projecte\/jornada-con-profesionales-del-ayuntamiento-de-badia-del-valles-2022\/"]}]},{"@type":"ImageObject","inLanguage":"es","@id":"https:\/\/indic.cat\/es\/projecte\/jornada-con-profesionales-del-ayuntamiento-de-badia-del-valles-2022\/#primaryimage","url":"https:\/\/indic.cat\/wp-content\/uploads\/2023\/09\/2.1.-Jornada-Badia-scaled.jpg","contentUrl":"https:\/\/indic.cat\/wp-content\/uploads\/2023\/09\/2.1.-Jornada-Badia-scaled.jpg","width":2560,"height":1920,"caption":"2.1. Jornada Badia"},{"@type":"BreadcrumbList","@id":"https:\/\/indic.cat\/es\/projecte\/jornada-con-profesionales-del-ayuntamiento-de-badia-del-valles-2022\/#breadcrumb","itemListElement":[{"@type":"ListItem","position":1,"name":"Inici","item":"https:\/\/indic.cat\/es\/iniciativas-y-dinamicas-comunitarias\/"},{"@type":"ListItem","position":2,"name":"Projectes","item":"https:\/\/indic.cat\/projecte\/"},{"@type":"ListItem","position":3,"name":"Jornada con profesionales del Ayuntamiento de Badia del Vallès 2022"}]},{"@type":"WebSite","@id":"https:\/\/indic.cat\/#website","url":"https:\/\/indic.cat\/","name":"My CMS","description":"Iniciatives i dinàmiques comunitàries","potentialAction":[{"@type":"SearchAction","target":{"@type":"EntryPoint","urlTemplate":"https:\/\/indic.cat\/?s={search_term_string}"},"query-input":{"@type":"PropertyValueSpecification","valueRequired":true,"valueName":"search_term_string"}}],"inLanguage":"es"}]}</script>
<!-- / Yoast SEO plugin. -->

Jornada con profesionales del Ayuntamiento de Badia del Vallès 2022 - My CMS

*INDIC acompañó la dirección del Área de Acción Comunitaria Inclusiva del Ayuntamiento de Badia del Vallès en la organización de una jornada de trabajo con todos los y las profesionales del Área con el objetivo de cohesionar el equipo y reflexionar entorno los retos compartidos del Área, teniendo como marco de referencia común el Plan [&hellip;]

Iniciatives i dinàmiques comunitàries
