{"id":4340,"date":"2020-10-06T11:54:47","date_gmt":"2020-10-06T09:54:47","guid":{"rendered":"https:\/\/indic.cat\/?post_type=projecte&#038;p=4340"},"modified":"2024-01-16T10:58:21","modified_gmt":"2024-01-16T08:58:21","slug":"jornada-imeb-barcelona-2019","status":"publish","type":"projecte","link":"https:\/\/indic.cat\/es\/projecte\/jornada-imeb-barcelona-2019\/","title":{"rendered":"Jornada IMEB Barcelona (2019)"},"content":{"rendered":"<p>El Ayuntamiento de Barcelona, a trav\u00e9s del Instituto Municipal de Educaci\u00f3n (*IMEB), impuls\u00f3 el pasado 25 de noviembre una jornada de reflexi\u00f3n sobre las pol\u00edticas educativas en la ciudad. La jornada se dirig\u00eda a t\u00e9cnica y t\u00e9cnicas municipales en el \u00c1rea de Cultura, Educaci\u00f3n, Ciencia y Comunidad, al Consorcio de educaci\u00f3n, t\u00e9cnicos y t\u00e9cnicas de educaci\u00f3n de los distritos y otros t\u00e9cnicos\/*ques municipales.<\/p>\n<p>El encuentro se celebr\u00f3 en el Instituto Bot\u00e1nico y ten\u00eda como objetivo presentar, reflexionar y debatir las l\u00edneas estrat\u00e9gicas del nuevo mandato en cuanto al \u00c1mbito de la Educaci\u00f3n.<\/p>\n<p>*INDIC hizo un acompa\u00f1amiento en la preparaci\u00f3n y el desarrollo de la jornada preparando previamente las din\u00e1micas de trabajo, dinamizando la jornada y elaborando un informe final presentando los resultados de manera sistematizada.<\/p>\n","protected":false},"excerpt":{"rendered":"<p>El Ayuntamiento de Barcelona, a trav\u00e9s del Instituto Municipal de Educaci\u00f3n (*IMEB), impuls\u00f3 el pasado 25 de noviembre una jornada de reflexi\u00f3n sobre las pol\u00edticas educativas en la ciudad. La jornada se dirig\u00eda a t\u00e9cnica y t\u00e9cnicas municipales en el \u00c1rea de Cultura, Educaci\u00f3n, Ciencia y Comunidad, al Consorcio de educaci\u00f3n, t\u00e9cnicos y t\u00e9cnicas de [&hellip;]<\/p>\n","protected":false},"featured_media":3598,"menu_order":0,"template":"","meta":{"_acf_changed":false,"footnotes":""},"categoria-servei":[],"class_list":["post-4340","projecte","type-projecte","status-publish","has-post-thumbnail","hentry"],"acf":[],"yoast_head":"<!-- This site is optimized with the Yoast SEO plugin v27.4 - https:\/\/yoast.com\/product\/yoast-seo-wordpress\/ -->\n<title>Jornada IMEB Barcelona (2019) - My CMS<\/title>\n<meta name=\"robots\" content=\"index, follow, max-snippet:-1, max-image-preview:large, max-video-preview:-1\" \/>\n<link rel=\"canonical\" href=\"https:\/\/indic.cat\/es\/projecte\/jornada-imeb-barcelona-2019\/\" \/>\n<meta property=\"og:locale\" content=\"es_ES\" \/>\n<meta property=\"og:type\" content=\"article\" \/>\n<meta property=\"og:title\" content=\"Jornada IMEB Barcelona (2019) - My CMS\" \/>\n<meta property=\"og:description\" content=\"El Ayuntamiento de Barcelona, a trav\u00e9s del Instituto Municipal de Educaci\u00f3n (*IMEB), impuls\u00f3 el pasado 25 de noviembre una jornada de reflexi\u00f3n sobre las pol\u00edticas educativas en la ciudad. La jornada se dirig\u00eda a t\u00e9cnica y t\u00e9cnicas municipales en el \u00c1rea de Cultura, Educaci\u00f3n, Ciencia y Comunidad, al Consorcio de educaci\u00f3n, t\u00e9cnicos y t\u00e9cnicas de [&hellip;]\" \/>\n<meta property=\"og:url\" content=\"https:\/\/indic.cat\/es\/projecte\/jornada-imeb-barcelona-2019\/\" \/>\n<meta property=\"og:site_name\" content=\"My CMS\" \/>\n<meta property=\"article:publisher\" content=\"https:\/\/www.facebook.com\/Indic-Iniciatives-i-Din%c3%a0miques-Comunit%c3%a0ries-362170033806658\/\" \/>\n<meta property=\"article:modified_time\" content=\"2024-01-16T08:58:21+00:00\" \/>\n<meta property=\"og:image\" content=\"https:\/\/indic.cat\/wp-content\/uploads\/2020\/10\/IMG_5843-Copy.jpg\" \/>\n\t<meta property=\"og:image:width\" content=\"800\" \/>\n\t<meta property=\"og:image:height\" content=\"600\" \/>\n\t<meta property=\"og:image:type\" content=\"image\/jpeg\" \/>\n<meta name=\"twitter:card\" content=\"summary_large_image\" \/>\n<meta name=\"twitter:site\" content=\"@IndicSL\" \/>\n<meta name=\"twitter:label1\" content=\"Tiempo de lectura\" \/>\n\t<meta name=\"twitter:data1\" content=\"1 minuto\" \/>\n<script type=\"application\/ld+json\" class=\"yoast-schema-graph\">{\"@context\":\"https:\\\/\\\/schema.org\",\"@graph\":[{\"@type\":\"WebPage\",\"@id\":\"https:\\\/\\\/indic.cat\\\/es\\\/projecte\\\/jornada-imeb-barcelona-2019\\\/\",\"url\":\"https:\\\/\\\/indic.cat\\\/es\\\/projecte\\\/jornada-imeb-barcelona-2019\\\/\",\"name\":\"Jornada IMEB Barcelona (2019) - My CMS\",\"isPartOf\":{\"@id\":\"https:\\\/\\\/indic.cat\\\/#website\"},\"primaryImageOfPage\":{\"@id\":\"https:\\\/\\\/indic.cat\\\/es\\\/projecte\\\/jornada-imeb-barcelona-2019\\\/#primaryimage\"},\"image\":{\"@id\":\"https:\\\/\\\/indic.cat\\\/es\\\/projecte\\\/jornada-imeb-barcelona-2019\\\/#primaryimage\"},\"thumbnailUrl\":\"https:\\\/\\\/indic.cat\\\/wp-content\\\/uploads\\\/2020\\\/10\\\/IMG_5843-Copy.jpg\",\"datePublished\":\"2020-10-06T09:54:47+00:00\",\"dateModified\":\"2024-01-16T08:58:21+00:00\",\"breadcrumb\":{\"@id\":\"https:\\\/\\\/indic.cat\\\/es\\\/projecte\\\/jornada-imeb-barcelona-2019\\\/#breadcrumb\"},\"inLanguage\":\"es\",\"potentialAction\":[{\"@type\":\"ReadAction\",\"target\":[\"https:\\\/\\\/indic.cat\\\/es\\\/projecte\\\/jornada-imeb-barcelona-2019\\\/\"]}]},{\"@type\":\"ImageObject\",\"inLanguage\":\"es\",\"@id\":\"https:\\\/\\\/indic.cat\\\/es\\\/projecte\\\/jornada-imeb-barcelona-2019\\\/#primaryimage\",\"url\":\"https:\\\/\\\/indic.cat\\\/wp-content\\\/uploads\\\/2020\\\/10\\\/IMG_5843-Copy.jpg\",\"contentUrl\":\"https:\\\/\\\/indic.cat\\\/wp-content\\\/uploads\\\/2020\\\/10\\\/IMG_5843-Copy.jpg\",\"width\":800,\"height\":600},{\"@type\":\"BreadcrumbList\",\"@id\":\"https:\\\/\\\/indic.cat\\\/es\\\/projecte\\\/jornada-imeb-barcelona-2019\\\/#breadcrumb\",\"itemListElement\":[{\"@type\":\"ListItem\",\"position\":1,\"name\":\"Inici\",\"item\":\"https:\\\/\\\/indic.cat\\\/es\\\/iniciativas-y-dinamicas-comunitarias\\\/\"},{\"@type\":\"ListItem\",\"position\":2,\"name\":\"Projectes\",\"item\":\"https:\\\/\\\/indic.cat\\\/projecte\\\/\"},{\"@type\":\"ListItem\",\"position\":3,\"name\":\"Jornada IMEB Barcelona (2019)\"}]},{\"@type\":\"WebSite\",\"@id\":\"https:\\\/\\\/indic.cat\\\/#website\",\"url\":\"https:\\\/\\\/indic.cat\\\/\",\"name\":\"My CMS\",\"description\":\"Iniciatives i din\u00e0miques comunit\u00e0ries\",\"potentialAction\":[{\"@type\":\"SearchAction\",\"target\":{\"@type\":\"EntryPoint\",\"urlTemplate\":\"https:\\\/\\\/indic.cat\\\/?s={search_term_string}\"},\"query-input\":{\"@type\":\"PropertyValueSpecification\",\"valueRequired\":true,\"valueName\":\"search_term_string\"}}],\"inLanguage\":\"es\"}]}<\/script>\n<!-- \/ Yoast SEO plugin. -->","yoast_head_json":{"title":"Jornada IMEB Barcelona (2019) - My CMS","robots":{"index":"index","follow":"follow","max-snippet":"max-snippet:-1","max-image-preview":"max-image-preview:large","max-video-preview":"max-video-preview:-1"},"canonical":"https:\/\/indic.cat\/es\/projecte\/jornada-imeb-barcelona-2019\/","og_locale":"es_ES","og_type":"article","og_title":"Jornada IMEB Barcelona (2019) - My CMS","og_description":"El Ayuntamiento de Barcelona, a trav\u00e9s del Instituto Municipal de Educaci\u00f3n (*IMEB), impuls\u00f3 el pasado 25 de noviembre una jornada de reflexi\u00f3n sobre las pol\u00edticas educativas en la ciudad. La jornada se dirig\u00eda a t\u00e9cnica y t\u00e9cnicas municipales en el \u00c1rea de Cultura, Educaci\u00f3n, Ciencia y Comunidad, al Consorcio de educaci\u00f3n, t\u00e9cnicos y t\u00e9cnicas de [&hellip;]","og_url":"https:\/\/indic.cat\/es\/projecte\/jornada-imeb-barcelona-2019\/","og_site_name":"My CMS","article_publisher":"https:\/\/www.facebook.com\/Indic-Iniciatives-i-Din%c3%a0miques-Comunit%c3%a0ries-362170033806658\/","article_modified_time":"2024-01-16T08:58:21+00:00","og_image":[{"width":800,"height":600,"url":"https:\/\/indic.cat\/wp-content\/uploads\/2020\/10\/IMG_5843-Copy.jpg","type":"image\/jpeg"}],"twitter_card":"summary_large_image","twitter_site":"@IndicSL","twitter_misc":{"Tiempo de lectura":"1 minuto"},"schema":{"@context":"https:\/\/schema.org","@graph":[{"@type":"WebPage","@id":"https:\/\/indic.cat\/es\/projecte\/jornada-imeb-barcelona-2019\/","url":"https:\/\/indic.cat\/es\/projecte\/jornada-imeb-barcelona-2019\/","name":"Jornada IMEB Barcelona (2019) - My CMS","isPartOf":{"@id":"https:\/\/indic.cat\/#website"},"primaryImageOfPage":{"@id":"https:\/\/indic.cat\/es\/projecte\/jornada-imeb-barcelona-2019\/#primaryimage"},"image":{"@id":"https:\/\/indic.cat\/es\/projecte\/jornada-imeb-barcelona-2019\/#primaryimage"},"thumbnailUrl":"https:\/\/indic.cat\/wp-content\/uploads\/2020\/10\/IMG_5843-Copy.jpg","datePublished":"2020-10-06T09:54:47+00:00","dateModified":"2024-01-16T08:58:21+00:00","breadcrumb":{"@id":"https:\/\/indic.cat\/es\/projecte\/jornada-imeb-barcelona-2019\/#breadcrumb"},"inLanguage":"es","potentialAction":[{"@type":"ReadAction","target":["https:\/\/indic.cat\/es\/projecte\/jornada-imeb-barcelona-2019\/"]}]},{"@type":"ImageObject","inLanguage":"es","@id":"https:\/\/indic.cat\/es\/projecte\/jornada-imeb-barcelona-2019\/#primaryimage","url":"https:\/\/indic.cat\/wp-content\/uploads\/2020\/10\/IMG_5843-Copy.jpg","contentUrl":"https:\/\/indic.cat\/wp-content\/uploads\/2020\/10\/IMG_5843-Copy.jpg","width":800,"height":600},{"@type":"BreadcrumbList","@id":"https:\/\/indic.cat\/es\/projecte\/jornada-imeb-barcelona-2019\/#breadcrumb","itemListElement":[{"@type":"ListItem","position":1,"name":"Inici","item":"https:\/\/indic.cat\/es\/iniciativas-y-dinamicas-comunitarias\/"},{"@type":"ListItem","position":2,"name":"Projectes","item":"https:\/\/indic.cat\/projecte\/"},{"@type":"ListItem","position":3,"name":"Jornada IMEB Barcelona (2019)"}]},{"@type":"WebSite","@id":"https:\/\/indic.cat\/#website","url":"https:\/\/indic.cat\/","name":"My CMS","description":"Iniciatives i din\u00e0miques comunit\u00e0ries","potentialAction":[{"@type":"SearchAction","target":{"@type":"EntryPoint","urlTemplate":"https:\/\/indic.cat\/?s={search_term_string}"},"query-input":{"@type":"PropertyValueSpecification","valueRequired":true,"valueName":"search_term_string"}}],"inLanguage":"es"}]}},"_links":{"self":[{"href":"https:\/\/indic.cat\/es\/wp-json\/wp\/v2\/projecte\/4340","targetHints":{"allow":["GET"]}}],"collection":[{"href":"https:\/\/indic.cat\/es\/wp-json\/wp\/v2\/projecte"}],"about":[{"href":"https:\/\/indic.cat\/es\/wp-json\/wp\/v2\/types\/projecte"}],"version-history":[{"count":1,"href":"https:\/\/indic.cat\/es\/wp-json\/wp\/v2\/projecte\/4340\/revisions"}],"predecessor-version":[{"id":4341,"href":"https:\/\/indic.cat\/es\/wp-json\/wp\/v2\/projecte\/4340\/revisions\/4341"}],"wp:featuredmedia":[{"embeddable":true,"href":"https:\/\/indic.cat\/es\/wp-json\/wp\/v2\/media\/3598"}],"wp:attachment":[{"href":"https:\/\/indic.cat\/es\/wp-json\/wp\/v2\/media?parent=4340"}],"wp:term":[{"taxonomy":"categoria-servei","embeddable":true,"href":"https:\/\/indic.cat\/es\/wp-json\/wp\/v2\/categoria-servei?post=4340"}],"curies":[{"name":"wp","href":"https:\/\/api.w.org\/{rel}","templated":true}]}}

<p>El Ayuntamiento de Barcelona, a través del Instituto Municipal de Educación (*IMEB), impulsó el pasado 25 de noviembre una jornada de reflexión sobre las políticas educativas en la ciudad. La jornada se dirigía a técnica y técnicas municipales en el Área de Cultura, Educación, Ciencia y Comunidad, al Consorcio de educación, técnicos y técnicas de educación de los distritos y otros técnicos/*ques municipales.</p>
<p>El encuentro se celebró en el Instituto Botánico y tenía como objetivo presentar, reflexionar y debatir las líneas estratégicas del nuevo mandato en cuanto al Ámbito de la Educación.</p>
<p>*INDIC hizo un acompañamiento en la preparación y el desarrollo de la jornada preparando previamente las dinámicas de trabajo, dinamizando la jornada y elaborando un informe final presentando los resultados de manera sistematizada.</p>

<p>El Ayuntamiento de Barcelona, a través del Instituto Municipal de Educación (*IMEB), impulsó el pasado 25 de noviembre una jornada de reflexión sobre las políticas educativas en la ciudad. La jornada se dirigía a técnica y técnicas municipales en el Área de Cultura, Educación, Ciencia y Comunidad, al Consorcio de educación, técnicos y técnicas de [&hellip;]</p>

<!-- This site is optimized with the Yoast SEO plugin v27.4 - https://yoast.com/product/yoast-seo-wordpress/ -->
<title>Jornada IMEB Barcelona (2019) - My CMS</title>
<meta name="robots" content="index, follow, max-snippet:-1, max-image-preview:large, max-video-preview:-1" />
<link rel="canonical" href="https://indic.cat/es/projecte/jornada-imeb-barcelona-2019/" />
<meta property="og:locale" content="es_ES" />
<meta property="og:type" content="article" />
<meta property="og:title" content="Jornada IMEB Barcelona (2019) - My CMS" />
<meta property="og:description" content="El Ayuntamiento de Barcelona, a través del Instituto Municipal de Educación (*IMEB), impulsó el pasado 25 de noviembre una jornada de reflexión sobre las políticas educativas en la ciudad. La jornada se dirigía a técnica y técnicas municipales en el Área de Cultura, Educación, Ciencia y Comunidad, al Consorcio de educación, técnicos y técnicas de [&hellip;]" />
<meta property="og:url" content="https://indic.cat/es/projecte/jornada-imeb-barcelona-2019/" />
<meta property="og:site_name" content="My CMS" />
<meta property="article:publisher" content="https://www.facebook.com/Indic-Iniciatives-i-Din%c3%a0miques-Comunit%c3%a0ries-362170033806658/" />
<meta property="article:modified_time" content="2024-01-16T08:58:21+00:00" />
<meta property="og:image" content="https://indic.cat/wp-content/uploads/2020/10/IMG_5843-Copy.jpg" />
	<meta property="og:image:width" content="800" />
	<meta property="og:image:height" content="600" />
	<meta property="og:image:type" content="image/jpeg" />
<meta name="twitter:card" content="summary_large_image" />
<meta name="twitter:site" content="@IndicSL" />
<meta name="twitter:label1" content="Tiempo de lectura" />
	<meta name="twitter:data1" content="1 minuto" />
<script type="application/ld+json" class="yoast-schema-graph">{"@context":"https:\/\/schema.org","@graph":[{"@type":"WebPage","@id":"https:\/\/indic.cat\/es\/projecte\/jornada-imeb-barcelona-2019\/","url":"https:\/\/indic.cat\/es\/projecte\/jornada-imeb-barcelona-2019\/","name":"Jornada IMEB Barcelona (2019) - My CMS","isPartOf":{"@id":"https:\/\/indic.cat\/#website"},"primaryImageOfPage":{"@id":"https:\/\/indic.cat\/es\/projecte\/jornada-imeb-barcelona-2019\/#primaryimage"},"image":{"@id":"https:\/\/indic.cat\/es\/projecte\/jornada-imeb-barcelona-2019\/#primaryimage"},"thumbnailUrl":"https:\/\/indic.cat\/wp-content\/uploads\/2020\/10\/IMG_5843-Copy.jpg","datePublished":"2020-10-06T09:54:47+00:00","dateModified":"2024-01-16T08:58:21+00:00","breadcrumb":{"@id":"https:\/\/indic.cat\/es\/projecte\/jornada-imeb-barcelona-2019\/#breadcrumb"},"inLanguage":"es","potentialAction":[{"@type":"ReadAction","target":["https:\/\/indic.cat\/es\/projecte\/jornada-imeb-barcelona-2019\/"]}]},{"@type":"ImageObject","inLanguage":"es","@id":"https:\/\/indic.cat\/es\/projecte\/jornada-imeb-barcelona-2019\/#primaryimage","url":"https:\/\/indic.cat\/wp-content\/uploads\/2020\/10\/IMG_5843-Copy.jpg","contentUrl":"https:\/\/indic.cat\/wp-content\/uploads\/2020\/10\/IMG_5843-Copy.jpg","width":800,"height":600},{"@type":"BreadcrumbList","@id":"https:\/\/indic.cat\/es\/projecte\/jornada-imeb-barcelona-2019\/#breadcrumb","itemListElement":[{"@type":"ListItem","position":1,"name":"Inici","item":"https:\/\/indic.cat\/es\/iniciativas-y-dinamicas-comunitarias\/"},{"@type":"ListItem","position":2,"name":"Projectes","item":"https:\/\/indic.cat\/projecte\/"},{"@type":"ListItem","position":3,"name":"Jornada IMEB Barcelona (2019)"}]},{"@type":"WebSite","@id":"https:\/\/indic.cat\/#website","url":"https:\/\/indic.cat\/","name":"My CMS","description":"Iniciatives i dinàmiques comunitàries","potentialAction":[{"@type":"SearchAction","target":{"@type":"EntryPoint","urlTemplate":"https:\/\/indic.cat\/?s={search_term_string}"},"query-input":{"@type":"PropertyValueSpecification","valueRequired":true,"valueName":"search_term_string"}}],"inLanguage":"es"}]}</script>
<!-- / Yoast SEO plugin. -->

El Ayuntamiento de Barcelona, a través del Instituto Municipal de Educación (*IMEB), impulsó el pasado 25 de noviembre una jornada de reflexión sobre las políticas educativas en la ciudad. La jornada se dirigía a técnica y técnicas municipales en el Área de Cultura, Educación, Ciencia y Comunidad, al Consorcio de educación, técnicos y técnicas de [&hellip;]

Iniciatives i dinàmiques comunitàries
