{"id":4346,"date":"2020-10-02T13:59:10","date_gmt":"2020-10-02T11:59:10","guid":{"rendered":"https:\/\/indic.cat\/?post_type=projecte&#038;p=4346"},"modified":"2024-07-29T09:50:14","modified_gmt":"2024-07-29T07:50:14","slug":"can-fabra-imhab-barcelona-2020","status":"publish","type":"projecte","link":"https:\/\/indic.cat\/es\/projecte\/can-fabra-imhab-barcelona-2020\/","title":{"rendered":"Can Fabra IMHAB Barcelona (2020)"},"content":{"rendered":"<p>El Ayuntamiento de Barcelona, a trav\u00e9s del Instituto de Vivienda (IMHAB), impuls\u00f3 un proceso de debate compartido por la definici\u00f3n de los usos y el funcionamiento de los espacios comunes que hay en la promoci\u00f3n de 46 viviendas de alquiler del recinto Can Fabra.<\/p>\n<p>INDIC hizo un acompa\u00f1amiento durante el proceso realizando las siguientes tareas:<\/p>\n<p>Sesiones con los responsables t\u00e9cnicos.<br \/>\nSesiones con los vecinos y vecinas de Can Fabra: a la primera sesi\u00f3n se hizo un an\u00e1lisis de los espacios comunes, la segunda sesi\u00f3n se realiz\u00f3 en un formato de taller creativo con el objetivo de generar ideas de nuevos usos de los espacios y a la \u00faltima sesi\u00f3n se definieron los usos y el funcionamiento de los espacios comunes.<br \/>\nRedacci\u00f3n del informe final con los resultados.<\/p>\n","protected":false},"excerpt":{"rendered":"<p>El Ayuntamiento de Barcelona, a trav\u00e9s del Instituto de Vivienda (IMHAB), impuls\u00f3 un proceso de debate compartido por la definici\u00f3n de los usos y el funcionamiento de los espacios comunes que hay en la promoci\u00f3n de 46 viviendas de alquiler del recinto Can Fabra. INDIC hizo un acompa\u00f1amiento durante el proceso realizando las siguientes tareas: [&hellip;]<\/p>\n","protected":false},"featured_media":3557,"menu_order":0,"template":"","meta":{"_acf_changed":false,"footnotes":""},"categoria-servei":[],"class_list":["post-4346","projecte","type-projecte","status-publish","has-post-thumbnail","hentry"],"acf":[],"yoast_head":"<!-- This site is optimized with the Yoast SEO plugin v27.4 - https:\/\/yoast.com\/product\/yoast-seo-wordpress\/ -->\n<title>Can Fabra IMHAB Barcelona (2020) - My CMS<\/title>\n<meta name=\"robots\" content=\"index, follow, max-snippet:-1, max-image-preview:large, max-video-preview:-1\" \/>\n<link rel=\"canonical\" href=\"https:\/\/indic.cat\/es\/projecte\/can-fabra-imhab-barcelona-2020\/\" \/>\n<meta property=\"og:locale\" content=\"es_ES\" \/>\n<meta property=\"og:type\" content=\"article\" \/>\n<meta property=\"og:title\" content=\"Can Fabra IMHAB Barcelona (2020) - My CMS\" \/>\n<meta property=\"og:description\" content=\"El Ayuntamiento de Barcelona, a trav\u00e9s del Instituto de Vivienda (IMHAB), impuls\u00f3 un proceso de debate compartido por la definici\u00f3n de los usos y el funcionamiento de los espacios comunes que hay en la promoci\u00f3n de 46 viviendas de alquiler del recinto Can Fabra. INDIC hizo un acompa\u00f1amiento durante el proceso realizando las siguientes tareas: [&hellip;]\" \/>\n<meta property=\"og:url\" content=\"https:\/\/indic.cat\/es\/projecte\/can-fabra-imhab-barcelona-2020\/\" \/>\n<meta property=\"og:site_name\" content=\"My CMS\" \/>\n<meta property=\"article:publisher\" content=\"https:\/\/www.facebook.com\/Indic-Iniciatives-i-Din%c3%a0miques-Comunit%c3%a0ries-362170033806658\/\" \/>\n<meta property=\"article:modified_time\" content=\"2024-07-29T07:50:14+00:00\" \/>\n<meta property=\"og:image\" content=\"https:\/\/indic.cat\/wp-content\/uploads\/2020\/10\/IMG_20200208_095335-scaled.jpg\" \/>\n\t<meta property=\"og:image:width\" content=\"2560\" \/>\n\t<meta property=\"og:image:height\" content=\"1920\" \/>\n\t<meta property=\"og:image:type\" content=\"image\/jpeg\" \/>\n<meta name=\"twitter:card\" content=\"summary_large_image\" \/>\n<meta name=\"twitter:site\" content=\"@IndicSL\" \/>\n<meta name=\"twitter:label1\" content=\"Tiempo de lectura\" \/>\n\t<meta name=\"twitter:data1\" content=\"1 minuto\" \/>\n<script type=\"application\/ld+json\" class=\"yoast-schema-graph\">{\"@context\":\"https:\\\/\\\/schema.org\",\"@graph\":[{\"@type\":\"WebPage\",\"@id\":\"https:\\\/\\\/indic.cat\\\/es\\\/projecte\\\/can-fabra-imhab-barcelona-2020\\\/\",\"url\":\"https:\\\/\\\/indic.cat\\\/es\\\/projecte\\\/can-fabra-imhab-barcelona-2020\\\/\",\"name\":\"Can Fabra IMHAB Barcelona (2020) - My CMS\",\"isPartOf\":{\"@id\":\"https:\\\/\\\/indic.cat\\\/#website\"},\"primaryImageOfPage\":{\"@id\":\"https:\\\/\\\/indic.cat\\\/es\\\/projecte\\\/can-fabra-imhab-barcelona-2020\\\/#primaryimage\"},\"image\":{\"@id\":\"https:\\\/\\\/indic.cat\\\/es\\\/projecte\\\/can-fabra-imhab-barcelona-2020\\\/#primaryimage\"},\"thumbnailUrl\":\"https:\\\/\\\/indic.cat\\\/wp-content\\\/uploads\\\/2020\\\/10\\\/IMG_20200208_095335-scaled.jpg\",\"datePublished\":\"2020-10-02T11:59:10+00:00\",\"dateModified\":\"2024-07-29T07:50:14+00:00\",\"breadcrumb\":{\"@id\":\"https:\\\/\\\/indic.cat\\\/es\\\/projecte\\\/can-fabra-imhab-barcelona-2020\\\/#breadcrumb\"},\"inLanguage\":\"es\",\"potentialAction\":[{\"@type\":\"ReadAction\",\"target\":[\"https:\\\/\\\/indic.cat\\\/es\\\/projecte\\\/can-fabra-imhab-barcelona-2020\\\/\"]}]},{\"@type\":\"ImageObject\",\"inLanguage\":\"es\",\"@id\":\"https:\\\/\\\/indic.cat\\\/es\\\/projecte\\\/can-fabra-imhab-barcelona-2020\\\/#primaryimage\",\"url\":\"https:\\\/\\\/indic.cat\\\/wp-content\\\/uploads\\\/2020\\\/10\\\/IMG_20200208_095335-scaled.jpg\",\"contentUrl\":\"https:\\\/\\\/indic.cat\\\/wp-content\\\/uploads\\\/2020\\\/10\\\/IMG_20200208_095335-scaled.jpg\",\"width\":2560,\"height\":1920,\"caption\":\"dav\"},{\"@type\":\"BreadcrumbList\",\"@id\":\"https:\\\/\\\/indic.cat\\\/es\\\/projecte\\\/can-fabra-imhab-barcelona-2020\\\/#breadcrumb\",\"itemListElement\":[{\"@type\":\"ListItem\",\"position\":1,\"name\":\"Inici\",\"item\":\"https:\\\/\\\/indic.cat\\\/es\\\/iniciativas-y-dinamicas-comunitarias\\\/\"},{\"@type\":\"ListItem\",\"position\":2,\"name\":\"Projectes\",\"item\":\"https:\\\/\\\/indic.cat\\\/projecte\\\/\"},{\"@type\":\"ListItem\",\"position\":3,\"name\":\"Can Fabra IMHAB Barcelona (2020)\"}]},{\"@type\":\"WebSite\",\"@id\":\"https:\\\/\\\/indic.cat\\\/#website\",\"url\":\"https:\\\/\\\/indic.cat\\\/\",\"name\":\"My CMS\",\"description\":\"Iniciatives i din\u00e0miques comunit\u00e0ries\",\"potentialAction\":[{\"@type\":\"SearchAction\",\"target\":{\"@type\":\"EntryPoint\",\"urlTemplate\":\"https:\\\/\\\/indic.cat\\\/?s={search_term_string}\"},\"query-input\":{\"@type\":\"PropertyValueSpecification\",\"valueRequired\":true,\"valueName\":\"search_term_string\"}}],\"inLanguage\":\"es\"}]}<\/script>\n<!-- \/ Yoast SEO plugin. -->","yoast_head_json":{"title":"Can Fabra IMHAB Barcelona (2020) - My CMS","robots":{"index":"index","follow":"follow","max-snippet":"max-snippet:-1","max-image-preview":"max-image-preview:large","max-video-preview":"max-video-preview:-1"},"canonical":"https:\/\/indic.cat\/es\/projecte\/can-fabra-imhab-barcelona-2020\/","og_locale":"es_ES","og_type":"article","og_title":"Can Fabra IMHAB Barcelona (2020) - My CMS","og_description":"El Ayuntamiento de Barcelona, a trav\u00e9s del Instituto de Vivienda (IMHAB), impuls\u00f3 un proceso de debate compartido por la definici\u00f3n de los usos y el funcionamiento de los espacios comunes que hay en la promoci\u00f3n de 46 viviendas de alquiler del recinto Can Fabra. INDIC hizo un acompa\u00f1amiento durante el proceso realizando las siguientes tareas: [&hellip;]","og_url":"https:\/\/indic.cat\/es\/projecte\/can-fabra-imhab-barcelona-2020\/","og_site_name":"My CMS","article_publisher":"https:\/\/www.facebook.com\/Indic-Iniciatives-i-Din%c3%a0miques-Comunit%c3%a0ries-362170033806658\/","article_modified_time":"2024-07-29T07:50:14+00:00","og_image":[{"width":2560,"height":1920,"url":"https:\/\/indic.cat\/wp-content\/uploads\/2020\/10\/IMG_20200208_095335-scaled.jpg","type":"image\/jpeg"}],"twitter_card":"summary_large_image","twitter_site":"@IndicSL","twitter_misc":{"Tiempo de lectura":"1 minuto"},"schema":{"@context":"https:\/\/schema.org","@graph":[{"@type":"WebPage","@id":"https:\/\/indic.cat\/es\/projecte\/can-fabra-imhab-barcelona-2020\/","url":"https:\/\/indic.cat\/es\/projecte\/can-fabra-imhab-barcelona-2020\/","name":"Can Fabra IMHAB Barcelona (2020) - My CMS","isPartOf":{"@id":"https:\/\/indic.cat\/#website"},"primaryImageOfPage":{"@id":"https:\/\/indic.cat\/es\/projecte\/can-fabra-imhab-barcelona-2020\/#primaryimage"},"image":{"@id":"https:\/\/indic.cat\/es\/projecte\/can-fabra-imhab-barcelona-2020\/#primaryimage"},"thumbnailUrl":"https:\/\/indic.cat\/wp-content\/uploads\/2020\/10\/IMG_20200208_095335-scaled.jpg","datePublished":"2020-10-02T11:59:10+00:00","dateModified":"2024-07-29T07:50:14+00:00","breadcrumb":{"@id":"https:\/\/indic.cat\/es\/projecte\/can-fabra-imhab-barcelona-2020\/#breadcrumb"},"inLanguage":"es","potentialAction":[{"@type":"ReadAction","target":["https:\/\/indic.cat\/es\/projecte\/can-fabra-imhab-barcelona-2020\/"]}]},{"@type":"ImageObject","inLanguage":"es","@id":"https:\/\/indic.cat\/es\/projecte\/can-fabra-imhab-barcelona-2020\/#primaryimage","url":"https:\/\/indic.cat\/wp-content\/uploads\/2020\/10\/IMG_20200208_095335-scaled.jpg","contentUrl":"https:\/\/indic.cat\/wp-content\/uploads\/2020\/10\/IMG_20200208_095335-scaled.jpg","width":2560,"height":1920,"caption":"dav"},{"@type":"BreadcrumbList","@id":"https:\/\/indic.cat\/es\/projecte\/can-fabra-imhab-barcelona-2020\/#breadcrumb","itemListElement":[{"@type":"ListItem","position":1,"name":"Inici","item":"https:\/\/indic.cat\/es\/iniciativas-y-dinamicas-comunitarias\/"},{"@type":"ListItem","position":2,"name":"Projectes","item":"https:\/\/indic.cat\/projecte\/"},{"@type":"ListItem","position":3,"name":"Can Fabra IMHAB Barcelona (2020)"}]},{"@type":"WebSite","@id":"https:\/\/indic.cat\/#website","url":"https:\/\/indic.cat\/","name":"My CMS","description":"Iniciatives i din\u00e0miques comunit\u00e0ries","potentialAction":[{"@type":"SearchAction","target":{"@type":"EntryPoint","urlTemplate":"https:\/\/indic.cat\/?s={search_term_string}"},"query-input":{"@type":"PropertyValueSpecification","valueRequired":true,"valueName":"search_term_string"}}],"inLanguage":"es"}]}},"_links":{"self":[{"href":"https:\/\/indic.cat\/es\/wp-json\/wp\/v2\/projecte\/4346","targetHints":{"allow":["GET"]}}],"collection":[{"href":"https:\/\/indic.cat\/es\/wp-json\/wp\/v2\/projecte"}],"about":[{"href":"https:\/\/indic.cat\/es\/wp-json\/wp\/v2\/types\/projecte"}],"version-history":[{"count":3,"href":"https:\/\/indic.cat\/es\/wp-json\/wp\/v2\/projecte\/4346\/revisions"}],"predecessor-version":[{"id":6196,"href":"https:\/\/indic.cat\/es\/wp-json\/wp\/v2\/projecte\/4346\/revisions\/6196"}],"wp:featuredmedia":[{"embeddable":true,"href":"https:\/\/indic.cat\/es\/wp-json\/wp\/v2\/media\/3557"}],"wp:attachment":[{"href":"https:\/\/indic.cat\/es\/wp-json\/wp\/v2\/media?parent=4346"}],"wp:term":[{"taxonomy":"categoria-servei","embeddable":true,"href":"https:\/\/indic.cat\/es\/wp-json\/wp\/v2\/categoria-servei?post=4346"}],"curies":[{"name":"wp","href":"https:\/\/api.w.org\/{rel}","templated":true}]}}

<p>El Ayuntamiento de Barcelona, a través del Instituto de Vivienda (IMHAB), impulsó un proceso de debate compartido por la definición de los usos y el funcionamiento de los espacios comunes que hay en la promoción de 46 viviendas de alquiler del recinto Can Fabra.</p>
<p>INDIC hizo un acompañamiento durante el proceso realizando las siguientes tareas:</p>
<p>Sesiones con los responsables técnicos.<br />
Sesiones con los vecinos y vecinas de Can Fabra: a la primera sesión se hizo un análisis de los espacios comunes, la segunda sesión se realizó en un formato de taller creativo con el objetivo de generar ideas de nuevos usos de los espacios y a la última sesión se definieron los usos y el funcionamiento de los espacios comunes.<br />
Redacción del informe final con los resultados.</p>

<p>El Ayuntamiento de Barcelona, a través del Instituto de Vivienda (IMHAB), impulsó un proceso de debate compartido por la definición de los usos y el funcionamiento de los espacios comunes que hay en la promoción de 46 viviendas de alquiler del recinto Can Fabra. INDIC hizo un acompañamiento durante el proceso realizando las siguientes tareas: [&hellip;]</p>

<!-- This site is optimized with the Yoast SEO plugin v27.4 - https://yoast.com/product/yoast-seo-wordpress/ -->
<title>Can Fabra IMHAB Barcelona (2020) - My CMS</title>
<meta name="robots" content="index, follow, max-snippet:-1, max-image-preview:large, max-video-preview:-1" />
<link rel="canonical" href="https://indic.cat/es/projecte/can-fabra-imhab-barcelona-2020/" />
<meta property="og:locale" content="es_ES" />
<meta property="og:type" content="article" />
<meta property="og:title" content="Can Fabra IMHAB Barcelona (2020) - My CMS" />
<meta property="og:description" content="El Ayuntamiento de Barcelona, a través del Instituto de Vivienda (IMHAB), impulsó un proceso de debate compartido por la definición de los usos y el funcionamiento de los espacios comunes que hay en la promoción de 46 viviendas de alquiler del recinto Can Fabra. INDIC hizo un acompañamiento durante el proceso realizando las siguientes tareas: [&hellip;]" />
<meta property="og:url" content="https://indic.cat/es/projecte/can-fabra-imhab-barcelona-2020/" />
<meta property="og:site_name" content="My CMS" />
<meta property="article:publisher" content="https://www.facebook.com/Indic-Iniciatives-i-Din%c3%a0miques-Comunit%c3%a0ries-362170033806658/" />
<meta property="article:modified_time" content="2024-07-29T07:50:14+00:00" />
<meta property="og:image" content="https://indic.cat/wp-content/uploads/2020/10/IMG_20200208_095335-scaled.jpg" />
	<meta property="og:image:width" content="2560" />
	<meta property="og:image:height" content="1920" />
	<meta property="og:image:type" content="image/jpeg" />
<meta name="twitter:card" content="summary_large_image" />
<meta name="twitter:site" content="@IndicSL" />
<meta name="twitter:label1" content="Tiempo de lectura" />
	<meta name="twitter:data1" content="1 minuto" />
<script type="application/ld+json" class="yoast-schema-graph">{"@context":"https:\/\/schema.org","@graph":[{"@type":"WebPage","@id":"https:\/\/indic.cat\/es\/projecte\/can-fabra-imhab-barcelona-2020\/","url":"https:\/\/indic.cat\/es\/projecte\/can-fabra-imhab-barcelona-2020\/","name":"Can Fabra IMHAB Barcelona (2020) - My CMS","isPartOf":{"@id":"https:\/\/indic.cat\/#website"},"primaryImageOfPage":{"@id":"https:\/\/indic.cat\/es\/projecte\/can-fabra-imhab-barcelona-2020\/#primaryimage"},"image":{"@id":"https:\/\/indic.cat\/es\/projecte\/can-fabra-imhab-barcelona-2020\/#primaryimage"},"thumbnailUrl":"https:\/\/indic.cat\/wp-content\/uploads\/2020\/10\/IMG_20200208_095335-scaled.jpg","datePublished":"2020-10-02T11:59:10+00:00","dateModified":"2024-07-29T07:50:14+00:00","breadcrumb":{"@id":"https:\/\/indic.cat\/es\/projecte\/can-fabra-imhab-barcelona-2020\/#breadcrumb"},"inLanguage":"es","potentialAction":[{"@type":"ReadAction","target":["https:\/\/indic.cat\/es\/projecte\/can-fabra-imhab-barcelona-2020\/"]}]},{"@type":"ImageObject","inLanguage":"es","@id":"https:\/\/indic.cat\/es\/projecte\/can-fabra-imhab-barcelona-2020\/#primaryimage","url":"https:\/\/indic.cat\/wp-content\/uploads\/2020\/10\/IMG_20200208_095335-scaled.jpg","contentUrl":"https:\/\/indic.cat\/wp-content\/uploads\/2020\/10\/IMG_20200208_095335-scaled.jpg","width":2560,"height":1920,"caption":"dav"},{"@type":"BreadcrumbList","@id":"https:\/\/indic.cat\/es\/projecte\/can-fabra-imhab-barcelona-2020\/#breadcrumb","itemListElement":[{"@type":"ListItem","position":1,"name":"Inici","item":"https:\/\/indic.cat\/es\/iniciativas-y-dinamicas-comunitarias\/"},{"@type":"ListItem","position":2,"name":"Projectes","item":"https:\/\/indic.cat\/projecte\/"},{"@type":"ListItem","position":3,"name":"Can Fabra IMHAB Barcelona (2020)"}]},{"@type":"WebSite","@id":"https:\/\/indic.cat\/#website","url":"https:\/\/indic.cat\/","name":"My CMS","description":"Iniciatives i dinàmiques comunitàries","potentialAction":[{"@type":"SearchAction","target":{"@type":"EntryPoint","urlTemplate":"https:\/\/indic.cat\/?s={search_term_string}"},"query-input":{"@type":"PropertyValueSpecification","valueRequired":true,"valueName":"search_term_string"}}],"inLanguage":"es"}]}</script>
<!-- / Yoast SEO plugin. -->

El Ayuntamiento de Barcelona, a través del Instituto de Vivienda (IMHAB), impulsó un proceso de debate compartido por la definición de los usos y el funcionamiento de los espacios comunes que hay en la promoción de 46 viviendas de alquiler del recinto Can Fabra. INDIC hizo un acompañamiento durante el proceso realizando las siguientes tareas: [&hellip;]

Iniciatives i dinàmiques comunitàries
