{"id":4348,"date":"2024-01-16T11:03:42","date_gmt":"2024-01-16T09:03:42","guid":{"rendered":"https:\/\/indic.cat\/?post_type=projecte&#038;p=4348"},"modified":"2024-01-16T11:03:42","modified_gmt":"2024-01-16T09:03:42","slug":"plan-local-de-juventud-de-la-garriga-2019-2022","status":"publish","type":"projecte","link":"https:\/\/indic.cat\/es\/projecte\/plan-local-de-juventud-de-la-garriga-2019-2022\/","title":{"rendered":"Plan local de juventud de La Garriga (2019-2022)"},"content":{"rendered":"<p>El Ayuntamiento de La Garriga, a trav\u00e9s de la Concejal\u00eda de Juventud, impuls\u00f3 la redacci\u00f3n de su nuevo Plan Local de Juventud (*PLJ). Este proyecto se concibi\u00f3 como una oportunidad para impulsar pol\u00edticas destinadas a mejorar las condiciones de vida de los y las j\u00f3venes de La Garriga.<\/p>\n<p>El proceso de elaboraci\u00f3n ha contemplado elementos estrat\u00e9gicos como implicar a toda la organizaci\u00f3n municipal, los agentes sociales y los y las j\u00f3venes con el objetivo de intentar adecuar las actuaciones a sus voluntades y posibilidades, pero tambi\u00e9n velar por la *corresposabilitzaci\u00f3 e implicaci\u00f3n de todos los agentes vinculados a su ejecuci\u00f3n.<\/p>\n<p>*INDIC ha acompa\u00f1ado a lo largo del proceso de elaboraci\u00f3n del *PLJ realizando las siguientes tareas:<\/p>\n<p>Asesoramiento en la focalizaci\u00f3n de aspectos en los que se quiere centrar el *PLJ partiendo de la diagnosis ya realizada.<br \/>\nAcompa\u00f1amiento en la fase de definici\u00f3n y dise\u00f1o del Plan de Acci\u00f3n dinamizando las siguientes sesiones: sesi\u00f3n con el equipo de gobierno y entrevistas con los y las profesionales de los diferentes \u00e1mbitos de actuaci\u00f3n.<br \/>\nAn\u00e1lisis y s\u00edntesis de los resultados extra\u00eddos a las sesiones<br \/>\nApoyo en la redacci\u00f3n del Plan Local de Juventud<\/p>\n","protected":false},"excerpt":{"rendered":"<p>El Ayuntamiento de La Garriga, a trav\u00e9s de la Concejal\u00eda de Juventud, impuls\u00f3 la redacci\u00f3n de su nuevo Plan Local de Juventud (*PLJ). Este proyecto se concibi\u00f3 como una oportunidad para impulsar pol\u00edticas destinadas a mejorar las condiciones de vida de los y las j\u00f3venes de La Garriga. El proceso de elaboraci\u00f3n ha contemplado elementos [&hellip;]<\/p>\n","protected":false},"featured_media":3552,"menu_order":0,"template":"","meta":{"_acf_changed":false,"footnotes":""},"categoria-servei":[],"class_list":["post-4348","projecte","type-projecte","status-publish","has-post-thumbnail","hentry"],"acf":[],"yoast_head":"<!-- This site is optimized with the Yoast SEO plugin v27.4 - https:\/\/yoast.com\/product\/yoast-seo-wordpress\/ -->\n<title>Plan local de juventud de La Garriga (2019-2022) - My CMS<\/title>\n<meta name=\"robots\" content=\"index, follow, max-snippet:-1, max-image-preview:large, max-video-preview:-1\" \/>\n<link rel=\"canonical\" href=\"https:\/\/indic.cat\/es\/projecte\/plan-local-de-juventud-de-la-garriga-2019-2022\/\" \/>\n<meta property=\"og:locale\" content=\"es_ES\" \/>\n<meta property=\"og:type\" content=\"article\" \/>\n<meta property=\"og:title\" content=\"Plan local de juventud de La Garriga (2019-2022) - My CMS\" \/>\n<meta property=\"og:description\" content=\"El Ayuntamiento de La Garriga, a trav\u00e9s de la Concejal\u00eda de Juventud, impuls\u00f3 la redacci\u00f3n de su nuevo Plan Local de Juventud (*PLJ). Este proyecto se concibi\u00f3 como una oportunidad para impulsar pol\u00edticas destinadas a mejorar las condiciones de vida de los y las j\u00f3venes de La Garriga. El proceso de elaboraci\u00f3n ha contemplado elementos [&hellip;]\" \/>\n<meta property=\"og:url\" content=\"https:\/\/indic.cat\/es\/projecte\/plan-local-de-juventud-de-la-garriga-2019-2022\/\" \/>\n<meta property=\"og:site_name\" content=\"My CMS\" \/>\n<meta property=\"article:publisher\" content=\"https:\/\/www.facebook.com\/Indic-Iniciatives-i-Din%c3%a0miques-Comunit%c3%a0ries-362170033806658\/\" \/>\n<meta property=\"og:image\" content=\"https:\/\/indic.cat\/wp-content\/uploads\/2020\/10\/1633-scaled.jpg\" \/>\n\t<meta property=\"og:image:width\" content=\"2560\" \/>\n\t<meta property=\"og:image:height\" content=\"1440\" \/>\n\t<meta property=\"og:image:type\" content=\"image\/jpeg\" \/>\n<meta name=\"twitter:card\" content=\"summary_large_image\" \/>\n<meta name=\"twitter:site\" content=\"@IndicSL\" \/>\n<meta name=\"twitter:label1\" content=\"Tiempo de lectura\" \/>\n\t<meta name=\"twitter:data1\" content=\"2 minutos\" \/>\n<script type=\"application\/ld+json\" class=\"yoast-schema-graph\">{\"@context\":\"https:\\\/\\\/schema.org\",\"@graph\":[{\"@type\":\"WebPage\",\"@id\":\"https:\\\/\\\/indic.cat\\\/es\\\/projecte\\\/plan-local-de-juventud-de-la-garriga-2019-2022\\\/\",\"url\":\"https:\\\/\\\/indic.cat\\\/es\\\/projecte\\\/plan-local-de-juventud-de-la-garriga-2019-2022\\\/\",\"name\":\"Plan local de juventud de La Garriga (2019-2022) - My CMS\",\"isPartOf\":{\"@id\":\"https:\\\/\\\/indic.cat\\\/#website\"},\"primaryImageOfPage\":{\"@id\":\"https:\\\/\\\/indic.cat\\\/es\\\/projecte\\\/plan-local-de-juventud-de-la-garriga-2019-2022\\\/#primaryimage\"},\"image\":{\"@id\":\"https:\\\/\\\/indic.cat\\\/es\\\/projecte\\\/plan-local-de-juventud-de-la-garriga-2019-2022\\\/#primaryimage\"},\"thumbnailUrl\":\"https:\\\/\\\/indic.cat\\\/wp-content\\\/uploads\\\/2020\\\/10\\\/1633-scaled.jpg\",\"datePublished\":\"2024-01-16T09:03:42+00:00\",\"breadcrumb\":{\"@id\":\"https:\\\/\\\/indic.cat\\\/es\\\/projecte\\\/plan-local-de-juventud-de-la-garriga-2019-2022\\\/#breadcrumb\"},\"inLanguage\":\"es\",\"potentialAction\":[{\"@type\":\"ReadAction\",\"target\":[\"https:\\\/\\\/indic.cat\\\/es\\\/projecte\\\/plan-local-de-juventud-de-la-garriga-2019-2022\\\/\"]}]},{\"@type\":\"ImageObject\",\"inLanguage\":\"es\",\"@id\":\"https:\\\/\\\/indic.cat\\\/es\\\/projecte\\\/plan-local-de-juventud-de-la-garriga-2019-2022\\\/#primaryimage\",\"url\":\"https:\\\/\\\/indic.cat\\\/wp-content\\\/uploads\\\/2020\\\/10\\\/1633-scaled.jpg\",\"contentUrl\":\"https:\\\/\\\/indic.cat\\\/wp-content\\\/uploads\\\/2020\\\/10\\\/1633-scaled.jpg\",\"width\":2560,\"height\":1440,\"caption\":\"Group of casually dressed business people discussing ideas in the office. Creative professionals gathered at the meeting table for discuss the important issues of the new successful startup project.\"},{\"@type\":\"BreadcrumbList\",\"@id\":\"https:\\\/\\\/indic.cat\\\/es\\\/projecte\\\/plan-local-de-juventud-de-la-garriga-2019-2022\\\/#breadcrumb\",\"itemListElement\":[{\"@type\":\"ListItem\",\"position\":1,\"name\":\"Inici\",\"item\":\"https:\\\/\\\/indic.cat\\\/es\\\/iniciativas-y-dinamicas-comunitarias\\\/\"},{\"@type\":\"ListItem\",\"position\":2,\"name\":\"Projectes\",\"item\":\"https:\\\/\\\/indic.cat\\\/projecte\\\/\"},{\"@type\":\"ListItem\",\"position\":3,\"name\":\"Plan local de juventud de La Garriga (2019-2022)\"}]},{\"@type\":\"WebSite\",\"@id\":\"https:\\\/\\\/indic.cat\\\/#website\",\"url\":\"https:\\\/\\\/indic.cat\\\/\",\"name\":\"My CMS\",\"description\":\"Iniciatives i din\u00e0miques comunit\u00e0ries\",\"potentialAction\":[{\"@type\":\"SearchAction\",\"target\":{\"@type\":\"EntryPoint\",\"urlTemplate\":\"https:\\\/\\\/indic.cat\\\/?s={search_term_string}\"},\"query-input\":{\"@type\":\"PropertyValueSpecification\",\"valueRequired\":true,\"valueName\":\"search_term_string\"}}],\"inLanguage\":\"es\"}]}<\/script>\n<!-- \/ Yoast SEO plugin. -->","yoast_head_json":{"title":"Plan local de juventud de La Garriga (2019-2022) - My CMS","robots":{"index":"index","follow":"follow","max-snippet":"max-snippet:-1","max-image-preview":"max-image-preview:large","max-video-preview":"max-video-preview:-1"},"canonical":"https:\/\/indic.cat\/es\/projecte\/plan-local-de-juventud-de-la-garriga-2019-2022\/","og_locale":"es_ES","og_type":"article","og_title":"Plan local de juventud de La Garriga (2019-2022) - My CMS","og_description":"El Ayuntamiento de La Garriga, a trav\u00e9s de la Concejal\u00eda de Juventud, impuls\u00f3 la redacci\u00f3n de su nuevo Plan Local de Juventud (*PLJ). Este proyecto se concibi\u00f3 como una oportunidad para impulsar pol\u00edticas destinadas a mejorar las condiciones de vida de los y las j\u00f3venes de La Garriga. El proceso de elaboraci\u00f3n ha contemplado elementos [&hellip;]","og_url":"https:\/\/indic.cat\/es\/projecte\/plan-local-de-juventud-de-la-garriga-2019-2022\/","og_site_name":"My CMS","article_publisher":"https:\/\/www.facebook.com\/Indic-Iniciatives-i-Din%c3%a0miques-Comunit%c3%a0ries-362170033806658\/","og_image":[{"width":2560,"height":1440,"url":"https:\/\/indic.cat\/wp-content\/uploads\/2020\/10\/1633-scaled.jpg","type":"image\/jpeg"}],"twitter_card":"summary_large_image","twitter_site":"@IndicSL","twitter_misc":{"Tiempo de lectura":"2 minutos"},"schema":{"@context":"https:\/\/schema.org","@graph":[{"@type":"WebPage","@id":"https:\/\/indic.cat\/es\/projecte\/plan-local-de-juventud-de-la-garriga-2019-2022\/","url":"https:\/\/indic.cat\/es\/projecte\/plan-local-de-juventud-de-la-garriga-2019-2022\/","name":"Plan local de juventud de La Garriga (2019-2022) - My CMS","isPartOf":{"@id":"https:\/\/indic.cat\/#website"},"primaryImageOfPage":{"@id":"https:\/\/indic.cat\/es\/projecte\/plan-local-de-juventud-de-la-garriga-2019-2022\/#primaryimage"},"image":{"@id":"https:\/\/indic.cat\/es\/projecte\/plan-local-de-juventud-de-la-garriga-2019-2022\/#primaryimage"},"thumbnailUrl":"https:\/\/indic.cat\/wp-content\/uploads\/2020\/10\/1633-scaled.jpg","datePublished":"2024-01-16T09:03:42+00:00","breadcrumb":{"@id":"https:\/\/indic.cat\/es\/projecte\/plan-local-de-juventud-de-la-garriga-2019-2022\/#breadcrumb"},"inLanguage":"es","potentialAction":[{"@type":"ReadAction","target":["https:\/\/indic.cat\/es\/projecte\/plan-local-de-juventud-de-la-garriga-2019-2022\/"]}]},{"@type":"ImageObject","inLanguage":"es","@id":"https:\/\/indic.cat\/es\/projecte\/plan-local-de-juventud-de-la-garriga-2019-2022\/#primaryimage","url":"https:\/\/indic.cat\/wp-content\/uploads\/2020\/10\/1633-scaled.jpg","contentUrl":"https:\/\/indic.cat\/wp-content\/uploads\/2020\/10\/1633-scaled.jpg","width":2560,"height":1440,"caption":"Group of casually dressed business people discussing ideas in the office. Creative professionals gathered at the meeting table for discuss the important issues of the new successful startup project."},{"@type":"BreadcrumbList","@id":"https:\/\/indic.cat\/es\/projecte\/plan-local-de-juventud-de-la-garriga-2019-2022\/#breadcrumb","itemListElement":[{"@type":"ListItem","position":1,"name":"Inici","item":"https:\/\/indic.cat\/es\/iniciativas-y-dinamicas-comunitarias\/"},{"@type":"ListItem","position":2,"name":"Projectes","item":"https:\/\/indic.cat\/projecte\/"},{"@type":"ListItem","position":3,"name":"Plan local de juventud de La Garriga (2019-2022)"}]},{"@type":"WebSite","@id":"https:\/\/indic.cat\/#website","url":"https:\/\/indic.cat\/","name":"My CMS","description":"Iniciatives i din\u00e0miques comunit\u00e0ries","potentialAction":[{"@type":"SearchAction","target":{"@type":"EntryPoint","urlTemplate":"https:\/\/indic.cat\/?s={search_term_string}"},"query-input":{"@type":"PropertyValueSpecification","valueRequired":true,"valueName":"search_term_string"}}],"inLanguage":"es"}]}},"_links":{"self":[{"href":"https:\/\/indic.cat\/es\/wp-json\/wp\/v2\/projecte\/4348","targetHints":{"allow":["GET"]}}],"collection":[{"href":"https:\/\/indic.cat\/es\/wp-json\/wp\/v2\/projecte"}],"about":[{"href":"https:\/\/indic.cat\/es\/wp-json\/wp\/v2\/types\/projecte"}],"version-history":[{"count":1,"href":"https:\/\/indic.cat\/es\/wp-json\/wp\/v2\/projecte\/4348\/revisions"}],"predecessor-version":[{"id":4349,"href":"https:\/\/indic.cat\/es\/wp-json\/wp\/v2\/projecte\/4348\/revisions\/4349"}],"wp:featuredmedia":[{"embeddable":true,"href":"https:\/\/indic.cat\/es\/wp-json\/wp\/v2\/media\/3552"}],"wp:attachment":[{"href":"https:\/\/indic.cat\/es\/wp-json\/wp\/v2\/media?parent=4348"}],"wp:term":[{"taxonomy":"categoria-servei","embeddable":true,"href":"https:\/\/indic.cat\/es\/wp-json\/wp\/v2\/categoria-servei?post=4348"}],"curies":[{"name":"wp","href":"https:\/\/api.w.org\/{rel}","templated":true}]}}

<p>El Ayuntamiento de La Garriga, a través de la Concejalía de Juventud, impulsó la redacción de su nuevo Plan Local de Juventud (*PLJ). Este proyecto se concibió como una oportunidad para impulsar políticas destinadas a mejorar las condiciones de vida de los y las jóvenes de La Garriga.</p>
<p>El proceso de elaboración ha contemplado elementos estratégicos como implicar a toda la organización municipal, los agentes sociales y los y las jóvenes con el objetivo de intentar adecuar las actuaciones a sus voluntades y posibilidades, pero también velar por la *corresposabilització e implicación de todos los agentes vinculados a su ejecución.</p>
<p>*INDIC ha acompañado a lo largo del proceso de elaboración del *PLJ realizando las siguientes tareas:</p>
<p>Asesoramiento en la focalización de aspectos en los que se quiere centrar el *PLJ partiendo de la diagnosis ya realizada.<br />
Acompañamiento en la fase de definición y diseño del Plan de Acción dinamizando las siguientes sesiones: sesión con el equipo de gobierno y entrevistas con los y las profesionales de los diferentes ámbitos de actuación.<br />
Análisis y síntesis de los resultados extraídos a las sesiones<br />
Apoyo en la redacción del Plan Local de Juventud</p>

<p>El Ayuntamiento de La Garriga, a través de la Concejalía de Juventud, impulsó la redacción de su nuevo Plan Local de Juventud (*PLJ). Este proyecto se concibió como una oportunidad para impulsar políticas destinadas a mejorar las condiciones de vida de los y las jóvenes de La Garriga. El proceso de elaboración ha contemplado elementos [&hellip;]</p>

<!-- This site is optimized with the Yoast SEO plugin v27.4 - https://yoast.com/product/yoast-seo-wordpress/ -->
<title>Plan local de juventud de La Garriga (2019-2022) - My CMS</title>
<meta name="robots" content="index, follow, max-snippet:-1, max-image-preview:large, max-video-preview:-1" />
<link rel="canonical" href="https://indic.cat/es/projecte/plan-local-de-juventud-de-la-garriga-2019-2022/" />
<meta property="og:locale" content="es_ES" />
<meta property="og:type" content="article" />
<meta property="og:title" content="Plan local de juventud de La Garriga (2019-2022) - My CMS" />
<meta property="og:description" content="El Ayuntamiento de La Garriga, a través de la Concejalía de Juventud, impulsó la redacción de su nuevo Plan Local de Juventud (*PLJ). Este proyecto se concibió como una oportunidad para impulsar políticas destinadas a mejorar las condiciones de vida de los y las jóvenes de La Garriga. El proceso de elaboración ha contemplado elementos [&hellip;]" />
<meta property="og:url" content="https://indic.cat/es/projecte/plan-local-de-juventud-de-la-garriga-2019-2022/" />
<meta property="og:site_name" content="My CMS" />
<meta property="article:publisher" content="https://www.facebook.com/Indic-Iniciatives-i-Din%c3%a0miques-Comunit%c3%a0ries-362170033806658/" />
<meta property="og:image" content="https://indic.cat/wp-content/uploads/2020/10/1633-scaled.jpg" />
	<meta property="og:image:width" content="2560" />
	<meta property="og:image:height" content="1440" />
	<meta property="og:image:type" content="image/jpeg" />
<meta name="twitter:card" content="summary_large_image" />
<meta name="twitter:site" content="@IndicSL" />
<meta name="twitter:label1" content="Tiempo de lectura" />
	<meta name="twitter:data1" content="2 minutos" />
<script type="application/ld+json" class="yoast-schema-graph">{"@context":"https:\/\/schema.org","@graph":[{"@type":"WebPage","@id":"https:\/\/indic.cat\/es\/projecte\/plan-local-de-juventud-de-la-garriga-2019-2022\/","url":"https:\/\/indic.cat\/es\/projecte\/plan-local-de-juventud-de-la-garriga-2019-2022\/","name":"Plan local de juventud de La Garriga (2019-2022) - My CMS","isPartOf":{"@id":"https:\/\/indic.cat\/#website"},"primaryImageOfPage":{"@id":"https:\/\/indic.cat\/es\/projecte\/plan-local-de-juventud-de-la-garriga-2019-2022\/#primaryimage"},"image":{"@id":"https:\/\/indic.cat\/es\/projecte\/plan-local-de-juventud-de-la-garriga-2019-2022\/#primaryimage"},"thumbnailUrl":"https:\/\/indic.cat\/wp-content\/uploads\/2020\/10\/1633-scaled.jpg","datePublished":"2024-01-16T09:03:42+00:00","breadcrumb":{"@id":"https:\/\/indic.cat\/es\/projecte\/plan-local-de-juventud-de-la-garriga-2019-2022\/#breadcrumb"},"inLanguage":"es","potentialAction":[{"@type":"ReadAction","target":["https:\/\/indic.cat\/es\/projecte\/plan-local-de-juventud-de-la-garriga-2019-2022\/"]}]},{"@type":"ImageObject","inLanguage":"es","@id":"https:\/\/indic.cat\/es\/projecte\/plan-local-de-juventud-de-la-garriga-2019-2022\/#primaryimage","url":"https:\/\/indic.cat\/wp-content\/uploads\/2020\/10\/1633-scaled.jpg","contentUrl":"https:\/\/indic.cat\/wp-content\/uploads\/2020\/10\/1633-scaled.jpg","width":2560,"height":1440,"caption":"Group of casually dressed business people discussing ideas in the office. Creative professionals gathered at the meeting table for discuss the important issues of the new successful startup project."},{"@type":"BreadcrumbList","@id":"https:\/\/indic.cat\/es\/projecte\/plan-local-de-juventud-de-la-garriga-2019-2022\/#breadcrumb","itemListElement":[{"@type":"ListItem","position":1,"name":"Inici","item":"https:\/\/indic.cat\/es\/iniciativas-y-dinamicas-comunitarias\/"},{"@type":"ListItem","position":2,"name":"Projectes","item":"https:\/\/indic.cat\/projecte\/"},{"@type":"ListItem","position":3,"name":"Plan local de juventud de La Garriga (2019-2022)"}]},{"@type":"WebSite","@id":"https:\/\/indic.cat\/#website","url":"https:\/\/indic.cat\/","name":"My CMS","description":"Iniciatives i dinàmiques comunitàries","potentialAction":[{"@type":"SearchAction","target":{"@type":"EntryPoint","urlTemplate":"https:\/\/indic.cat\/?s={search_term_string}"},"query-input":{"@type":"PropertyValueSpecification","valueRequired":true,"valueName":"search_term_string"}}],"inLanguage":"es"}]}</script>
<!-- / Yoast SEO plugin. -->

El Ayuntamiento de La Garriga, a través de la Concejalía de Juventud, impulsó la redacción de su nuevo Plan Local de Juventud (*PLJ). Este proyecto se concibió como una oportunidad para impulsar políticas destinadas a mejorar las condiciones de vida de los y las jóvenes de La Garriga. El proceso de elaboración ha contemplado elementos [&hellip;]

Iniciatives i dinàmiques comunitàries
