{"id":4354,"date":"2020-09-22T13:51:16","date_gmt":"2020-09-22T11:51:16","guid":{"rendered":"https:\/\/indic.cat\/?post_type=projecte&#038;p=4354"},"modified":"2024-07-29T09:50:46","modified_gmt":"2024-07-29T07:50:46","slug":"curso-de-fortalecimiento-asociativo-de-terrassa-2020","status":"publish","type":"projecte","link":"https:\/\/indic.cat\/es\/projecte\/curso-de-fortalecimiento-asociativo-de-terrassa-2020\/","title":{"rendered":"Curso de fortalecimiento asociativo de Terrassa (2020)"},"content":{"rendered":"<p>El Ayuntamiento de Terrassa ha impulsado una formaci\u00f3n para las entidades de la ciudad para dar respuesta a los retos y necesidades que han surgido en este contexto Covid-19.<\/p>\n<p>Desde INDIC hemos realizado una formaci\u00f3n en l\u00ednea por cada una de ellas con los siguientes objetivos:<\/p>\n<p>Analizar los impactos que la nueva situaci\u00f3n ha provocado a las entidades.<br \/>\nIdentificar las dificultades, retos y oportunidades que la nueva situaci\u00f3n presenta para las entidades.<br \/>\nDefinir estrategias que permitan establecer un plan de trabajo de fortalecimiento de la entidad.<\/p>\n","protected":false},"excerpt":{"rendered":"<p>El Ayuntamiento de Terrassa ha impulsado una formaci\u00f3n para las entidades de la ciudad para dar respuesta a los retos y necesidades que han surgido en este contexto Covid-19. Desde INDIC hemos realizado una formaci\u00f3n en l\u00ednea por cada una de ellas con los siguientes objetivos: Analizar los impactos que la nueva situaci\u00f3n ha provocado [&hellip;]<\/p>\n","protected":false},"featured_media":3492,"menu_order":0,"template":"","meta":{"_acf_changed":false,"footnotes":""},"categoria-servei":[],"class_list":["post-4354","projecte","type-projecte","status-publish","has-post-thumbnail","hentry"],"acf":[],"yoast_head":"<!-- This site is optimized with the Yoast SEO plugin v27.4 - https:\/\/yoast.com\/product\/yoast-seo-wordpress\/ -->\n<title>Curso de fortalecimiento asociativo de Terrassa (2020) - My CMS<\/title>\n<meta name=\"robots\" content=\"index, follow, max-snippet:-1, max-image-preview:large, max-video-preview:-1\" \/>\n<link rel=\"canonical\" href=\"https:\/\/indic.cat\/es\/projecte\/curso-de-fortalecimiento-asociativo-de-terrassa-2020\/\" \/>\n<meta property=\"og:locale\" content=\"es_ES\" \/>\n<meta property=\"og:type\" content=\"article\" \/>\n<meta property=\"og:title\" content=\"Curso de fortalecimiento asociativo de Terrassa (2020) - My CMS\" \/>\n<meta property=\"og:description\" content=\"El Ayuntamiento de Terrassa ha impulsado una formaci\u00f3n para las entidades de la ciudad para dar respuesta a los retos y necesidades que han surgido en este contexto Covid-19. Desde INDIC hemos realizado una formaci\u00f3n en l\u00ednea por cada una de ellas con los siguientes objetivos: Analizar los impactos que la nueva situaci\u00f3n ha provocado [&hellip;]\" \/>\n<meta property=\"og:url\" content=\"https:\/\/indic.cat\/es\/projecte\/curso-de-fortalecimiento-asociativo-de-terrassa-2020\/\" \/>\n<meta property=\"og:site_name\" content=\"My CMS\" \/>\n<meta property=\"article:publisher\" content=\"https:\/\/www.facebook.com\/Indic-Iniciatives-i-Din%c3%a0miques-Comunit%c3%a0ries-362170033806658\/\" \/>\n<meta property=\"article:modified_time\" content=\"2024-07-29T07:50:46+00:00\" \/>\n<meta property=\"og:image\" content=\"https:\/\/indic.cat\/wp-content\/uploads\/2020\/09\/2613-scaled.jpg\" \/>\n\t<meta property=\"og:image:width\" content=\"2560\" \/>\n\t<meta property=\"og:image:height\" content=\"1707\" \/>\n\t<meta property=\"og:image:type\" content=\"image\/jpeg\" \/>\n<meta name=\"twitter:card\" content=\"summary_large_image\" \/>\n<meta name=\"twitter:site\" content=\"@IndicSL\" \/>\n<meta name=\"twitter:label1\" content=\"Tiempo de lectura\" \/>\n\t<meta name=\"twitter:data1\" content=\"1 minuto\" \/>\n<script type=\"application\/ld+json\" class=\"yoast-schema-graph\">{\"@context\":\"https:\\\/\\\/schema.org\",\"@graph\":[{\"@type\":\"WebPage\",\"@id\":\"https:\\\/\\\/indic.cat\\\/es\\\/projecte\\\/curso-de-fortalecimiento-asociativo-de-terrassa-2020\\\/\",\"url\":\"https:\\\/\\\/indic.cat\\\/es\\\/projecte\\\/curso-de-fortalecimiento-asociativo-de-terrassa-2020\\\/\",\"name\":\"Curso de fortalecimiento asociativo de Terrassa (2020) - My CMS\",\"isPartOf\":{\"@id\":\"https:\\\/\\\/indic.cat\\\/#website\"},\"primaryImageOfPage\":{\"@id\":\"https:\\\/\\\/indic.cat\\\/es\\\/projecte\\\/curso-de-fortalecimiento-asociativo-de-terrassa-2020\\\/#primaryimage\"},\"image\":{\"@id\":\"https:\\\/\\\/indic.cat\\\/es\\\/projecte\\\/curso-de-fortalecimiento-asociativo-de-terrassa-2020\\\/#primaryimage\"},\"thumbnailUrl\":\"https:\\\/\\\/indic.cat\\\/wp-content\\\/uploads\\\/2020\\\/09\\\/2613-scaled.jpg\",\"datePublished\":\"2020-09-22T11:51:16+00:00\",\"dateModified\":\"2024-07-29T07:50:46+00:00\",\"breadcrumb\":{\"@id\":\"https:\\\/\\\/indic.cat\\\/es\\\/projecte\\\/curso-de-fortalecimiento-asociativo-de-terrassa-2020\\\/#breadcrumb\"},\"inLanguage\":\"es\",\"potentialAction\":[{\"@type\":\"ReadAction\",\"target\":[\"https:\\\/\\\/indic.cat\\\/es\\\/projecte\\\/curso-de-fortalecimiento-asociativo-de-terrassa-2020\\\/\"]}]},{\"@type\":\"ImageObject\",\"inLanguage\":\"es\",\"@id\":\"https:\\\/\\\/indic.cat\\\/es\\\/projecte\\\/curso-de-fortalecimiento-asociativo-de-terrassa-2020\\\/#primaryimage\",\"url\":\"https:\\\/\\\/indic.cat\\\/wp-content\\\/uploads\\\/2020\\\/09\\\/2613-scaled.jpg\",\"contentUrl\":\"https:\\\/\\\/indic.cat\\\/wp-content\\\/uploads\\\/2020\\\/09\\\/2613-scaled.jpg\",\"width\":2560,\"height\":1707},{\"@type\":\"BreadcrumbList\",\"@id\":\"https:\\\/\\\/indic.cat\\\/es\\\/projecte\\\/curso-de-fortalecimiento-asociativo-de-terrassa-2020\\\/#breadcrumb\",\"itemListElement\":[{\"@type\":\"ListItem\",\"position\":1,\"name\":\"Inici\",\"item\":\"https:\\\/\\\/indic.cat\\\/es\\\/iniciativas-y-dinamicas-comunitarias\\\/\"},{\"@type\":\"ListItem\",\"position\":2,\"name\":\"Projectes\",\"item\":\"https:\\\/\\\/indic.cat\\\/projecte\\\/\"},{\"@type\":\"ListItem\",\"position\":3,\"name\":\"Curso de fortalecimiento asociativo de Terrassa (2020)\"}]},{\"@type\":\"WebSite\",\"@id\":\"https:\\\/\\\/indic.cat\\\/#website\",\"url\":\"https:\\\/\\\/indic.cat\\\/\",\"name\":\"My CMS\",\"description\":\"Iniciatives i din\u00e0miques comunit\u00e0ries\",\"potentialAction\":[{\"@type\":\"SearchAction\",\"target\":{\"@type\":\"EntryPoint\",\"urlTemplate\":\"https:\\\/\\\/indic.cat\\\/?s={search_term_string}\"},\"query-input\":{\"@type\":\"PropertyValueSpecification\",\"valueRequired\":true,\"valueName\":\"search_term_string\"}}],\"inLanguage\":\"es\"}]}<\/script>\n<!-- \/ Yoast SEO plugin. -->","yoast_head_json":{"title":"Curso de fortalecimiento asociativo de Terrassa (2020) - My CMS","robots":{"index":"index","follow":"follow","max-snippet":"max-snippet:-1","max-image-preview":"max-image-preview:large","max-video-preview":"max-video-preview:-1"},"canonical":"https:\/\/indic.cat\/es\/projecte\/curso-de-fortalecimiento-asociativo-de-terrassa-2020\/","og_locale":"es_ES","og_type":"article","og_title":"Curso de fortalecimiento asociativo de Terrassa (2020) - My CMS","og_description":"El Ayuntamiento de Terrassa ha impulsado una formaci\u00f3n para las entidades de la ciudad para dar respuesta a los retos y necesidades que han surgido en este contexto Covid-19. Desde INDIC hemos realizado una formaci\u00f3n en l\u00ednea por cada una de ellas con los siguientes objetivos: Analizar los impactos que la nueva situaci\u00f3n ha provocado [&hellip;]","og_url":"https:\/\/indic.cat\/es\/projecte\/curso-de-fortalecimiento-asociativo-de-terrassa-2020\/","og_site_name":"My CMS","article_publisher":"https:\/\/www.facebook.com\/Indic-Iniciatives-i-Din%c3%a0miques-Comunit%c3%a0ries-362170033806658\/","article_modified_time":"2024-07-29T07:50:46+00:00","og_image":[{"width":2560,"height":1707,"url":"https:\/\/indic.cat\/wp-content\/uploads\/2020\/09\/2613-scaled.jpg","type":"image\/jpeg"}],"twitter_card":"summary_large_image","twitter_site":"@IndicSL","twitter_misc":{"Tiempo de lectura":"1 minuto"},"schema":{"@context":"https:\/\/schema.org","@graph":[{"@type":"WebPage","@id":"https:\/\/indic.cat\/es\/projecte\/curso-de-fortalecimiento-asociativo-de-terrassa-2020\/","url":"https:\/\/indic.cat\/es\/projecte\/curso-de-fortalecimiento-asociativo-de-terrassa-2020\/","name":"Curso de fortalecimiento asociativo de Terrassa (2020) - My CMS","isPartOf":{"@id":"https:\/\/indic.cat\/#website"},"primaryImageOfPage":{"@id":"https:\/\/indic.cat\/es\/projecte\/curso-de-fortalecimiento-asociativo-de-terrassa-2020\/#primaryimage"},"image":{"@id":"https:\/\/indic.cat\/es\/projecte\/curso-de-fortalecimiento-asociativo-de-terrassa-2020\/#primaryimage"},"thumbnailUrl":"https:\/\/indic.cat\/wp-content\/uploads\/2020\/09\/2613-scaled.jpg","datePublished":"2020-09-22T11:51:16+00:00","dateModified":"2024-07-29T07:50:46+00:00","breadcrumb":{"@id":"https:\/\/indic.cat\/es\/projecte\/curso-de-fortalecimiento-asociativo-de-terrassa-2020\/#breadcrumb"},"inLanguage":"es","potentialAction":[{"@type":"ReadAction","target":["https:\/\/indic.cat\/es\/projecte\/curso-de-fortalecimiento-asociativo-de-terrassa-2020\/"]}]},{"@type":"ImageObject","inLanguage":"es","@id":"https:\/\/indic.cat\/es\/projecte\/curso-de-fortalecimiento-asociativo-de-terrassa-2020\/#primaryimage","url":"https:\/\/indic.cat\/wp-content\/uploads\/2020\/09\/2613-scaled.jpg","contentUrl":"https:\/\/indic.cat\/wp-content\/uploads\/2020\/09\/2613-scaled.jpg","width":2560,"height":1707},{"@type":"BreadcrumbList","@id":"https:\/\/indic.cat\/es\/projecte\/curso-de-fortalecimiento-asociativo-de-terrassa-2020\/#breadcrumb","itemListElement":[{"@type":"ListItem","position":1,"name":"Inici","item":"https:\/\/indic.cat\/es\/iniciativas-y-dinamicas-comunitarias\/"},{"@type":"ListItem","position":2,"name":"Projectes","item":"https:\/\/indic.cat\/projecte\/"},{"@type":"ListItem","position":3,"name":"Curso de fortalecimiento asociativo de Terrassa (2020)"}]},{"@type":"WebSite","@id":"https:\/\/indic.cat\/#website","url":"https:\/\/indic.cat\/","name":"My CMS","description":"Iniciatives i din\u00e0miques comunit\u00e0ries","potentialAction":[{"@type":"SearchAction","target":{"@type":"EntryPoint","urlTemplate":"https:\/\/indic.cat\/?s={search_term_string}"},"query-input":{"@type":"PropertyValueSpecification","valueRequired":true,"valueName":"search_term_string"}}],"inLanguage":"es"}]}},"_links":{"self":[{"href":"https:\/\/indic.cat\/es\/wp-json\/wp\/v2\/projecte\/4354","targetHints":{"allow":["GET"]}}],"collection":[{"href":"https:\/\/indic.cat\/es\/wp-json\/wp\/v2\/projecte"}],"about":[{"href":"https:\/\/indic.cat\/es\/wp-json\/wp\/v2\/types\/projecte"}],"version-history":[{"count":3,"href":"https:\/\/indic.cat\/es\/wp-json\/wp\/v2\/projecte\/4354\/revisions"}],"predecessor-version":[{"id":6197,"href":"https:\/\/indic.cat\/es\/wp-json\/wp\/v2\/projecte\/4354\/revisions\/6197"}],"wp:featuredmedia":[{"embeddable":true,"href":"https:\/\/indic.cat\/es\/wp-json\/wp\/v2\/media\/3492"}],"wp:attachment":[{"href":"https:\/\/indic.cat\/es\/wp-json\/wp\/v2\/media?parent=4354"}],"wp:term":[{"taxonomy":"categoria-servei","embeddable":true,"href":"https:\/\/indic.cat\/es\/wp-json\/wp\/v2\/categoria-servei?post=4354"}],"curies":[{"name":"wp","href":"https:\/\/api.w.org\/{rel}","templated":true}]}}

<p>El Ayuntamiento de Terrassa ha impulsado una formación para las entidades de la ciudad para dar respuesta a los retos y necesidades que han surgido en este contexto Covid-19.</p>
<p>Desde INDIC hemos realizado una formación en línea por cada una de ellas con los siguientes objetivos:</p>
<p>Analizar los impactos que la nueva situación ha provocado a las entidades.<br />
Identificar las dificultades, retos y oportunidades que la nueva situación presenta para las entidades.<br />
Definir estrategias que permitan establecer un plan de trabajo de fortalecimiento de la entidad.</p>

<p>El Ayuntamiento de Terrassa ha impulsado una formación para las entidades de la ciudad para dar respuesta a los retos y necesidades que han surgido en este contexto Covid-19. Desde INDIC hemos realizado una formación en línea por cada una de ellas con los siguientes objetivos: Analizar los impactos que la nueva situación ha provocado [&hellip;]</p>

<!-- This site is optimized with the Yoast SEO plugin v27.4 - https://yoast.com/product/yoast-seo-wordpress/ -->
<title>Curso de fortalecimiento asociativo de Terrassa (2020) - My CMS</title>
<meta name="robots" content="index, follow, max-snippet:-1, max-image-preview:large, max-video-preview:-1" />
<link rel="canonical" href="https://indic.cat/es/projecte/curso-de-fortalecimiento-asociativo-de-terrassa-2020/" />
<meta property="og:locale" content="es_ES" />
<meta property="og:type" content="article" />
<meta property="og:title" content="Curso de fortalecimiento asociativo de Terrassa (2020) - My CMS" />
<meta property="og:description" content="El Ayuntamiento de Terrassa ha impulsado una formación para las entidades de la ciudad para dar respuesta a los retos y necesidades que han surgido en este contexto Covid-19. Desde INDIC hemos realizado una formación en línea por cada una de ellas con los siguientes objetivos: Analizar los impactos que la nueva situación ha provocado [&hellip;]" />
<meta property="og:url" content="https://indic.cat/es/projecte/curso-de-fortalecimiento-asociativo-de-terrassa-2020/" />
<meta property="og:site_name" content="My CMS" />
<meta property="article:publisher" content="https://www.facebook.com/Indic-Iniciatives-i-Din%c3%a0miques-Comunit%c3%a0ries-362170033806658/" />
<meta property="article:modified_time" content="2024-07-29T07:50:46+00:00" />
<meta property="og:image" content="https://indic.cat/wp-content/uploads/2020/09/2613-scaled.jpg" />
	<meta property="og:image:width" content="2560" />
	<meta property="og:image:height" content="1707" />
	<meta property="og:image:type" content="image/jpeg" />
<meta name="twitter:card" content="summary_large_image" />
<meta name="twitter:site" content="@IndicSL" />
<meta name="twitter:label1" content="Tiempo de lectura" />
	<meta name="twitter:data1" content="1 minuto" />
<script type="application/ld+json" class="yoast-schema-graph">{"@context":"https:\/\/schema.org","@graph":[{"@type":"WebPage","@id":"https:\/\/indic.cat\/es\/projecte\/curso-de-fortalecimiento-asociativo-de-terrassa-2020\/","url":"https:\/\/indic.cat\/es\/projecte\/curso-de-fortalecimiento-asociativo-de-terrassa-2020\/","name":"Curso de fortalecimiento asociativo de Terrassa (2020) - My CMS","isPartOf":{"@id":"https:\/\/indic.cat\/#website"},"primaryImageOfPage":{"@id":"https:\/\/indic.cat\/es\/projecte\/curso-de-fortalecimiento-asociativo-de-terrassa-2020\/#primaryimage"},"image":{"@id":"https:\/\/indic.cat\/es\/projecte\/curso-de-fortalecimiento-asociativo-de-terrassa-2020\/#primaryimage"},"thumbnailUrl":"https:\/\/indic.cat\/wp-content\/uploads\/2020\/09\/2613-scaled.jpg","datePublished":"2020-09-22T11:51:16+00:00","dateModified":"2024-07-29T07:50:46+00:00","breadcrumb":{"@id":"https:\/\/indic.cat\/es\/projecte\/curso-de-fortalecimiento-asociativo-de-terrassa-2020\/#breadcrumb"},"inLanguage":"es","potentialAction":[{"@type":"ReadAction","target":["https:\/\/indic.cat\/es\/projecte\/curso-de-fortalecimiento-asociativo-de-terrassa-2020\/"]}]},{"@type":"ImageObject","inLanguage":"es","@id":"https:\/\/indic.cat\/es\/projecte\/curso-de-fortalecimiento-asociativo-de-terrassa-2020\/#primaryimage","url":"https:\/\/indic.cat\/wp-content\/uploads\/2020\/09\/2613-scaled.jpg","contentUrl":"https:\/\/indic.cat\/wp-content\/uploads\/2020\/09\/2613-scaled.jpg","width":2560,"height":1707},{"@type":"BreadcrumbList","@id":"https:\/\/indic.cat\/es\/projecte\/curso-de-fortalecimiento-asociativo-de-terrassa-2020\/#breadcrumb","itemListElement":[{"@type":"ListItem","position":1,"name":"Inici","item":"https:\/\/indic.cat\/es\/iniciativas-y-dinamicas-comunitarias\/"},{"@type":"ListItem","position":2,"name":"Projectes","item":"https:\/\/indic.cat\/projecte\/"},{"@type":"ListItem","position":3,"name":"Curso de fortalecimiento asociativo de Terrassa (2020)"}]},{"@type":"WebSite","@id":"https:\/\/indic.cat\/#website","url":"https:\/\/indic.cat\/","name":"My CMS","description":"Iniciatives i dinàmiques comunitàries","potentialAction":[{"@type":"SearchAction","target":{"@type":"EntryPoint","urlTemplate":"https:\/\/indic.cat\/?s={search_term_string}"},"query-input":{"@type":"PropertyValueSpecification","valueRequired":true,"valueName":"search_term_string"}}],"inLanguage":"es"}]}</script>
<!-- / Yoast SEO plugin. -->

El Ayuntamiento de Terrassa ha impulsado una formación para las entidades de la ciudad para dar respuesta a los retos y necesidades que han surgido en este contexto Covid-19. Desde INDIC hemos realizado una formación en línea por cada una de ellas con los siguientes objetivos: Analizar los impactos que la nueva situación ha provocado [&hellip;]

Iniciatives i dinàmiques comunitàries
