{"id":5927,"date":"2024-07-22T10:52:42","date_gmt":"2024-07-22T08:52:42","guid":{"rendered":"https:\/\/indic.cat\/projecte\/voz-y-voto-proyecto-de-participacion-infantil-en-los-centros-educativos\/"},"modified":"2024-07-24T11:08:51","modified_gmt":"2024-07-24T09:08:51","slug":"voz-y-voto-proyecto-de-participacion-infantil-en-los-centros-educativos","status":"publish","type":"projecte","link":"https:\/\/indic.cat\/es\/projecte\/voz-y-voto-proyecto-de-participacion-infantil-en-los-centros-educativos\/","title":{"rendered":"Voz y voto: proyecto de participaci\u00f3n infantil en los centros educativos"},"content":{"rendered":"<p>El proyecto VOZ y VOTO! (SPITEC) -con t\u00edtulo original Student participation en las integrated tool in emergency contexts (SPITEC)- es una intervenci\u00f3n liderada por la aFFaC con el apoyo de la Comisi\u00f3n Europea (UE) en el programa CERV-2021-CHILD.<\/p>\n<p>El proyecto tiene como objetivo atender las necesidades y propuestas de los ni\u00f1os, ni\u00f1as y adolescentes en el \u00e1mbito educativo para generar espacios o herramientas de participaci\u00f3n escolar que puedan ser utilizados en contextos de emergencia, como el vivido durante la pandemia de la COVID-19. De esta forma, el proyecto contribuye a proteger el derecho a la participaci\u00f3n de ni\u00f1os, ni\u00f1as y adolescentes, prestando especial atenci\u00f3n a la igualdad de g\u00e9nero ya los grupos m\u00e1s vulnerables, precisamente los grupos menos escuchados durante la pandemia COVID-19.<\/p>\n<p>El proyecto se ha realizado en 8 escuelas de diferentes territorios de Catalu\u00f1a, considerando la diversidad de escuelas p\u00fablicas seg\u00fan edad, niveles educativos (educaci\u00f3n infantil, primaria y secundaria), proyectos educativos, criterios demogr\u00e1ficos (zonas urbanas y perif\u00e9ricas) y seg\u00fan el contexto socioecon\u00f3mico de las familias. Durante la primera fase del proyecto, en el curso escolar 2022\/2023, se realiz\u00f3 una diagnosis participativa con alumnado y profesorado de cada uno de los centros educativos para definir los espacios participativos a trabajar seg\u00fan las necesidades de cada centro. En la segunda fase del proyecto, en el curso escolar 2023\/2024, se han implantado los espacios y herramientas participativas acordados por cada centro con el acompa\u00f1amiento de las entidades impulsoras del proyecto.<\/p>\n<p>Por \u00faltimo, el proyecto est\u00e1 desarrollando una fase de difusi\u00f3n de las buenas pr\u00e1cticas participativas de los centros participantes con el objetivo de replicarlas en otros centros educativos de Catalu\u00f1a y Europa. \u00c9s en aquesta fase en la qual es publica l\u2019informe final del projecte (disponible en CAT\/ES\/EN), es difonen diversos clips audiovisuals i es realitza l\u2019acte de presentaci\u00f3 dels resultats a la ciutat de Barcelona el 21 de maig de 2024<\/p>\n","protected":false},"excerpt":{"rendered":"<p>El proyecto VOZ y VOTO! (SPITEC) -con t\u00edtulo original Student participation en las integrated tool in emergency contexts (SPITEC)- es una intervenci\u00f3n liderada por la aFFaC con el apoyo de la Comisi\u00f3n Europea (UE) en el programa CERV-2021-CHILD. El proyecto tiene como objetivo atender las necesidades y propuestas de los ni\u00f1os, ni\u00f1as y adolescentes en [&hellip;]<\/p>\n","protected":false},"featured_media":5775,"menu_order":0,"template":"","meta":{"_acf_changed":false,"footnotes":""},"categoria-servei":[],"class_list":["post-5927","projecte","type-projecte","status-publish","has-post-thumbnail","hentry"],"acf":[],"yoast_head":"<!-- This site is optimized with the Yoast SEO plugin v27.4 - https:\/\/yoast.com\/product\/yoast-seo-wordpress\/ -->\n<title>Voz y voto: proyecto de participaci\u00f3n infantil en los centros educativos - My CMS<\/title>\n<meta name=\"robots\" content=\"index, follow, max-snippet:-1, max-image-preview:large, max-video-preview:-1\" \/>\n<link rel=\"canonical\" href=\"https:\/\/indic.cat\/es\/projecte\/voz-y-voto-proyecto-de-participacion-infantil-en-los-centros-educativos\/\" \/>\n<meta property=\"og:locale\" content=\"es_ES\" \/>\n<meta property=\"og:type\" content=\"article\" \/>\n<meta property=\"og:title\" content=\"Voz y voto: proyecto de participaci\u00f3n infantil en los centros educativos - My CMS\" \/>\n<meta property=\"og:description\" content=\"El proyecto VOZ y VOTO! (SPITEC) -con t\u00edtulo original Student participation en las integrated tool in emergency contexts (SPITEC)- es una intervenci\u00f3n liderada por la aFFaC con el apoyo de la Comisi\u00f3n Europea (UE) en el programa CERV-2021-CHILD. El proyecto tiene como objetivo atender las necesidades y propuestas de los ni\u00f1os, ni\u00f1as y adolescentes en [&hellip;]\" \/>\n<meta property=\"og:url\" content=\"https:\/\/indic.cat\/es\/projecte\/voz-y-voto-proyecto-de-participacion-infantil-en-los-centros-educativos\/\" \/>\n<meta property=\"og:site_name\" content=\"My CMS\" \/>\n<meta property=\"article:publisher\" content=\"https:\/\/www.facebook.com\/Indic-Iniciatives-i-Din%c3%a0miques-Comunit%c3%a0ries-362170033806658\/\" \/>\n<meta property=\"article:modified_time\" content=\"2024-07-24T09:08:51+00:00\" \/>\n<meta property=\"og:image\" content=\"https:\/\/indic.cat\/wp-content\/uploads\/2024\/07\/INSITTUT-ESCOLA-EL-CABRERES-CONSELL-ALUMNES-400x283-1.png\" \/>\n\t<meta property=\"og:image:width\" content=\"400\" \/>\n\t<meta property=\"og:image:height\" content=\"283\" \/>\n\t<meta property=\"og:image:type\" content=\"image\/png\" \/>\n<meta name=\"twitter:card\" content=\"summary_large_image\" \/>\n<meta name=\"twitter:site\" content=\"@IndicSL\" \/>\n<meta name=\"twitter:label1\" content=\"Tiempo de lectura\" \/>\n\t<meta name=\"twitter:data1\" content=\"2 minutos\" \/>\n<script type=\"application\/ld+json\" class=\"yoast-schema-graph\">{\"@context\":\"https:\\\/\\\/schema.org\",\"@graph\":[{\"@type\":\"WebPage\",\"@id\":\"https:\\\/\\\/indic.cat\\\/es\\\/projecte\\\/voz-y-voto-proyecto-de-participacion-infantil-en-los-centros-educativos\\\/\",\"url\":\"https:\\\/\\\/indic.cat\\\/es\\\/projecte\\\/voz-y-voto-proyecto-de-participacion-infantil-en-los-centros-educativos\\\/\",\"name\":\"Voz y voto: proyecto de participaci\u00f3n infantil en los centros educativos - My CMS\",\"isPartOf\":{\"@id\":\"https:\\\/\\\/indic.cat\\\/#website\"},\"primaryImageOfPage\":{\"@id\":\"https:\\\/\\\/indic.cat\\\/es\\\/projecte\\\/voz-y-voto-proyecto-de-participacion-infantil-en-los-centros-educativos\\\/#primaryimage\"},\"image\":{\"@id\":\"https:\\\/\\\/indic.cat\\\/es\\\/projecte\\\/voz-y-voto-proyecto-de-participacion-infantil-en-los-centros-educativos\\\/#primaryimage\"},\"thumbnailUrl\":\"https:\\\/\\\/indic.cat\\\/wp-content\\\/uploads\\\/2024\\\/07\\\/INSITTUT-ESCOLA-EL-CABRERES-CONSELL-ALUMNES-400x283-1.png\",\"datePublished\":\"2024-07-22T08:52:42+00:00\",\"dateModified\":\"2024-07-24T09:08:51+00:00\",\"breadcrumb\":{\"@id\":\"https:\\\/\\\/indic.cat\\\/es\\\/projecte\\\/voz-y-voto-proyecto-de-participacion-infantil-en-los-centros-educativos\\\/#breadcrumb\"},\"inLanguage\":\"es\",\"potentialAction\":[{\"@type\":\"ReadAction\",\"target\":[\"https:\\\/\\\/indic.cat\\\/es\\\/projecte\\\/voz-y-voto-proyecto-de-participacion-infantil-en-los-centros-educativos\\\/\"]}]},{\"@type\":\"ImageObject\",\"inLanguage\":\"es\",\"@id\":\"https:\\\/\\\/indic.cat\\\/es\\\/projecte\\\/voz-y-voto-proyecto-de-participacion-infantil-en-los-centros-educativos\\\/#primaryimage\",\"url\":\"https:\\\/\\\/indic.cat\\\/wp-content\\\/uploads\\\/2024\\\/07\\\/INSITTUT-ESCOLA-EL-CABRERES-CONSELL-ALUMNES-400x283-1.png\",\"contentUrl\":\"https:\\\/\\\/indic.cat\\\/wp-content\\\/uploads\\\/2024\\\/07\\\/INSITTUT-ESCOLA-EL-CABRERES-CONSELL-ALUMNES-400x283-1.png\",\"width\":400,\"height\":283},{\"@type\":\"BreadcrumbList\",\"@id\":\"https:\\\/\\\/indic.cat\\\/es\\\/projecte\\\/voz-y-voto-proyecto-de-participacion-infantil-en-los-centros-educativos\\\/#breadcrumb\",\"itemListElement\":[{\"@type\":\"ListItem\",\"position\":1,\"name\":\"Inici\",\"item\":\"https:\\\/\\\/indic.cat\\\/es\\\/iniciativas-y-dinamicas-comunitarias\\\/\"},{\"@type\":\"ListItem\",\"position\":2,\"name\":\"Projectes\",\"item\":\"https:\\\/\\\/indic.cat\\\/projecte\\\/\"},{\"@type\":\"ListItem\",\"position\":3,\"name\":\"Voz y voto: proyecto de participaci\u00f3n infantil en los centros educativos\"}]},{\"@type\":\"WebSite\",\"@id\":\"https:\\\/\\\/indic.cat\\\/#website\",\"url\":\"https:\\\/\\\/indic.cat\\\/\",\"name\":\"My CMS\",\"description\":\"Iniciatives i din\u00e0miques comunit\u00e0ries\",\"potentialAction\":[{\"@type\":\"SearchAction\",\"target\":{\"@type\":\"EntryPoint\",\"urlTemplate\":\"https:\\\/\\\/indic.cat\\\/?s={search_term_string}\"},\"query-input\":{\"@type\":\"PropertyValueSpecification\",\"valueRequired\":true,\"valueName\":\"search_term_string\"}}],\"inLanguage\":\"es\"}]}<\/script>\n<!-- \/ Yoast SEO plugin. -->","yoast_head_json":{"title":"Voz y voto: proyecto de participaci\u00f3n infantil en los centros educativos - My CMS","robots":{"index":"index","follow":"follow","max-snippet":"max-snippet:-1","max-image-preview":"max-image-preview:large","max-video-preview":"max-video-preview:-1"},"canonical":"https:\/\/indic.cat\/es\/projecte\/voz-y-voto-proyecto-de-participacion-infantil-en-los-centros-educativos\/","og_locale":"es_ES","og_type":"article","og_title":"Voz y voto: proyecto de participaci\u00f3n infantil en los centros educativos - My CMS","og_description":"El proyecto VOZ y VOTO! (SPITEC) -con t\u00edtulo original Student participation en las integrated tool in emergency contexts (SPITEC)- es una intervenci\u00f3n liderada por la aFFaC con el apoyo de la Comisi\u00f3n Europea (UE) en el programa CERV-2021-CHILD. El proyecto tiene como objetivo atender las necesidades y propuestas de los ni\u00f1os, ni\u00f1as y adolescentes en [&hellip;]","og_url":"https:\/\/indic.cat\/es\/projecte\/voz-y-voto-proyecto-de-participacion-infantil-en-los-centros-educativos\/","og_site_name":"My CMS","article_publisher":"https:\/\/www.facebook.com\/Indic-Iniciatives-i-Din%c3%a0miques-Comunit%c3%a0ries-362170033806658\/","article_modified_time":"2024-07-24T09:08:51+00:00","og_image":[{"width":400,"height":283,"url":"https:\/\/indic.cat\/wp-content\/uploads\/2024\/07\/INSITTUT-ESCOLA-EL-CABRERES-CONSELL-ALUMNES-400x283-1.png","type":"image\/png"}],"twitter_card":"summary_large_image","twitter_site":"@IndicSL","twitter_misc":{"Tiempo de lectura":"2 minutos"},"schema":{"@context":"https:\/\/schema.org","@graph":[{"@type":"WebPage","@id":"https:\/\/indic.cat\/es\/projecte\/voz-y-voto-proyecto-de-participacion-infantil-en-los-centros-educativos\/","url":"https:\/\/indic.cat\/es\/projecte\/voz-y-voto-proyecto-de-participacion-infantil-en-los-centros-educativos\/","name":"Voz y voto: proyecto de participaci\u00f3n infantil en los centros educativos - My CMS","isPartOf":{"@id":"https:\/\/indic.cat\/#website"},"primaryImageOfPage":{"@id":"https:\/\/indic.cat\/es\/projecte\/voz-y-voto-proyecto-de-participacion-infantil-en-los-centros-educativos\/#primaryimage"},"image":{"@id":"https:\/\/indic.cat\/es\/projecte\/voz-y-voto-proyecto-de-participacion-infantil-en-los-centros-educativos\/#primaryimage"},"thumbnailUrl":"https:\/\/indic.cat\/wp-content\/uploads\/2024\/07\/INSITTUT-ESCOLA-EL-CABRERES-CONSELL-ALUMNES-400x283-1.png","datePublished":"2024-07-22T08:52:42+00:00","dateModified":"2024-07-24T09:08:51+00:00","breadcrumb":{"@id":"https:\/\/indic.cat\/es\/projecte\/voz-y-voto-proyecto-de-participacion-infantil-en-los-centros-educativos\/#breadcrumb"},"inLanguage":"es","potentialAction":[{"@type":"ReadAction","target":["https:\/\/indic.cat\/es\/projecte\/voz-y-voto-proyecto-de-participacion-infantil-en-los-centros-educativos\/"]}]},{"@type":"ImageObject","inLanguage":"es","@id":"https:\/\/indic.cat\/es\/projecte\/voz-y-voto-proyecto-de-participacion-infantil-en-los-centros-educativos\/#primaryimage","url":"https:\/\/indic.cat\/wp-content\/uploads\/2024\/07\/INSITTUT-ESCOLA-EL-CABRERES-CONSELL-ALUMNES-400x283-1.png","contentUrl":"https:\/\/indic.cat\/wp-content\/uploads\/2024\/07\/INSITTUT-ESCOLA-EL-CABRERES-CONSELL-ALUMNES-400x283-1.png","width":400,"height":283},{"@type":"BreadcrumbList","@id":"https:\/\/indic.cat\/es\/projecte\/voz-y-voto-proyecto-de-participacion-infantil-en-los-centros-educativos\/#breadcrumb","itemListElement":[{"@type":"ListItem","position":1,"name":"Inici","item":"https:\/\/indic.cat\/es\/iniciativas-y-dinamicas-comunitarias\/"},{"@type":"ListItem","position":2,"name":"Projectes","item":"https:\/\/indic.cat\/projecte\/"},{"@type":"ListItem","position":3,"name":"Voz y voto: proyecto de participaci\u00f3n infantil en los centros educativos"}]},{"@type":"WebSite","@id":"https:\/\/indic.cat\/#website","url":"https:\/\/indic.cat\/","name":"My CMS","description":"Iniciatives i din\u00e0miques comunit\u00e0ries","potentialAction":[{"@type":"SearchAction","target":{"@type":"EntryPoint","urlTemplate":"https:\/\/indic.cat\/?s={search_term_string}"},"query-input":{"@type":"PropertyValueSpecification","valueRequired":true,"valueName":"search_term_string"}}],"inLanguage":"es"}]}},"_links":{"self":[{"href":"https:\/\/indic.cat\/es\/wp-json\/wp\/v2\/projecte\/5927","targetHints":{"allow":["GET"]}}],"collection":[{"href":"https:\/\/indic.cat\/es\/wp-json\/wp\/v2\/projecte"}],"about":[{"href":"https:\/\/indic.cat\/es\/wp-json\/wp\/v2\/types\/projecte"}],"version-history":[{"count":5,"href":"https:\/\/indic.cat\/es\/wp-json\/wp\/v2\/projecte\/5927\/revisions"}],"predecessor-version":[{"id":5962,"href":"https:\/\/indic.cat\/es\/wp-json\/wp\/v2\/projecte\/5927\/revisions\/5962"}],"wp:featuredmedia":[{"embeddable":true,"href":"https:\/\/indic.cat\/es\/wp-json\/wp\/v2\/media\/5775"}],"wp:attachment":[{"href":"https:\/\/indic.cat\/es\/wp-json\/wp\/v2\/media?parent=5927"}],"wp:term":[{"taxonomy":"categoria-servei","embeddable":true,"href":"https:\/\/indic.cat\/es\/wp-json\/wp\/v2\/categoria-servei?post=5927"}],"curies":[{"name":"wp","href":"https:\/\/api.w.org\/{rel}","templated":true}]}}

Voz y voto: proyecto de participación infantil en los centros educativos

<p>El proyecto VOZ y VOTO! (SPITEC) -con título original Student participation en las integrated tool in emergency contexts (SPITEC)- es una intervención liderada por la aFFaC con el apoyo de la Comisión Europea (UE) en el programa CERV-2021-CHILD.</p>
<p>El proyecto tiene como objetivo atender las necesidades y propuestas de los niños, niñas y adolescentes en el ámbito educativo para generar espacios o herramientas de participación escolar que puedan ser utilizados en contextos de emergencia, como el vivido durante la pandemia de la COVID-19. De esta forma, el proyecto contribuye a proteger el derecho a la participación de niños, niñas y adolescentes, prestando especial atención a la igualdad de género ya los grupos más vulnerables, precisamente los grupos menos escuchados durante la pandemia COVID-19.</p>
<p>El proyecto se ha realizado en 8 escuelas de diferentes territorios de Cataluña, considerando la diversidad de escuelas públicas según edad, niveles educativos (educación infantil, primaria y secundaria), proyectos educativos, criterios demográficos (zonas urbanas y periféricas) y según el contexto socioeconómico de las familias. Durante la primera fase del proyecto, en el curso escolar 2022/2023, se realizó una diagnosis participativa con alumnado y profesorado de cada uno de los centros educativos para definir los espacios participativos a trabajar según las necesidades de cada centro. En la segunda fase del proyecto, en el curso escolar 2023/2024, se han implantado los espacios y herramientas participativas acordados por cada centro con el acompañamiento de las entidades impulsoras del proyecto.</p>
<p>Por último, el proyecto está desarrollando una fase de difusión de las buenas prácticas participativas de los centros participantes con el objetivo de replicarlas en otros centros educativos de Cataluña y Europa. És en aquesta fase en la qual es publica l’informe final del projecte (disponible en CAT/ES/EN), es difonen diversos clips audiovisuals i es realitza l’acte de presentació dels resultats a la ciutat de Barcelona el 21 de maig de 2024</p>

<p>El proyecto VOZ y VOTO! (SPITEC) -con título original Student participation en las integrated tool in emergency contexts (SPITEC)- es una intervención liderada por la aFFaC con el apoyo de la Comisión Europea (UE) en el programa CERV-2021-CHILD. El proyecto tiene como objetivo atender las necesidades y propuestas de los niños, niñas y adolescentes en [&hellip;]</p>

<!-- This site is optimized with the Yoast SEO plugin v27.4 - https://yoast.com/product/yoast-seo-wordpress/ -->
<title>Voz y voto: proyecto de participación infantil en los centros educativos - My CMS</title>
<meta name="robots" content="index, follow, max-snippet:-1, max-image-preview:large, max-video-preview:-1" />
<link rel="canonical" href="https://indic.cat/es/projecte/voz-y-voto-proyecto-de-participacion-infantil-en-los-centros-educativos/" />
<meta property="og:locale" content="es_ES" />
<meta property="og:type" content="article" />
<meta property="og:title" content="Voz y voto: proyecto de participación infantil en los centros educativos - My CMS" />
<meta property="og:description" content="El proyecto VOZ y VOTO! (SPITEC) -con título original Student participation en las integrated tool in emergency contexts (SPITEC)- es una intervención liderada por la aFFaC con el apoyo de la Comisión Europea (UE) en el programa CERV-2021-CHILD. El proyecto tiene como objetivo atender las necesidades y propuestas de los niños, niñas y adolescentes en [&hellip;]" />
<meta property="og:url" content="https://indic.cat/es/projecte/voz-y-voto-proyecto-de-participacion-infantil-en-los-centros-educativos/" />
<meta property="og:site_name" content="My CMS" />
<meta property="article:publisher" content="https://www.facebook.com/Indic-Iniciatives-i-Din%c3%a0miques-Comunit%c3%a0ries-362170033806658/" />
<meta property="article:modified_time" content="2024-07-24T09:08:51+00:00" />
<meta property="og:image" content="https://indic.cat/wp-content/uploads/2024/07/INSITTUT-ESCOLA-EL-CABRERES-CONSELL-ALUMNES-400x283-1.png" />
	<meta property="og:image:width" content="400" />
	<meta property="og:image:height" content="283" />
	<meta property="og:image:type" content="image/png" />
<meta name="twitter:card" content="summary_large_image" />
<meta name="twitter:site" content="@IndicSL" />
<meta name="twitter:label1" content="Tiempo de lectura" />
	<meta name="twitter:data1" content="2 minutos" />
<script type="application/ld+json" class="yoast-schema-graph">{"@context":"https:\/\/schema.org","@graph":[{"@type":"WebPage","@id":"https:\/\/indic.cat\/es\/projecte\/voz-y-voto-proyecto-de-participacion-infantil-en-los-centros-educativos\/","url":"https:\/\/indic.cat\/es\/projecte\/voz-y-voto-proyecto-de-participacion-infantil-en-los-centros-educativos\/","name":"Voz y voto: proyecto de participación infantil en los centros educativos - My CMS","isPartOf":{"@id":"https:\/\/indic.cat\/#website"},"primaryImageOfPage":{"@id":"https:\/\/indic.cat\/es\/projecte\/voz-y-voto-proyecto-de-participacion-infantil-en-los-centros-educativos\/#primaryimage"},"image":{"@id":"https:\/\/indic.cat\/es\/projecte\/voz-y-voto-proyecto-de-participacion-infantil-en-los-centros-educativos\/#primaryimage"},"thumbnailUrl":"https:\/\/indic.cat\/wp-content\/uploads\/2024\/07\/INSITTUT-ESCOLA-EL-CABRERES-CONSELL-ALUMNES-400x283-1.png","datePublished":"2024-07-22T08:52:42+00:00","dateModified":"2024-07-24T09:08:51+00:00","breadcrumb":{"@id":"https:\/\/indic.cat\/es\/projecte\/voz-y-voto-proyecto-de-participacion-infantil-en-los-centros-educativos\/#breadcrumb"},"inLanguage":"es","potentialAction":[{"@type":"ReadAction","target":["https:\/\/indic.cat\/es\/projecte\/voz-y-voto-proyecto-de-participacion-infantil-en-los-centros-educativos\/"]}]},{"@type":"ImageObject","inLanguage":"es","@id":"https:\/\/indic.cat\/es\/projecte\/voz-y-voto-proyecto-de-participacion-infantil-en-los-centros-educativos\/#primaryimage","url":"https:\/\/indic.cat\/wp-content\/uploads\/2024\/07\/INSITTUT-ESCOLA-EL-CABRERES-CONSELL-ALUMNES-400x283-1.png","contentUrl":"https:\/\/indic.cat\/wp-content\/uploads\/2024\/07\/INSITTUT-ESCOLA-EL-CABRERES-CONSELL-ALUMNES-400x283-1.png","width":400,"height":283},{"@type":"BreadcrumbList","@id":"https:\/\/indic.cat\/es\/projecte\/voz-y-voto-proyecto-de-participacion-infantil-en-los-centros-educativos\/#breadcrumb","itemListElement":[{"@type":"ListItem","position":1,"name":"Inici","item":"https:\/\/indic.cat\/es\/iniciativas-y-dinamicas-comunitarias\/"},{"@type":"ListItem","position":2,"name":"Projectes","item":"https:\/\/indic.cat\/projecte\/"},{"@type":"ListItem","position":3,"name":"Voz y voto: proyecto de participación infantil en los centros educativos"}]},{"@type":"WebSite","@id":"https:\/\/indic.cat\/#website","url":"https:\/\/indic.cat\/","name":"My CMS","description":"Iniciatives i dinàmiques comunitàries","potentialAction":[{"@type":"SearchAction","target":{"@type":"EntryPoint","urlTemplate":"https:\/\/indic.cat\/?s={search_term_string}"},"query-input":{"@type":"PropertyValueSpecification","valueRequired":true,"valueName":"search_term_string"}}],"inLanguage":"es"}]}</script>
<!-- / Yoast SEO plugin. -->

Voz y voto: proyecto de participación infantil en los centros educativos - My CMS

El proyecto VOZ y VOTO! (SPITEC) -con título original Student participation en las integrated tool in emergency contexts (SPITEC)- es una intervención liderada por la aFFaC con el apoyo de la Comisión Europea (UE) en el programa CERV-2021-CHILD. El proyecto tiene como objetivo atender las necesidades y propuestas de los niños, niñas y adolescentes en [&hellip;]

Iniciatives i dinàmiques comunitàries
