{"id":5948,"date":"2024-07-23T14:16:59","date_gmt":"2024-07-23T12:16:59","guid":{"rendered":"https:\/\/indic.cat\/projecte\/jornada-escuelas-municipales-por-la-inclusion-cultura-politicas-y-practicas-inclusivas-2024-2\/"},"modified":"2024-07-24T10:48:20","modified_gmt":"2024-07-24T08:48:20","slug":"jornada-escuelas-municipales-por-la-inclusion-cultura-politicas-y-practicas-inclusivas-2024-2","status":"publish","type":"projecte","link":"https:\/\/indic.cat\/es\/projecte\/jornada-escuelas-municipales-por-la-inclusion-cultura-politicas-y-practicas-inclusivas-2024-2\/","title":{"rendered":"Jornada: \u00abEscuelas Municipales por la Inclusi\u00f3n. Cultura, pol\u00edticas y pr\u00e1cticas inclusivas\u00bb (2024)"},"content":{"rendered":"<p>El \u00c1rea de Educaci\u00f3n de la Diputaci\u00f3n de Barcelona organiz\u00f3 la Jornada: \u201cEscuelas Municipales por la Inclusi\u00f3n. Cultura, pol\u00edticas y pr\u00e1cticas inclusivas\u00bb con la mirada puesta en favorecer un cambio de paradigma en torno a la educaci\u00f3n inclusiva y los tres principales ejes de acci\u00f3n: cultura, pol\u00edticas y pr\u00e1cticas.<\/p>\n<p>Esta jornada, impulsada por la Red de escuelas municipales de la Diputaci\u00f3n de Barcelona, y en la que participaron cerca de 200 profesionales, se dirig\u00eda al conjunto de los profesionales de la educaci\u00f3n, con la voluntad de posibilitar un espacio de reflexi\u00f3n, di\u00e1logo y de encuentro del mundo local, para conectar las redes de escuelas municipales y las escuelas municipales del territorio y avanzar conjuntamente hacia un sistema educativo local verdaderamente inclusivo, que d\u00e9 respuesta a todo el mundo respetando sus respectivas singularidades.<\/p>\n<p><strong>Indic asesor\u00f3 y acompa\u00f1\u00f3 al \u00c1rea de Educaci\u00f3n de la Diputaci\u00f3n de Barcelona en el dise\u00f1o y preparaci\u00f3n de la jornada y en su dinamizaci\u00f3n, tanto antes como durante la jornada. La dinamizaci\u00f3n del espacio de trabajo \u00abConnectem, territoris per la inclusi\u00f3\u00bb se hizo a partir de una metodolog\u00eda innovadora que permit\u00eda que los diferentes grupos de trabajo se autogestionaran a partir de unos grandes cubos con informaci\u00f3n e instrucciones, con el acompa\u00f1amiento del equipo dinamizador de INDIC.<\/strong><\/p>\n","protected":false},"excerpt":{"rendered":"<p>El \u00c1rea de Educaci\u00f3n de la Diputaci\u00f3n de Barcelona organiz\u00f3 la Jornada: \u201cEscuelas Municipales por la Inclusi\u00f3n. Cultura, pol\u00edticas y pr\u00e1cticas inclusivas\u00bb con la mirada puesta en favorecer un cambio de paradigma en torno a la educaci\u00f3n inclusiva y los tres principales ejes de acci\u00f3n: cultura, pol\u00edticas y pr\u00e1cticas. Esta jornada, impulsada por la Red [&hellip;]<\/p>\n","protected":false},"featured_media":5906,"menu_order":0,"template":"","meta":{"_acf_changed":false,"footnotes":""},"categoria-servei":[21],"class_list":["post-5948","projecte","type-projecte","status-publish","has-post-thumbnail","hentry","categoria-servei-dinamizacion-y-apoyo-tecnico-a-la-participacion"],"acf":[],"yoast_head":"<!-- This site is optimized with the Yoast SEO plugin v27.5 - https:\/\/yoast.com\/product\/yoast-seo-wordpress\/ -->\n<title>Jornada: \u00abEscuelas Municipales por la Inclusi\u00f3n. Cultura, pol\u00edticas y pr\u00e1cticas inclusivas\u00bb (2024) - My CMS<\/title>\n<meta name=\"robots\" content=\"index, follow, max-snippet:-1, max-image-preview:large, max-video-preview:-1\" \/>\n<link rel=\"canonical\" href=\"https:\/\/indic.cat\/es\/projecte\/jornada-escuelas-municipales-por-la-inclusion-cultura-politicas-y-practicas-inclusivas-2024-2\/\" \/>\n<meta property=\"og:locale\" content=\"es_ES\" \/>\n<meta property=\"og:type\" content=\"article\" \/>\n<meta property=\"og:title\" content=\"Jornada: \u00abEscuelas Municipales por la Inclusi\u00f3n. Cultura, pol\u00edticas y pr\u00e1cticas inclusivas\u00bb (2024) - My CMS\" \/>\n<meta property=\"og:description\" content=\"El \u00c1rea de Educaci\u00f3n de la Diputaci\u00f3n de Barcelona organiz\u00f3 la Jornada: \u201cEscuelas Municipales por la Inclusi\u00f3n. Cultura, pol\u00edticas y pr\u00e1cticas inclusivas\u00bb con la mirada puesta en favorecer un cambio de paradigma en torno a la educaci\u00f3n inclusiva y los tres principales ejes de acci\u00f3n: cultura, pol\u00edticas y pr\u00e1cticas. Esta jornada, impulsada por la Red [&hellip;]\" \/>\n<meta property=\"og:url\" content=\"https:\/\/indic.cat\/es\/projecte\/jornada-escuelas-municipales-por-la-inclusion-cultura-politicas-y-practicas-inclusivas-2024-2\/\" \/>\n<meta property=\"og:site_name\" content=\"My CMS\" \/>\n<meta property=\"article:publisher\" content=\"https:\/\/www.facebook.com\/Indic-Iniciatives-i-Din%c3%a0miques-Comunit%c3%a0ries-362170033806658\/\" \/>\n<meta property=\"article:modified_time\" content=\"2024-07-24T08:48:20+00:00\" \/>\n<meta property=\"og:image\" content=\"https:\/\/indic.cat\/wp-content\/uploads\/2024\/07\/00000IMG_5988-1-scaled.jpg\" \/>\n\t<meta property=\"og:image:width\" content=\"2560\" \/>\n\t<meta property=\"og:image:height\" content=\"1502\" \/>\n\t<meta property=\"og:image:type\" content=\"image\/jpeg\" \/>\n<meta name=\"twitter:card\" content=\"summary_large_image\" \/>\n<meta name=\"twitter:site\" content=\"@IndicSL\" \/>\n<meta name=\"twitter:label1\" content=\"Tiempo de lectura\" \/>\n\t<meta name=\"twitter:data1\" content=\"2 minutos\" \/>\n<script type=\"application\/ld+json\" class=\"yoast-schema-graph\">{\"@context\":\"https:\\\/\\\/schema.org\",\"@graph\":[{\"@type\":\"WebPage\",\"@id\":\"https:\\\/\\\/indic.cat\\\/es\\\/projecte\\\/jornada-escuelas-municipales-por-la-inclusion-cultura-politicas-y-practicas-inclusivas-2024-2\\\/\",\"url\":\"https:\\\/\\\/indic.cat\\\/es\\\/projecte\\\/jornada-escuelas-municipales-por-la-inclusion-cultura-politicas-y-practicas-inclusivas-2024-2\\\/\",\"name\":\"Jornada: \u00abEscuelas Municipales por la Inclusi\u00f3n. Cultura, pol\u00edticas y pr\u00e1cticas inclusivas\u00bb (2024) - My CMS\",\"isPartOf\":{\"@id\":\"https:\\\/\\\/indic.cat\\\/#website\"},\"primaryImageOfPage\":{\"@id\":\"https:\\\/\\\/indic.cat\\\/es\\\/projecte\\\/jornada-escuelas-municipales-por-la-inclusion-cultura-politicas-y-practicas-inclusivas-2024-2\\\/#primaryimage\"},\"image\":{\"@id\":\"https:\\\/\\\/indic.cat\\\/es\\\/projecte\\\/jornada-escuelas-municipales-por-la-inclusion-cultura-politicas-y-practicas-inclusivas-2024-2\\\/#primaryimage\"},\"thumbnailUrl\":\"https:\\\/\\\/indic.cat\\\/wp-content\\\/uploads\\\/2024\\\/07\\\/00000IMG_5988-1-scaled.jpg\",\"datePublished\":\"2024-07-23T12:16:59+00:00\",\"dateModified\":\"2024-07-24T08:48:20+00:00\",\"breadcrumb\":{\"@id\":\"https:\\\/\\\/indic.cat\\\/es\\\/projecte\\\/jornada-escuelas-municipales-por-la-inclusion-cultura-politicas-y-practicas-inclusivas-2024-2\\\/#breadcrumb\"},\"inLanguage\":\"es\",\"potentialAction\":[{\"@type\":\"ReadAction\",\"target\":[\"https:\\\/\\\/indic.cat\\\/es\\\/projecte\\\/jornada-escuelas-municipales-por-la-inclusion-cultura-politicas-y-practicas-inclusivas-2024-2\\\/\"]}]},{\"@type\":\"ImageObject\",\"inLanguage\":\"es\",\"@id\":\"https:\\\/\\\/indic.cat\\\/es\\\/projecte\\\/jornada-escuelas-municipales-por-la-inclusion-cultura-politicas-y-practicas-inclusivas-2024-2\\\/#primaryimage\",\"url\":\"https:\\\/\\\/indic.cat\\\/wp-content\\\/uploads\\\/2024\\\/07\\\/00000IMG_5988-1-scaled.jpg\",\"contentUrl\":\"https:\\\/\\\/indic.cat\\\/wp-content\\\/uploads\\\/2024\\\/07\\\/00000IMG_5988-1-scaled.jpg\",\"width\":2560,\"height\":1502},{\"@type\":\"BreadcrumbList\",\"@id\":\"https:\\\/\\\/indic.cat\\\/es\\\/projecte\\\/jornada-escuelas-municipales-por-la-inclusion-cultura-politicas-y-practicas-inclusivas-2024-2\\\/#breadcrumb\",\"itemListElement\":[{\"@type\":\"ListItem\",\"position\":1,\"name\":\"Inici\",\"item\":\"https:\\\/\\\/indic.cat\\\/es\\\/iniciativas-y-dinamicas-comunitarias\\\/\"},{\"@type\":\"ListItem\",\"position\":2,\"name\":\"Projectes\",\"item\":\"https:\\\/\\\/indic.cat\\\/projecte\\\/\"},{\"@type\":\"ListItem\",\"position\":3,\"name\":\"Jornada: \u00abEscuelas Municipales por la Inclusi\u00f3n. Cultura, pol\u00edticas y pr\u00e1cticas inclusivas\u00bb (2024)\"}]},{\"@type\":\"WebSite\",\"@id\":\"https:\\\/\\\/indic.cat\\\/#website\",\"url\":\"https:\\\/\\\/indic.cat\\\/\",\"name\":\"My CMS\",\"description\":\"Iniciatives i din\u00e0miques comunit\u00e0ries\",\"potentialAction\":[{\"@type\":\"SearchAction\",\"target\":{\"@type\":\"EntryPoint\",\"urlTemplate\":\"https:\\\/\\\/indic.cat\\\/?s={search_term_string}\"},\"query-input\":{\"@type\":\"PropertyValueSpecification\",\"valueRequired\":true,\"valueName\":\"search_term_string\"}}],\"inLanguage\":\"es\"}]}<\/script>\n<!-- \/ Yoast SEO plugin. -->","yoast_head_json":{"title":"Jornada: \u00abEscuelas Municipales por la Inclusi\u00f3n. Cultura, pol\u00edticas y pr\u00e1cticas inclusivas\u00bb (2024) - My CMS","robots":{"index":"index","follow":"follow","max-snippet":"max-snippet:-1","max-image-preview":"max-image-preview:large","max-video-preview":"max-video-preview:-1"},"canonical":"https:\/\/indic.cat\/es\/projecte\/jornada-escuelas-municipales-por-la-inclusion-cultura-politicas-y-practicas-inclusivas-2024-2\/","og_locale":"es_ES","og_type":"article","og_title":"Jornada: \u00abEscuelas Municipales por la Inclusi\u00f3n. Cultura, pol\u00edticas y pr\u00e1cticas inclusivas\u00bb (2024) - My CMS","og_description":"El \u00c1rea de Educaci\u00f3n de la Diputaci\u00f3n de Barcelona organiz\u00f3 la Jornada: \u201cEscuelas Municipales por la Inclusi\u00f3n. Cultura, pol\u00edticas y pr\u00e1cticas inclusivas\u00bb con la mirada puesta en favorecer un cambio de paradigma en torno a la educaci\u00f3n inclusiva y los tres principales ejes de acci\u00f3n: cultura, pol\u00edticas y pr\u00e1cticas. Esta jornada, impulsada por la Red [&hellip;]","og_url":"https:\/\/indic.cat\/es\/projecte\/jornada-escuelas-municipales-por-la-inclusion-cultura-politicas-y-practicas-inclusivas-2024-2\/","og_site_name":"My CMS","article_publisher":"https:\/\/www.facebook.com\/Indic-Iniciatives-i-Din%c3%a0miques-Comunit%c3%a0ries-362170033806658\/","article_modified_time":"2024-07-24T08:48:20+00:00","og_image":[{"width":2560,"height":1502,"url":"https:\/\/indic.cat\/wp-content\/uploads\/2024\/07\/00000IMG_5988-1-scaled.jpg","type":"image\/jpeg"}],"twitter_card":"summary_large_image","twitter_site":"@IndicSL","twitter_misc":{"Tiempo de lectura":"2 minutos"},"schema":{"@context":"https:\/\/schema.org","@graph":[{"@type":"WebPage","@id":"https:\/\/indic.cat\/es\/projecte\/jornada-escuelas-municipales-por-la-inclusion-cultura-politicas-y-practicas-inclusivas-2024-2\/","url":"https:\/\/indic.cat\/es\/projecte\/jornada-escuelas-municipales-por-la-inclusion-cultura-politicas-y-practicas-inclusivas-2024-2\/","name":"Jornada: \u00abEscuelas Municipales por la Inclusi\u00f3n. Cultura, pol\u00edticas y pr\u00e1cticas inclusivas\u00bb (2024) - My CMS","isPartOf":{"@id":"https:\/\/indic.cat\/#website"},"primaryImageOfPage":{"@id":"https:\/\/indic.cat\/es\/projecte\/jornada-escuelas-municipales-por-la-inclusion-cultura-politicas-y-practicas-inclusivas-2024-2\/#primaryimage"},"image":{"@id":"https:\/\/indic.cat\/es\/projecte\/jornada-escuelas-municipales-por-la-inclusion-cultura-politicas-y-practicas-inclusivas-2024-2\/#primaryimage"},"thumbnailUrl":"https:\/\/indic.cat\/wp-content\/uploads\/2024\/07\/00000IMG_5988-1-scaled.jpg","datePublished":"2024-07-23T12:16:59+00:00","dateModified":"2024-07-24T08:48:20+00:00","breadcrumb":{"@id":"https:\/\/indic.cat\/es\/projecte\/jornada-escuelas-municipales-por-la-inclusion-cultura-politicas-y-practicas-inclusivas-2024-2\/#breadcrumb"},"inLanguage":"es","potentialAction":[{"@type":"ReadAction","target":["https:\/\/indic.cat\/es\/projecte\/jornada-escuelas-municipales-por-la-inclusion-cultura-politicas-y-practicas-inclusivas-2024-2\/"]}]},{"@type":"ImageObject","inLanguage":"es","@id":"https:\/\/indic.cat\/es\/projecte\/jornada-escuelas-municipales-por-la-inclusion-cultura-politicas-y-practicas-inclusivas-2024-2\/#primaryimage","url":"https:\/\/indic.cat\/wp-content\/uploads\/2024\/07\/00000IMG_5988-1-scaled.jpg","contentUrl":"https:\/\/indic.cat\/wp-content\/uploads\/2024\/07\/00000IMG_5988-1-scaled.jpg","width":2560,"height":1502},{"@type":"BreadcrumbList","@id":"https:\/\/indic.cat\/es\/projecte\/jornada-escuelas-municipales-por-la-inclusion-cultura-politicas-y-practicas-inclusivas-2024-2\/#breadcrumb","itemListElement":[{"@type":"ListItem","position":1,"name":"Inici","item":"https:\/\/indic.cat\/es\/iniciativas-y-dinamicas-comunitarias\/"},{"@type":"ListItem","position":2,"name":"Projectes","item":"https:\/\/indic.cat\/projecte\/"},{"@type":"ListItem","position":3,"name":"Jornada: \u00abEscuelas Municipales por la Inclusi\u00f3n. Cultura, pol\u00edticas y pr\u00e1cticas inclusivas\u00bb (2024)"}]},{"@type":"WebSite","@id":"https:\/\/indic.cat\/#website","url":"https:\/\/indic.cat\/","name":"My CMS","description":"Iniciatives i din\u00e0miques comunit\u00e0ries","potentialAction":[{"@type":"SearchAction","target":{"@type":"EntryPoint","urlTemplate":"https:\/\/indic.cat\/?s={search_term_string}"},"query-input":{"@type":"PropertyValueSpecification","valueRequired":true,"valueName":"search_term_string"}}],"inLanguage":"es"}]}},"_links":{"self":[{"href":"https:\/\/indic.cat\/es\/wp-json\/wp\/v2\/projecte\/5948","targetHints":{"allow":["GET"]}}],"collection":[{"href":"https:\/\/indic.cat\/es\/wp-json\/wp\/v2\/projecte"}],"about":[{"href":"https:\/\/indic.cat\/es\/wp-json\/wp\/v2\/types\/projecte"}],"version-history":[{"count":1,"href":"https:\/\/indic.cat\/es\/wp-json\/wp\/v2\/projecte\/5948\/revisions"}],"predecessor-version":[{"id":5949,"href":"https:\/\/indic.cat\/es\/wp-json\/wp\/v2\/projecte\/5948\/revisions\/5949"}],"wp:featuredmedia":[{"embeddable":true,"href":"https:\/\/indic.cat\/es\/wp-json\/wp\/v2\/media\/5906"}],"wp:attachment":[{"href":"https:\/\/indic.cat\/es\/wp-json\/wp\/v2\/media?parent=5948"}],"wp:term":[{"taxonomy":"categoria-servei","embeddable":true,"href":"https:\/\/indic.cat\/es\/wp-json\/wp\/v2\/categoria-servei?post=5948"}],"curies":[{"name":"wp","href":"https:\/\/api.w.org\/{rel}","templated":true}]}}

Jornada: «Escuelas Municipales por la Inclusión. Cultura, políticas y prácticas inclusivas» (2024)

<p>El Área de Educación de la Diputación de Barcelona organizó la Jornada: “Escuelas Municipales por la Inclusión. Cultura, políticas y prácticas inclusivas» con la mirada puesta en favorecer un cambio de paradigma en torno a la educación inclusiva y los tres principales ejes de acción: cultura, políticas y prácticas.</p>
<p>Esta jornada, impulsada por la Red de escuelas municipales de la Diputación de Barcelona, y en la que participaron cerca de 200 profesionales, se dirigía al conjunto de los profesionales de la educación, con la voluntad de posibilitar un espacio de reflexión, diálogo y de encuentro del mundo local, para conectar las redes de escuelas municipales y las escuelas municipales del territorio y avanzar conjuntamente hacia un sistema educativo local verdaderamente inclusivo, que dé respuesta a todo el mundo respetando sus respectivas singularidades.</p>
<p><strong>Indic asesoró y acompañó al Área de Educación de la Diputación de Barcelona en el diseño y preparación de la jornada y en su dinamización, tanto antes como durante la jornada. La dinamización del espacio de trabajo «Connectem, territoris per la inclusió» se hizo a partir de una metodología innovadora que permitía que los diferentes grupos de trabajo se autogestionaran a partir de unos grandes cubos con información e instrucciones, con el acompañamiento del equipo dinamizador de INDIC.</strong></p>

<p>El Área de Educación de la Diputación de Barcelona organizó la Jornada: “Escuelas Municipales por la Inclusión. Cultura, políticas y prácticas inclusivas» con la mirada puesta en favorecer un cambio de paradigma en torno a la educación inclusiva y los tres principales ejes de acción: cultura, políticas y prácticas. Esta jornada, impulsada por la Red [&hellip;]</p>

<!-- This site is optimized with the Yoast SEO plugin v27.5 - https://yoast.com/product/yoast-seo-wordpress/ -->
<title>Jornada: «Escuelas Municipales por la Inclusión. Cultura, políticas y prácticas inclusivas» (2024) - My CMS</title>
<meta name="robots" content="index, follow, max-snippet:-1, max-image-preview:large, max-video-preview:-1" />
<link rel="canonical" href="https://indic.cat/es/projecte/jornada-escuelas-municipales-por-la-inclusion-cultura-politicas-y-practicas-inclusivas-2024-2/" />
<meta property="og:locale" content="es_ES" />
<meta property="og:type" content="article" />
<meta property="og:title" content="Jornada: «Escuelas Municipales por la Inclusión. Cultura, políticas y prácticas inclusivas» (2024) - My CMS" />
<meta property="og:description" content="El Área de Educación de la Diputación de Barcelona organizó la Jornada: “Escuelas Municipales por la Inclusión. Cultura, políticas y prácticas inclusivas» con la mirada puesta en favorecer un cambio de paradigma en torno a la educación inclusiva y los tres principales ejes de acción: cultura, políticas y prácticas. Esta jornada, impulsada por la Red [&hellip;]" />
<meta property="og:url" content="https://indic.cat/es/projecte/jornada-escuelas-municipales-por-la-inclusion-cultura-politicas-y-practicas-inclusivas-2024-2/" />
<meta property="og:site_name" content="My CMS" />
<meta property="article:publisher" content="https://www.facebook.com/Indic-Iniciatives-i-Din%c3%a0miques-Comunit%c3%a0ries-362170033806658/" />
<meta property="article:modified_time" content="2024-07-24T08:48:20+00:00" />
<meta property="og:image" content="https://indic.cat/wp-content/uploads/2024/07/00000IMG_5988-1-scaled.jpg" />
	<meta property="og:image:width" content="2560" />
	<meta property="og:image:height" content="1502" />
	<meta property="og:image:type" content="image/jpeg" />
<meta name="twitter:card" content="summary_large_image" />
<meta name="twitter:site" content="@IndicSL" />
<meta name="twitter:label1" content="Tiempo de lectura" />
	<meta name="twitter:data1" content="2 minutos" />
<script type="application/ld+json" class="yoast-schema-graph">{"@context":"https:\/\/schema.org","@graph":[{"@type":"WebPage","@id":"https:\/\/indic.cat\/es\/projecte\/jornada-escuelas-municipales-por-la-inclusion-cultura-politicas-y-practicas-inclusivas-2024-2\/","url":"https:\/\/indic.cat\/es\/projecte\/jornada-escuelas-municipales-por-la-inclusion-cultura-politicas-y-practicas-inclusivas-2024-2\/","name":"Jornada: «Escuelas Municipales por la Inclusión. Cultura, políticas y prácticas inclusivas» (2024) - My CMS","isPartOf":{"@id":"https:\/\/indic.cat\/#website"},"primaryImageOfPage":{"@id":"https:\/\/indic.cat\/es\/projecte\/jornada-escuelas-municipales-por-la-inclusion-cultura-politicas-y-practicas-inclusivas-2024-2\/#primaryimage"},"image":{"@id":"https:\/\/indic.cat\/es\/projecte\/jornada-escuelas-municipales-por-la-inclusion-cultura-politicas-y-practicas-inclusivas-2024-2\/#primaryimage"},"thumbnailUrl":"https:\/\/indic.cat\/wp-content\/uploads\/2024\/07\/00000IMG_5988-1-scaled.jpg","datePublished":"2024-07-23T12:16:59+00:00","dateModified":"2024-07-24T08:48:20+00:00","breadcrumb":{"@id":"https:\/\/indic.cat\/es\/projecte\/jornada-escuelas-municipales-por-la-inclusion-cultura-politicas-y-practicas-inclusivas-2024-2\/#breadcrumb"},"inLanguage":"es","potentialAction":[{"@type":"ReadAction","target":["https:\/\/indic.cat\/es\/projecte\/jornada-escuelas-municipales-por-la-inclusion-cultura-politicas-y-practicas-inclusivas-2024-2\/"]}]},{"@type":"ImageObject","inLanguage":"es","@id":"https:\/\/indic.cat\/es\/projecte\/jornada-escuelas-municipales-por-la-inclusion-cultura-politicas-y-practicas-inclusivas-2024-2\/#primaryimage","url":"https:\/\/indic.cat\/wp-content\/uploads\/2024\/07\/00000IMG_5988-1-scaled.jpg","contentUrl":"https:\/\/indic.cat\/wp-content\/uploads\/2024\/07\/00000IMG_5988-1-scaled.jpg","width":2560,"height":1502},{"@type":"BreadcrumbList","@id":"https:\/\/indic.cat\/es\/projecte\/jornada-escuelas-municipales-por-la-inclusion-cultura-politicas-y-practicas-inclusivas-2024-2\/#breadcrumb","itemListElement":[{"@type":"ListItem","position":1,"name":"Inici","item":"https:\/\/indic.cat\/es\/iniciativas-y-dinamicas-comunitarias\/"},{"@type":"ListItem","position":2,"name":"Projectes","item":"https:\/\/indic.cat\/projecte\/"},{"@type":"ListItem","position":3,"name":"Jornada: «Escuelas Municipales por la Inclusión. Cultura, políticas y prácticas inclusivas» (2024)"}]},{"@type":"WebSite","@id":"https:\/\/indic.cat\/#website","url":"https:\/\/indic.cat\/","name":"My CMS","description":"Iniciatives i dinàmiques comunitàries","potentialAction":[{"@type":"SearchAction","target":{"@type":"EntryPoint","urlTemplate":"https:\/\/indic.cat\/?s={search_term_string}"},"query-input":{"@type":"PropertyValueSpecification","valueRequired":true,"valueName":"search_term_string"}}],"inLanguage":"es"}]}</script>
<!-- / Yoast SEO plugin. -->

Jornada: «Escuelas Municipales por la Inclusión. Cultura, políticas y prácticas inclusivas» (2024) - My CMS

El Área de Educación de la Diputación de Barcelona organizó la Jornada: “Escuelas Municipales por la Inclusión. Cultura, políticas y prácticas inclusivas» con la mirada puesta en favorecer un cambio de paradigma en torno a la educación inclusiva y los tres principales ejes de acción: cultura, políticas y prácticas. Esta jornada, impulsada por la Red [&hellip;]

Iniciatives i dinàmiques comunitàries
