{"id":5997,"date":"2024-07-24T12:42:30","date_gmt":"2024-07-24T10:42:30","guid":{"rendered":"https:\/\/indic.cat\/?post_type=projecte&#038;p=5997"},"modified":"2024-07-24T12:44:50","modified_gmt":"2024-07-24T10:44:50","slug":"encuentro-de-entidades-y-servicios-de-gracia-contra-las-soledades-no-deseadas-2023","status":"publish","type":"projecte","link":"https:\/\/indic.cat\/es\/projecte\/encuentro-de-entidades-y-servicios-de-gracia-contra-las-soledades-no-deseadas-2023\/","title":{"rendered":"Encuentro de entidades y servicios de Gr\u00e0cia contra las soledades no deseadas (2023)"},"content":{"rendered":"<p>El Distrito de Gr\u00e0cia, junto con la Estrategia Municipal contra la soledad 2020-2023, impuls\u00f3 un plan de Acci\u00f3n contra la soledad enmarcado en la voluntad de dar respuesta al aislamiento y las soledades no queridas de la ciudadan\u00eda, desplegar recursos y servicios para prevenir, detectar y atender a las situaciones de soledad o adaptar el funcionamiento de la organizaci\u00f3n municipal a los nuevos retos que plantea la soledad.<\/p>\n<p>Las soledades afectan a todo tipo de franjas de edad, g\u00e9nero y colectivos y nos interpelan como sociedad. En noviembre de 2023 se llev\u00f3 a cabo un Encuentro de entidades y servicios de Gr\u00e0cia contra las soledades no deseadas para sensibilizar y normalizar las diferentes situaciones de soledad y dar a conocer servicios e iniciativas tanto p\u00fablicas como del tejido asociativo en los barrios de Gr\u00e0cia; ya la vez convertirse en un espacio de encuentro para el conocimiento y la reflexi\u00f3n conjunta y al mismo tiempo tambi\u00e9n para pensar posibles colaboraciones de futuro.<\/p>\n<p><strong>Indic acompa\u00f1\u00f3 al Distrito en la organizaci\u00f3n de la jornada y dinamizaci\u00f3n de los espacios de trabajo.<\/strong><\/p>\n","protected":false},"excerpt":{"rendered":"<p>El Distrito de Gr\u00e0cia, junto con la Estrategia Municipal contra la soledad 2020-2023, impuls\u00f3 un plan de Acci\u00f3n contra la soledad enmarcado en la voluntad de dar respuesta al aislamiento y las soledades no queridas de la ciudadan\u00eda, desplegar recursos y servicios para prevenir, detectar y atender a las situaciones de soledad o adaptar el [&hellip;]<\/p>\n","protected":false},"featured_media":5999,"menu_order":0,"template":"","meta":{"_acf_changed":false,"footnotes":""},"categoria-servei":[21],"class_list":["post-5997","projecte","type-projecte","status-publish","has-post-thumbnail","hentry","categoria-servei-dinamizacion-y-apoyo-tecnico-a-la-participacion"],"acf":[],"yoast_head":"<!-- This site is optimized with the Yoast SEO plugin v27.5 - https:\/\/yoast.com\/product\/yoast-seo-wordpress\/ -->\n<title>Encuentro de entidades y servicios de Gr\u00e0cia contra las soledades no deseadas (2023) - My CMS<\/title>\n<meta name=\"robots\" content=\"index, follow, max-snippet:-1, max-image-preview:large, max-video-preview:-1\" \/>\n<link rel=\"canonical\" href=\"https:\/\/indic.cat\/es\/projecte\/encuentro-de-entidades-y-servicios-de-gracia-contra-las-soledades-no-deseadas-2023\/\" \/>\n<meta property=\"og:locale\" content=\"es_ES\" \/>\n<meta property=\"og:type\" content=\"article\" \/>\n<meta property=\"og:title\" content=\"Encuentro de entidades y servicios de Gr\u00e0cia contra las soledades no deseadas (2023) - My CMS\" \/>\n<meta property=\"og:description\" content=\"El Distrito de Gr\u00e0cia, junto con la Estrategia Municipal contra la soledad 2020-2023, impuls\u00f3 un plan de Acci\u00f3n contra la soledad enmarcado en la voluntad de dar respuesta al aislamiento y las soledades no queridas de la ciudadan\u00eda, desplegar recursos y servicios para prevenir, detectar y atender a las situaciones de soledad o adaptar el [&hellip;]\" \/>\n<meta property=\"og:url\" content=\"https:\/\/indic.cat\/es\/projecte\/encuentro-de-entidades-y-servicios-de-gracia-contra-las-soledades-no-deseadas-2023\/\" \/>\n<meta property=\"og:site_name\" content=\"My CMS\" \/>\n<meta property=\"article:publisher\" content=\"https:\/\/www.facebook.com\/Indic-Iniciatives-i-Din%c3%a0miques-Comunit%c3%a0ries-362170033806658\/\" \/>\n<meta property=\"article:modified_time\" content=\"2024-07-24T10:44:50+00:00\" \/>\n<meta property=\"og:image\" content=\"https:\/\/indic.cat\/wp-content\/uploads\/2024\/07\/000IMG_3813.jpg\" \/>\n\t<meta property=\"og:image:width\" content=\"1420\" \/>\n\t<meta property=\"og:image:height\" content=\"671\" \/>\n\t<meta property=\"og:image:type\" content=\"image\/jpeg\" \/>\n<meta name=\"twitter:card\" content=\"summary_large_image\" \/>\n<meta name=\"twitter:site\" content=\"@IndicSL\" \/>\n<meta name=\"twitter:label1\" content=\"Tiempo de lectura\" \/>\n\t<meta name=\"twitter:data1\" content=\"1 minuto\" \/>\n<script type=\"application\/ld+json\" class=\"yoast-schema-graph\">{\"@context\":\"https:\\\/\\\/schema.org\",\"@graph\":[{\"@type\":\"WebPage\",\"@id\":\"https:\\\/\\\/indic.cat\\\/es\\\/projecte\\\/encuentro-de-entidades-y-servicios-de-gracia-contra-las-soledades-no-deseadas-2023\\\/\",\"url\":\"https:\\\/\\\/indic.cat\\\/es\\\/projecte\\\/encuentro-de-entidades-y-servicios-de-gracia-contra-las-soledades-no-deseadas-2023\\\/\",\"name\":\"Encuentro de entidades y servicios de Gr\u00e0cia contra las soledades no deseadas (2023) - My CMS\",\"isPartOf\":{\"@id\":\"https:\\\/\\\/indic.cat\\\/#website\"},\"primaryImageOfPage\":{\"@id\":\"https:\\\/\\\/indic.cat\\\/es\\\/projecte\\\/encuentro-de-entidades-y-servicios-de-gracia-contra-las-soledades-no-deseadas-2023\\\/#primaryimage\"},\"image\":{\"@id\":\"https:\\\/\\\/indic.cat\\\/es\\\/projecte\\\/encuentro-de-entidades-y-servicios-de-gracia-contra-las-soledades-no-deseadas-2023\\\/#primaryimage\"},\"thumbnailUrl\":\"https:\\\/\\\/indic.cat\\\/wp-content\\\/uploads\\\/2024\\\/07\\\/000IMG_3813.jpg\",\"datePublished\":\"2024-07-24T10:42:30+00:00\",\"dateModified\":\"2024-07-24T10:44:50+00:00\",\"breadcrumb\":{\"@id\":\"https:\\\/\\\/indic.cat\\\/es\\\/projecte\\\/encuentro-de-entidades-y-servicios-de-gracia-contra-las-soledades-no-deseadas-2023\\\/#breadcrumb\"},\"inLanguage\":\"es\",\"potentialAction\":[{\"@type\":\"ReadAction\",\"target\":[\"https:\\\/\\\/indic.cat\\\/es\\\/projecte\\\/encuentro-de-entidades-y-servicios-de-gracia-contra-las-soledades-no-deseadas-2023\\\/\"]}]},{\"@type\":\"ImageObject\",\"inLanguage\":\"es\",\"@id\":\"https:\\\/\\\/indic.cat\\\/es\\\/projecte\\\/encuentro-de-entidades-y-servicios-de-gracia-contra-las-soledades-no-deseadas-2023\\\/#primaryimage\",\"url\":\"https:\\\/\\\/indic.cat\\\/wp-content\\\/uploads\\\/2024\\\/07\\\/000IMG_3813.jpg\",\"contentUrl\":\"https:\\\/\\\/indic.cat\\\/wp-content\\\/uploads\\\/2024\\\/07\\\/000IMG_3813.jpg\",\"width\":1420,\"height\":671},{\"@type\":\"BreadcrumbList\",\"@id\":\"https:\\\/\\\/indic.cat\\\/es\\\/projecte\\\/encuentro-de-entidades-y-servicios-de-gracia-contra-las-soledades-no-deseadas-2023\\\/#breadcrumb\",\"itemListElement\":[{\"@type\":\"ListItem\",\"position\":1,\"name\":\"Inici\",\"item\":\"https:\\\/\\\/indic.cat\\\/es\\\/iniciativas-y-dinamicas-comunitarias\\\/\"},{\"@type\":\"ListItem\",\"position\":2,\"name\":\"Projectes\",\"item\":\"https:\\\/\\\/indic.cat\\\/projecte\\\/\"},{\"@type\":\"ListItem\",\"position\":3,\"name\":\"Encuentro de entidades y servicios de Gr\u00e0cia contra las soledades no deseadas (2023)\"}]},{\"@type\":\"WebSite\",\"@id\":\"https:\\\/\\\/indic.cat\\\/#website\",\"url\":\"https:\\\/\\\/indic.cat\\\/\",\"name\":\"My CMS\",\"description\":\"Iniciatives i din\u00e0miques comunit\u00e0ries\",\"potentialAction\":[{\"@type\":\"SearchAction\",\"target\":{\"@type\":\"EntryPoint\",\"urlTemplate\":\"https:\\\/\\\/indic.cat\\\/?s={search_term_string}\"},\"query-input\":{\"@type\":\"PropertyValueSpecification\",\"valueRequired\":true,\"valueName\":\"search_term_string\"}}],\"inLanguage\":\"es\"}]}<\/script>\n<!-- \/ Yoast SEO plugin. -->","yoast_head_json":{"title":"Encuentro de entidades y servicios de Gr\u00e0cia contra las soledades no deseadas (2023) - My CMS","robots":{"index":"index","follow":"follow","max-snippet":"max-snippet:-1","max-image-preview":"max-image-preview:large","max-video-preview":"max-video-preview:-1"},"canonical":"https:\/\/indic.cat\/es\/projecte\/encuentro-de-entidades-y-servicios-de-gracia-contra-las-soledades-no-deseadas-2023\/","og_locale":"es_ES","og_type":"article","og_title":"Encuentro de entidades y servicios de Gr\u00e0cia contra las soledades no deseadas (2023) - My CMS","og_description":"El Distrito de Gr\u00e0cia, junto con la Estrategia Municipal contra la soledad 2020-2023, impuls\u00f3 un plan de Acci\u00f3n contra la soledad enmarcado en la voluntad de dar respuesta al aislamiento y las soledades no queridas de la ciudadan\u00eda, desplegar recursos y servicios para prevenir, detectar y atender a las situaciones de soledad o adaptar el [&hellip;]","og_url":"https:\/\/indic.cat\/es\/projecte\/encuentro-de-entidades-y-servicios-de-gracia-contra-las-soledades-no-deseadas-2023\/","og_site_name":"My CMS","article_publisher":"https:\/\/www.facebook.com\/Indic-Iniciatives-i-Din%c3%a0miques-Comunit%c3%a0ries-362170033806658\/","article_modified_time":"2024-07-24T10:44:50+00:00","og_image":[{"width":1420,"height":671,"url":"https:\/\/indic.cat\/wp-content\/uploads\/2024\/07\/000IMG_3813.jpg","type":"image\/jpeg"}],"twitter_card":"summary_large_image","twitter_site":"@IndicSL","twitter_misc":{"Tiempo de lectura":"1 minuto"},"schema":{"@context":"https:\/\/schema.org","@graph":[{"@type":"WebPage","@id":"https:\/\/indic.cat\/es\/projecte\/encuentro-de-entidades-y-servicios-de-gracia-contra-las-soledades-no-deseadas-2023\/","url":"https:\/\/indic.cat\/es\/projecte\/encuentro-de-entidades-y-servicios-de-gracia-contra-las-soledades-no-deseadas-2023\/","name":"Encuentro de entidades y servicios de Gr\u00e0cia contra las soledades no deseadas (2023) - My CMS","isPartOf":{"@id":"https:\/\/indic.cat\/#website"},"primaryImageOfPage":{"@id":"https:\/\/indic.cat\/es\/projecte\/encuentro-de-entidades-y-servicios-de-gracia-contra-las-soledades-no-deseadas-2023\/#primaryimage"},"image":{"@id":"https:\/\/indic.cat\/es\/projecte\/encuentro-de-entidades-y-servicios-de-gracia-contra-las-soledades-no-deseadas-2023\/#primaryimage"},"thumbnailUrl":"https:\/\/indic.cat\/wp-content\/uploads\/2024\/07\/000IMG_3813.jpg","datePublished":"2024-07-24T10:42:30+00:00","dateModified":"2024-07-24T10:44:50+00:00","breadcrumb":{"@id":"https:\/\/indic.cat\/es\/projecte\/encuentro-de-entidades-y-servicios-de-gracia-contra-las-soledades-no-deseadas-2023\/#breadcrumb"},"inLanguage":"es","potentialAction":[{"@type":"ReadAction","target":["https:\/\/indic.cat\/es\/projecte\/encuentro-de-entidades-y-servicios-de-gracia-contra-las-soledades-no-deseadas-2023\/"]}]},{"@type":"ImageObject","inLanguage":"es","@id":"https:\/\/indic.cat\/es\/projecte\/encuentro-de-entidades-y-servicios-de-gracia-contra-las-soledades-no-deseadas-2023\/#primaryimage","url":"https:\/\/indic.cat\/wp-content\/uploads\/2024\/07\/000IMG_3813.jpg","contentUrl":"https:\/\/indic.cat\/wp-content\/uploads\/2024\/07\/000IMG_3813.jpg","width":1420,"height":671},{"@type":"BreadcrumbList","@id":"https:\/\/indic.cat\/es\/projecte\/encuentro-de-entidades-y-servicios-de-gracia-contra-las-soledades-no-deseadas-2023\/#breadcrumb","itemListElement":[{"@type":"ListItem","position":1,"name":"Inici","item":"https:\/\/indic.cat\/es\/iniciativas-y-dinamicas-comunitarias\/"},{"@type":"ListItem","position":2,"name":"Projectes","item":"https:\/\/indic.cat\/projecte\/"},{"@type":"ListItem","position":3,"name":"Encuentro de entidades y servicios de Gr\u00e0cia contra las soledades no deseadas (2023)"}]},{"@type":"WebSite","@id":"https:\/\/indic.cat\/#website","url":"https:\/\/indic.cat\/","name":"My CMS","description":"Iniciatives i din\u00e0miques comunit\u00e0ries","potentialAction":[{"@type":"SearchAction","target":{"@type":"EntryPoint","urlTemplate":"https:\/\/indic.cat\/?s={search_term_string}"},"query-input":{"@type":"PropertyValueSpecification","valueRequired":true,"valueName":"search_term_string"}}],"inLanguage":"es"}]}},"_links":{"self":[{"href":"https:\/\/indic.cat\/es\/wp-json\/wp\/v2\/projecte\/5997","targetHints":{"allow":["GET"]}}],"collection":[{"href":"https:\/\/indic.cat\/es\/wp-json\/wp\/v2\/projecte"}],"about":[{"href":"https:\/\/indic.cat\/es\/wp-json\/wp\/v2\/types\/projecte"}],"version-history":[{"count":1,"href":"https:\/\/indic.cat\/es\/wp-json\/wp\/v2\/projecte\/5997\/revisions"}],"predecessor-version":[{"id":6000,"href":"https:\/\/indic.cat\/es\/wp-json\/wp\/v2\/projecte\/5997\/revisions\/6000"}],"wp:featuredmedia":[{"embeddable":true,"href":"https:\/\/indic.cat\/es\/wp-json\/wp\/v2\/media\/5999"}],"wp:attachment":[{"href":"https:\/\/indic.cat\/es\/wp-json\/wp\/v2\/media?parent=5997"}],"wp:term":[{"taxonomy":"categoria-servei","embeddable":true,"href":"https:\/\/indic.cat\/es\/wp-json\/wp\/v2\/categoria-servei?post=5997"}],"curies":[{"name":"wp","href":"https:\/\/api.w.org\/{rel}","templated":true}]}}

Encuentro de entidades y servicios de Gràcia contra las soledades no deseadas (2023)

<p>El Distrito de Gràcia, junto con la Estrategia Municipal contra la soledad 2020-2023, impulsó un plan de Acción contra la soledad enmarcado en la voluntad de dar respuesta al aislamiento y las soledades no queridas de la ciudadanía, desplegar recursos y servicios para prevenir, detectar y atender a las situaciones de soledad o adaptar el funcionamiento de la organización municipal a los nuevos retos que plantea la soledad.</p>
<p>Las soledades afectan a todo tipo de franjas de edad, género y colectivos y nos interpelan como sociedad. En noviembre de 2023 se llevó a cabo un Encuentro de entidades y servicios de Gràcia contra las soledades no deseadas para sensibilizar y normalizar las diferentes situaciones de soledad y dar a conocer servicios e iniciativas tanto públicas como del tejido asociativo en los barrios de Gràcia; ya la vez convertirse en un espacio de encuentro para el conocimiento y la reflexión conjunta y al mismo tiempo también para pensar posibles colaboraciones de futuro.</p>
<p><strong>Indic acompañó al Distrito en la organización de la jornada y dinamización de los espacios de trabajo.</strong></p>

<p>El Distrito de Gràcia, junto con la Estrategia Municipal contra la soledad 2020-2023, impulsó un plan de Acción contra la soledad enmarcado en la voluntad de dar respuesta al aislamiento y las soledades no queridas de la ciudadanía, desplegar recursos y servicios para prevenir, detectar y atender a las situaciones de soledad o adaptar el [&hellip;]</p>

<!-- This site is optimized with the Yoast SEO plugin v27.5 - https://yoast.com/product/yoast-seo-wordpress/ -->
<title>Encuentro de entidades y servicios de Gràcia contra las soledades no deseadas (2023) - My CMS</title>
<meta name="robots" content="index, follow, max-snippet:-1, max-image-preview:large, max-video-preview:-1" />
<link rel="canonical" href="https://indic.cat/es/projecte/encuentro-de-entidades-y-servicios-de-gracia-contra-las-soledades-no-deseadas-2023/" />
<meta property="og:locale" content="es_ES" />
<meta property="og:type" content="article" />
<meta property="og:title" content="Encuentro de entidades y servicios de Gràcia contra las soledades no deseadas (2023) - My CMS" />
<meta property="og:description" content="El Distrito de Gràcia, junto con la Estrategia Municipal contra la soledad 2020-2023, impulsó un plan de Acción contra la soledad enmarcado en la voluntad de dar respuesta al aislamiento y las soledades no queridas de la ciudadanía, desplegar recursos y servicios para prevenir, detectar y atender a las situaciones de soledad o adaptar el [&hellip;]" />
<meta property="og:url" content="https://indic.cat/es/projecte/encuentro-de-entidades-y-servicios-de-gracia-contra-las-soledades-no-deseadas-2023/" />
<meta property="og:site_name" content="My CMS" />
<meta property="article:publisher" content="https://www.facebook.com/Indic-Iniciatives-i-Din%c3%a0miques-Comunit%c3%a0ries-362170033806658/" />
<meta property="article:modified_time" content="2024-07-24T10:44:50+00:00" />
<meta property="og:image" content="https://indic.cat/wp-content/uploads/2024/07/000IMG_3813.jpg" />
	<meta property="og:image:width" content="1420" />
	<meta property="og:image:height" content="671" />
	<meta property="og:image:type" content="image/jpeg" />
<meta name="twitter:card" content="summary_large_image" />
<meta name="twitter:site" content="@IndicSL" />
<meta name="twitter:label1" content="Tiempo de lectura" />
	<meta name="twitter:data1" content="1 minuto" />
<script type="application/ld+json" class="yoast-schema-graph">{"@context":"https:\/\/schema.org","@graph":[{"@type":"WebPage","@id":"https:\/\/indic.cat\/es\/projecte\/encuentro-de-entidades-y-servicios-de-gracia-contra-las-soledades-no-deseadas-2023\/","url":"https:\/\/indic.cat\/es\/projecte\/encuentro-de-entidades-y-servicios-de-gracia-contra-las-soledades-no-deseadas-2023\/","name":"Encuentro de entidades y servicios de Gràcia contra las soledades no deseadas (2023) - My CMS","isPartOf":{"@id":"https:\/\/indic.cat\/#website"},"primaryImageOfPage":{"@id":"https:\/\/indic.cat\/es\/projecte\/encuentro-de-entidades-y-servicios-de-gracia-contra-las-soledades-no-deseadas-2023\/#primaryimage"},"image":{"@id":"https:\/\/indic.cat\/es\/projecte\/encuentro-de-entidades-y-servicios-de-gracia-contra-las-soledades-no-deseadas-2023\/#primaryimage"},"thumbnailUrl":"https:\/\/indic.cat\/wp-content\/uploads\/2024\/07\/000IMG_3813.jpg","datePublished":"2024-07-24T10:42:30+00:00","dateModified":"2024-07-24T10:44:50+00:00","breadcrumb":{"@id":"https:\/\/indic.cat\/es\/projecte\/encuentro-de-entidades-y-servicios-de-gracia-contra-las-soledades-no-deseadas-2023\/#breadcrumb"},"inLanguage":"es","potentialAction":[{"@type":"ReadAction","target":["https:\/\/indic.cat\/es\/projecte\/encuentro-de-entidades-y-servicios-de-gracia-contra-las-soledades-no-deseadas-2023\/"]}]},{"@type":"ImageObject","inLanguage":"es","@id":"https:\/\/indic.cat\/es\/projecte\/encuentro-de-entidades-y-servicios-de-gracia-contra-las-soledades-no-deseadas-2023\/#primaryimage","url":"https:\/\/indic.cat\/wp-content\/uploads\/2024\/07\/000IMG_3813.jpg","contentUrl":"https:\/\/indic.cat\/wp-content\/uploads\/2024\/07\/000IMG_3813.jpg","width":1420,"height":671},{"@type":"BreadcrumbList","@id":"https:\/\/indic.cat\/es\/projecte\/encuentro-de-entidades-y-servicios-de-gracia-contra-las-soledades-no-deseadas-2023\/#breadcrumb","itemListElement":[{"@type":"ListItem","position":1,"name":"Inici","item":"https:\/\/indic.cat\/es\/iniciativas-y-dinamicas-comunitarias\/"},{"@type":"ListItem","position":2,"name":"Projectes","item":"https:\/\/indic.cat\/projecte\/"},{"@type":"ListItem","position":3,"name":"Encuentro de entidades y servicios de Gràcia contra las soledades no deseadas (2023)"}]},{"@type":"WebSite","@id":"https:\/\/indic.cat\/#website","url":"https:\/\/indic.cat\/","name":"My CMS","description":"Iniciatives i dinàmiques comunitàries","potentialAction":[{"@type":"SearchAction","target":{"@type":"EntryPoint","urlTemplate":"https:\/\/indic.cat\/?s={search_term_string}"},"query-input":{"@type":"PropertyValueSpecification","valueRequired":true,"valueName":"search_term_string"}}],"inLanguage":"es"}]}</script>
<!-- / Yoast SEO plugin. -->

Encuentro de entidades y servicios de Gràcia contra las soledades no deseadas (2023) - My CMS

El Distrito de Gràcia, junto con la Estrategia Municipal contra la soledad 2020-2023, impulsó un plan de Acción contra la soledad enmarcado en la voluntad de dar respuesta al aislamiento y las soledades no queridas de la ciudadanía, desplegar recursos y servicios para prevenir, detectar y atender a las situaciones de soledad o adaptar el [&hellip;]

Iniciatives i dinàmiques comunitàries
