{"id":6037,"date":"2024-06-15T10:54:07","date_gmt":"2024-06-15T08:54:07","guid":{"rendered":"https:\/\/indic.cat\/?post_type=projecte&#038;p=6037"},"modified":"2024-07-25T11:16:04","modified_gmt":"2024-07-25T09:16:04","slug":"plan-de-accion-para-el-bienestar-emocional-y-la-salud-mental-en-cardedeu","status":"publish","type":"projecte","link":"https:\/\/indic.cat\/es\/projecte\/plan-de-accion-para-el-bienestar-emocional-y-la-salud-mental-en-cardedeu\/","title":{"rendered":"Plan de acci\u00f3n para el bienestar emocional y la salud mental en Cardedeu (2024)"},"content":{"rendered":"<p>Cardedeu, con el apoyo de la Diputaci\u00f3n de Barcelona, \u200b\u200bimpuls\u00f3 un proceso para la definici\u00f3n de una estrategia de actuaci\u00f3n en relaci\u00f3n al bienestar emocional y la salud mental en el municipio.<\/p>\n<p>Despu\u00e9s de una primera fase de trabajo en la que se realiz\u00f3 un <em>Estudio de necesidades presentes y futuras en el \u00e1mbito de la salud mental y mapa de recursos en el territorio de Granollers y Cardedeu<\/em>, se impuls\u00f3 una segunda fase para definir el marco estrat\u00e9gico de las pol\u00edticas y acciones del pueblo en relaci\u00f3n con el bienestar emocional y la salud mental. Esto se concret\u00f3 en la priorizaci\u00f3n de las l\u00edneas estrat\u00e9gicas y de los \u00e1mbitos prioritarios de intervenci\u00f3n, la definici\u00f3n de los objetivos y la concreci\u00f3n de las acciones a desarrollar, estableciendo el calendario de ejecuci\u00f3n, proponiendo los espacios de gobernanza, estableciendo las responsabilidades de los agentes implicados y definiendo los indicadores de seguimiento y evaluaci\u00f3n de las acciones tractoras.<\/p>\n<p><strong>Indic acompa\u00f1\u00f3 y dinamiz\u00f3 el proceso de elaboraci\u00f3n del Plan de acci\u00f3n para el bienestar emocional y la salud mental en Cardedeu.<\/strong><\/p>\n","protected":false},"excerpt":{"rendered":"<p>Cardedeu, con el apoyo de la Diputaci\u00f3n de Barcelona, \u200b\u200bimpuls\u00f3 un proceso para la definici\u00f3n de una estrategia de actuaci\u00f3n en relaci\u00f3n al bienestar emocional y la salud mental en el municipio. Despu\u00e9s de una primera fase de trabajo en la que se realiz\u00f3 un Estudio de necesidades presentes y futuras en el \u00e1mbito de [&hellip;]<\/p>\n","protected":false},"featured_media":6039,"menu_order":0,"template":"","meta":{"_acf_changed":false,"footnotes":""},"categoria-servei":[19],"class_list":["post-6037","projecte","type-projecte","status-publish","has-post-thumbnail","hentry","categoria-servei-consultoria-participacion"],"acf":[],"yoast_head":"<!-- This site is optimized with the Yoast SEO plugin v27.4 - https:\/\/yoast.com\/product\/yoast-seo-wordpress\/ -->\n<title>Plan de acci\u00f3n para el bienestar emocional y la salud mental en Cardedeu (2024) - My CMS<\/title>\n<meta name=\"robots\" content=\"index, follow, max-snippet:-1, max-image-preview:large, max-video-preview:-1\" \/>\n<link rel=\"canonical\" href=\"https:\/\/indic.cat\/es\/projecte\/plan-de-accion-para-el-bienestar-emocional-y-la-salud-mental-en-cardedeu\/\" \/>\n<meta property=\"og:locale\" content=\"es_ES\" \/>\n<meta property=\"og:type\" content=\"article\" \/>\n<meta property=\"og:title\" content=\"Plan de acci\u00f3n para el bienestar emocional y la salud mental en Cardedeu (2024) - My CMS\" \/>\n<meta property=\"og:description\" content=\"Cardedeu, con el apoyo de la Diputaci\u00f3n de Barcelona, \u200b\u200bimpuls\u00f3 un proceso para la definici\u00f3n de una estrategia de actuaci\u00f3n en relaci\u00f3n al bienestar emocional y la salud mental en el municipio. Despu\u00e9s de una primera fase de trabajo en la que se realiz\u00f3 un Estudio de necesidades presentes y futuras en el \u00e1mbito de [&hellip;]\" \/>\n<meta property=\"og:url\" content=\"https:\/\/indic.cat\/es\/projecte\/plan-de-accion-para-el-bienestar-emocional-y-la-salud-mental-en-cardedeu\/\" \/>\n<meta property=\"og:site_name\" content=\"My CMS\" \/>\n<meta property=\"article:publisher\" content=\"https:\/\/www.facebook.com\/Indic-Iniciatives-i-Din%c3%a0miques-Comunit%c3%a0ries-362170033806658\/\" \/>\n<meta property=\"article:modified_time\" content=\"2024-07-25T09:16:04+00:00\" \/>\n<meta property=\"og:image\" content=\"https:\/\/indic.cat\/wp-content\/uploads\/2024\/06\/IMG_6799-1-scaled.jpg\" \/>\n\t<meta property=\"og:image:width\" content=\"2560\" \/>\n\t<meta property=\"og:image:height\" content=\"1160\" \/>\n\t<meta property=\"og:image:type\" content=\"image\/jpeg\" \/>\n<meta name=\"twitter:card\" content=\"summary_large_image\" \/>\n<meta name=\"twitter:site\" content=\"@IndicSL\" \/>\n<meta name=\"twitter:label1\" content=\"Tiempo de lectura\" \/>\n\t<meta name=\"twitter:data1\" content=\"2 minutos\" \/>\n<script type=\"application\/ld+json\" class=\"yoast-schema-graph\">{\"@context\":\"https:\\\/\\\/schema.org\",\"@graph\":[{\"@type\":\"WebPage\",\"@id\":\"https:\\\/\\\/indic.cat\\\/es\\\/projecte\\\/plan-de-accion-para-el-bienestar-emocional-y-la-salud-mental-en-cardedeu\\\/\",\"url\":\"https:\\\/\\\/indic.cat\\\/es\\\/projecte\\\/plan-de-accion-para-el-bienestar-emocional-y-la-salud-mental-en-cardedeu\\\/\",\"name\":\"Plan de acci\u00f3n para el bienestar emocional y la salud mental en Cardedeu (2024) - My CMS\",\"isPartOf\":{\"@id\":\"https:\\\/\\\/indic.cat\\\/#website\"},\"primaryImageOfPage\":{\"@id\":\"https:\\\/\\\/indic.cat\\\/es\\\/projecte\\\/plan-de-accion-para-el-bienestar-emocional-y-la-salud-mental-en-cardedeu\\\/#primaryimage\"},\"image\":{\"@id\":\"https:\\\/\\\/indic.cat\\\/es\\\/projecte\\\/plan-de-accion-para-el-bienestar-emocional-y-la-salud-mental-en-cardedeu\\\/#primaryimage\"},\"thumbnailUrl\":\"https:\\\/\\\/indic.cat\\\/wp-content\\\/uploads\\\/2024\\\/06\\\/IMG_6799-1-scaled.jpg\",\"datePublished\":\"2024-06-15T08:54:07+00:00\",\"dateModified\":\"2024-07-25T09:16:04+00:00\",\"breadcrumb\":{\"@id\":\"https:\\\/\\\/indic.cat\\\/es\\\/projecte\\\/plan-de-accion-para-el-bienestar-emocional-y-la-salud-mental-en-cardedeu\\\/#breadcrumb\"},\"inLanguage\":\"es\",\"potentialAction\":[{\"@type\":\"ReadAction\",\"target\":[\"https:\\\/\\\/indic.cat\\\/es\\\/projecte\\\/plan-de-accion-para-el-bienestar-emocional-y-la-salud-mental-en-cardedeu\\\/\"]}]},{\"@type\":\"ImageObject\",\"inLanguage\":\"es\",\"@id\":\"https:\\\/\\\/indic.cat\\\/es\\\/projecte\\\/plan-de-accion-para-el-bienestar-emocional-y-la-salud-mental-en-cardedeu\\\/#primaryimage\",\"url\":\"https:\\\/\\\/indic.cat\\\/wp-content\\\/uploads\\\/2024\\\/06\\\/IMG_6799-1-scaled.jpg\",\"contentUrl\":\"https:\\\/\\\/indic.cat\\\/wp-content\\\/uploads\\\/2024\\\/06\\\/IMG_6799-1-scaled.jpg\",\"width\":2560,\"height\":1160},{\"@type\":\"BreadcrumbList\",\"@id\":\"https:\\\/\\\/indic.cat\\\/es\\\/projecte\\\/plan-de-accion-para-el-bienestar-emocional-y-la-salud-mental-en-cardedeu\\\/#breadcrumb\",\"itemListElement\":[{\"@type\":\"ListItem\",\"position\":1,\"name\":\"Inici\",\"item\":\"https:\\\/\\\/indic.cat\\\/es\\\/iniciativas-y-dinamicas-comunitarias\\\/\"},{\"@type\":\"ListItem\",\"position\":2,\"name\":\"Projectes\",\"item\":\"https:\\\/\\\/indic.cat\\\/projecte\\\/\"},{\"@type\":\"ListItem\",\"position\":3,\"name\":\"Plan de acci\u00f3n para el bienestar emocional y la salud mental en Cardedeu (2024)\"}]},{\"@type\":\"WebSite\",\"@id\":\"https:\\\/\\\/indic.cat\\\/#website\",\"url\":\"https:\\\/\\\/indic.cat\\\/\",\"name\":\"My CMS\",\"description\":\"Iniciatives i din\u00e0miques comunit\u00e0ries\",\"potentialAction\":[{\"@type\":\"SearchAction\",\"target\":{\"@type\":\"EntryPoint\",\"urlTemplate\":\"https:\\\/\\\/indic.cat\\\/?s={search_term_string}\"},\"query-input\":{\"@type\":\"PropertyValueSpecification\",\"valueRequired\":true,\"valueName\":\"search_term_string\"}}],\"inLanguage\":\"es\"}]}<\/script>\n<!-- \/ Yoast SEO plugin. -->","yoast_head_json":{"title":"Plan de acci\u00f3n para el bienestar emocional y la salud mental en Cardedeu (2024) - My CMS","robots":{"index":"index","follow":"follow","max-snippet":"max-snippet:-1","max-image-preview":"max-image-preview:large","max-video-preview":"max-video-preview:-1"},"canonical":"https:\/\/indic.cat\/es\/projecte\/plan-de-accion-para-el-bienestar-emocional-y-la-salud-mental-en-cardedeu\/","og_locale":"es_ES","og_type":"article","og_title":"Plan de acci\u00f3n para el bienestar emocional y la salud mental en Cardedeu (2024) - My CMS","og_description":"Cardedeu, con el apoyo de la Diputaci\u00f3n de Barcelona, \u200b\u200bimpuls\u00f3 un proceso para la definici\u00f3n de una estrategia de actuaci\u00f3n en relaci\u00f3n al bienestar emocional y la salud mental en el municipio. Despu\u00e9s de una primera fase de trabajo en la que se realiz\u00f3 un Estudio de necesidades presentes y futuras en el \u00e1mbito de [&hellip;]","og_url":"https:\/\/indic.cat\/es\/projecte\/plan-de-accion-para-el-bienestar-emocional-y-la-salud-mental-en-cardedeu\/","og_site_name":"My CMS","article_publisher":"https:\/\/www.facebook.com\/Indic-Iniciatives-i-Din%c3%a0miques-Comunit%c3%a0ries-362170033806658\/","article_modified_time":"2024-07-25T09:16:04+00:00","og_image":[{"width":2560,"height":1160,"url":"https:\/\/indic.cat\/wp-content\/uploads\/2024\/06\/IMG_6799-1-scaled.jpg","type":"image\/jpeg"}],"twitter_card":"summary_large_image","twitter_site":"@IndicSL","twitter_misc":{"Tiempo de lectura":"2 minutos"},"schema":{"@context":"https:\/\/schema.org","@graph":[{"@type":"WebPage","@id":"https:\/\/indic.cat\/es\/projecte\/plan-de-accion-para-el-bienestar-emocional-y-la-salud-mental-en-cardedeu\/","url":"https:\/\/indic.cat\/es\/projecte\/plan-de-accion-para-el-bienestar-emocional-y-la-salud-mental-en-cardedeu\/","name":"Plan de acci\u00f3n para el bienestar emocional y la salud mental en Cardedeu (2024) - My CMS","isPartOf":{"@id":"https:\/\/indic.cat\/#website"},"primaryImageOfPage":{"@id":"https:\/\/indic.cat\/es\/projecte\/plan-de-accion-para-el-bienestar-emocional-y-la-salud-mental-en-cardedeu\/#primaryimage"},"image":{"@id":"https:\/\/indic.cat\/es\/projecte\/plan-de-accion-para-el-bienestar-emocional-y-la-salud-mental-en-cardedeu\/#primaryimage"},"thumbnailUrl":"https:\/\/indic.cat\/wp-content\/uploads\/2024\/06\/IMG_6799-1-scaled.jpg","datePublished":"2024-06-15T08:54:07+00:00","dateModified":"2024-07-25T09:16:04+00:00","breadcrumb":{"@id":"https:\/\/indic.cat\/es\/projecte\/plan-de-accion-para-el-bienestar-emocional-y-la-salud-mental-en-cardedeu\/#breadcrumb"},"inLanguage":"es","potentialAction":[{"@type":"ReadAction","target":["https:\/\/indic.cat\/es\/projecte\/plan-de-accion-para-el-bienestar-emocional-y-la-salud-mental-en-cardedeu\/"]}]},{"@type":"ImageObject","inLanguage":"es","@id":"https:\/\/indic.cat\/es\/projecte\/plan-de-accion-para-el-bienestar-emocional-y-la-salud-mental-en-cardedeu\/#primaryimage","url":"https:\/\/indic.cat\/wp-content\/uploads\/2024\/06\/IMG_6799-1-scaled.jpg","contentUrl":"https:\/\/indic.cat\/wp-content\/uploads\/2024\/06\/IMG_6799-1-scaled.jpg","width":2560,"height":1160},{"@type":"BreadcrumbList","@id":"https:\/\/indic.cat\/es\/projecte\/plan-de-accion-para-el-bienestar-emocional-y-la-salud-mental-en-cardedeu\/#breadcrumb","itemListElement":[{"@type":"ListItem","position":1,"name":"Inici","item":"https:\/\/indic.cat\/es\/iniciativas-y-dinamicas-comunitarias\/"},{"@type":"ListItem","position":2,"name":"Projectes","item":"https:\/\/indic.cat\/projecte\/"},{"@type":"ListItem","position":3,"name":"Plan de acci\u00f3n para el bienestar emocional y la salud mental en Cardedeu (2024)"}]},{"@type":"WebSite","@id":"https:\/\/indic.cat\/#website","url":"https:\/\/indic.cat\/","name":"My CMS","description":"Iniciatives i din\u00e0miques comunit\u00e0ries","potentialAction":[{"@type":"SearchAction","target":{"@type":"EntryPoint","urlTemplate":"https:\/\/indic.cat\/?s={search_term_string}"},"query-input":{"@type":"PropertyValueSpecification","valueRequired":true,"valueName":"search_term_string"}}],"inLanguage":"es"}]}},"_links":{"self":[{"href":"https:\/\/indic.cat\/es\/wp-json\/wp\/v2\/projecte\/6037","targetHints":{"allow":["GET"]}}],"collection":[{"href":"https:\/\/indic.cat\/es\/wp-json\/wp\/v2\/projecte"}],"about":[{"href":"https:\/\/indic.cat\/es\/wp-json\/wp\/v2\/types\/projecte"}],"version-history":[{"count":2,"href":"https:\/\/indic.cat\/es\/wp-json\/wp\/v2\/projecte\/6037\/revisions"}],"predecessor-version":[{"id":6044,"href":"https:\/\/indic.cat\/es\/wp-json\/wp\/v2\/projecte\/6037\/revisions\/6044"}],"wp:featuredmedia":[{"embeddable":true,"href":"https:\/\/indic.cat\/es\/wp-json\/wp\/v2\/media\/6039"}],"wp:attachment":[{"href":"https:\/\/indic.cat\/es\/wp-json\/wp\/v2\/media?parent=6037"}],"wp:term":[{"taxonomy":"categoria-servei","embeddable":true,"href":"https:\/\/indic.cat\/es\/wp-json\/wp\/v2\/categoria-servei?post=6037"}],"curies":[{"name":"wp","href":"https:\/\/api.w.org\/{rel}","templated":true}]}}

Plan de acción para el bienestar emocional y la salud mental en Cardedeu (2024)

<p>Cardedeu, con el apoyo de la Diputación de Barcelona, ​​impulsó un proceso para la definición de una estrategia de actuación en relación al bienestar emocional y la salud mental en el municipio.</p>
<p>Después de una primera fase de trabajo en la que se realizó un <em>Estudio de necesidades presentes y futuras en el ámbito de la salud mental y mapa de recursos en el territorio de Granollers y Cardedeu</em>, se impulsó una segunda fase para definir el marco estratégico de las políticas y acciones del pueblo en relación con el bienestar emocional y la salud mental. Esto se concretó en la priorización de las líneas estratégicas y de los ámbitos prioritarios de intervención, la definición de los objetivos y la concreción de las acciones a desarrollar, estableciendo el calendario de ejecución, proponiendo los espacios de gobernanza, estableciendo las responsabilidades de los agentes implicados y definiendo los indicadores de seguimiento y evaluación de las acciones tractoras.</p>
<p><strong>Indic acompañó y dinamizó el proceso de elaboración del Plan de acción para el bienestar emocional y la salud mental en Cardedeu.</strong></p>

<p>Cardedeu, con el apoyo de la Diputación de Barcelona, ​​impulsó un proceso para la definición de una estrategia de actuación en relación al bienestar emocional y la salud mental en el municipio. Después de una primera fase de trabajo en la que se realizó un Estudio de necesidades presentes y futuras en el ámbito de [&hellip;]</p>

<!-- This site is optimized with the Yoast SEO plugin v27.4 - https://yoast.com/product/yoast-seo-wordpress/ -->
<title>Plan de acción para el bienestar emocional y la salud mental en Cardedeu (2024) - My CMS</title>
<meta name="robots" content="index, follow, max-snippet:-1, max-image-preview:large, max-video-preview:-1" />
<link rel="canonical" href="https://indic.cat/es/projecte/plan-de-accion-para-el-bienestar-emocional-y-la-salud-mental-en-cardedeu/" />
<meta property="og:locale" content="es_ES" />
<meta property="og:type" content="article" />
<meta property="og:title" content="Plan de acción para el bienestar emocional y la salud mental en Cardedeu (2024) - My CMS" />
<meta property="og:description" content="Cardedeu, con el apoyo de la Diputación de Barcelona, ​​impulsó un proceso para la definición de una estrategia de actuación en relación al bienestar emocional y la salud mental en el municipio. Después de una primera fase de trabajo en la que se realizó un Estudio de necesidades presentes y futuras en el ámbito de [&hellip;]" />
<meta property="og:url" content="https://indic.cat/es/projecte/plan-de-accion-para-el-bienestar-emocional-y-la-salud-mental-en-cardedeu/" />
<meta property="og:site_name" content="My CMS" />
<meta property="article:publisher" content="https://www.facebook.com/Indic-Iniciatives-i-Din%c3%a0miques-Comunit%c3%a0ries-362170033806658/" />
<meta property="article:modified_time" content="2024-07-25T09:16:04+00:00" />
<meta property="og:image" content="https://indic.cat/wp-content/uploads/2024/06/IMG_6799-1-scaled.jpg" />
	<meta property="og:image:width" content="2560" />
	<meta property="og:image:height" content="1160" />
	<meta property="og:image:type" content="image/jpeg" />
<meta name="twitter:card" content="summary_large_image" />
<meta name="twitter:site" content="@IndicSL" />
<meta name="twitter:label1" content="Tiempo de lectura" />
	<meta name="twitter:data1" content="2 minutos" />
<script type="application/ld+json" class="yoast-schema-graph">{"@context":"https:\/\/schema.org","@graph":[{"@type":"WebPage","@id":"https:\/\/indic.cat\/es\/projecte\/plan-de-accion-para-el-bienestar-emocional-y-la-salud-mental-en-cardedeu\/","url":"https:\/\/indic.cat\/es\/projecte\/plan-de-accion-para-el-bienestar-emocional-y-la-salud-mental-en-cardedeu\/","name":"Plan de acción para el bienestar emocional y la salud mental en Cardedeu (2024) - My CMS","isPartOf":{"@id":"https:\/\/indic.cat\/#website"},"primaryImageOfPage":{"@id":"https:\/\/indic.cat\/es\/projecte\/plan-de-accion-para-el-bienestar-emocional-y-la-salud-mental-en-cardedeu\/#primaryimage"},"image":{"@id":"https:\/\/indic.cat\/es\/projecte\/plan-de-accion-para-el-bienestar-emocional-y-la-salud-mental-en-cardedeu\/#primaryimage"},"thumbnailUrl":"https:\/\/indic.cat\/wp-content\/uploads\/2024\/06\/IMG_6799-1-scaled.jpg","datePublished":"2024-06-15T08:54:07+00:00","dateModified":"2024-07-25T09:16:04+00:00","breadcrumb":{"@id":"https:\/\/indic.cat\/es\/projecte\/plan-de-accion-para-el-bienestar-emocional-y-la-salud-mental-en-cardedeu\/#breadcrumb"},"inLanguage":"es","potentialAction":[{"@type":"ReadAction","target":["https:\/\/indic.cat\/es\/projecte\/plan-de-accion-para-el-bienestar-emocional-y-la-salud-mental-en-cardedeu\/"]}]},{"@type":"ImageObject","inLanguage":"es","@id":"https:\/\/indic.cat\/es\/projecte\/plan-de-accion-para-el-bienestar-emocional-y-la-salud-mental-en-cardedeu\/#primaryimage","url":"https:\/\/indic.cat\/wp-content\/uploads\/2024\/06\/IMG_6799-1-scaled.jpg","contentUrl":"https:\/\/indic.cat\/wp-content\/uploads\/2024\/06\/IMG_6799-1-scaled.jpg","width":2560,"height":1160},{"@type":"BreadcrumbList","@id":"https:\/\/indic.cat\/es\/projecte\/plan-de-accion-para-el-bienestar-emocional-y-la-salud-mental-en-cardedeu\/#breadcrumb","itemListElement":[{"@type":"ListItem","position":1,"name":"Inici","item":"https:\/\/indic.cat\/es\/iniciativas-y-dinamicas-comunitarias\/"},{"@type":"ListItem","position":2,"name":"Projectes","item":"https:\/\/indic.cat\/projecte\/"},{"@type":"ListItem","position":3,"name":"Plan de acción para el bienestar emocional y la salud mental en Cardedeu (2024)"}]},{"@type":"WebSite","@id":"https:\/\/indic.cat\/#website","url":"https:\/\/indic.cat\/","name":"My CMS","description":"Iniciatives i dinàmiques comunitàries","potentialAction":[{"@type":"SearchAction","target":{"@type":"EntryPoint","urlTemplate":"https:\/\/indic.cat\/?s={search_term_string}"},"query-input":{"@type":"PropertyValueSpecification","valueRequired":true,"valueName":"search_term_string"}}],"inLanguage":"es"}]}</script>
<!-- / Yoast SEO plugin. -->

Plan de acción para el bienestar emocional y la salud mental en Cardedeu (2024) - My CMS

Cardedeu, con el apoyo de la Diputación de Barcelona, ​​impulsó un proceso para la definición de una estrategia de actuación en relación al bienestar emocional y la salud mental en el municipio. Después de una primera fase de trabajo en la que se realizó un Estudio de necesidades presentes y futuras en el ámbito de [&hellip;]

Iniciatives i dinàmiques comunitàries
