{"id":2994,"date":"2017-07-13T19:17:25","date_gmt":"2017-07-13T17:17:25","guid":{"rendered":"http:\/\/indic.cat\/web\/servei\/plans-estrategics\/"},"modified":"2024-08-16T13:25:25","modified_gmt":"2024-08-16T11:25:25","slug":"planes-estrategicos","status":"publish","type":"servei","link":"https:\/\/indic.cat\/es\/servei\/planes-estrategicos\/","title":{"rendered":"Planes estrat\u00e9gicos"},"content":{"rendered":"<p>Asesoramos y dise\u00f1amos procesos de participaci\u00f3n para la elaboraci\u00f3n de planes estrat\u00e9gicos sectoriales o territoriales de forma participativa.<\/p>\n<p>Identificamos el mapa de agentes del proceso, elaboramos un diagn\u00f3stico compartido y dise\u00f1amos los planes de actuaci\u00f3n para alcanzar el escenario deseado.<\/p>\n","protected":false},"excerpt":{"rendered":"<p>Asesoramos y dise\u00f1amos procesos de participaci\u00f3n para la elaboraci\u00f3n de planes estrat\u00e9gicos sectoriales o territoriales de forma participativa. Identificamos el mapa de agentes del proceso, elaboramos un diagn\u00f3stico compartido y dise\u00f1amos los planes de actuaci\u00f3n para alcanzar el escenario deseado.<\/p>\n","protected":false},"featured_media":929,"template":"","categoria-servei":[19],"class_list":["post-2994","servei","type-servei","status-publish","has-post-thumbnail","hentry","categoria-servei-consultoria-participacion"],"acf":[],"yoast_head":"<!-- This site is optimized with the Yoast SEO plugin v27.4 - https:\/\/yoast.com\/product\/yoast-seo-wordpress\/ -->\n<title>Planes estrat\u00e9gicos - My CMS<\/title>\n<meta name=\"robots\" content=\"index, follow, max-snippet:-1, max-image-preview:large, max-video-preview:-1\" \/>\n<link rel=\"canonical\" href=\"https:\/\/indic.cat\/es\/servei\/planes-estrategicos\/\" \/>\n<meta property=\"og:locale\" content=\"es_ES\" \/>\n<meta property=\"og:type\" content=\"article\" \/>\n<meta property=\"og:title\" content=\"Planes estrat\u00e9gicos - My CMS\" \/>\n<meta property=\"og:description\" content=\"Asesoramos y dise\u00f1amos procesos de participaci\u00f3n para la elaboraci\u00f3n de planes estrat\u00e9gicos sectoriales o territoriales de forma participativa. Identificamos el mapa de agentes del proceso, elaboramos un diagn\u00f3stico compartido y dise\u00f1amos los planes de actuaci\u00f3n para alcanzar el escenario deseado.\" \/>\n<meta property=\"og:url\" content=\"https:\/\/indic.cat\/es\/servei\/planes-estrategicos\/\" \/>\n<meta property=\"og:site_name\" content=\"My CMS\" \/>\n<meta property=\"article:publisher\" content=\"https:\/\/www.facebook.com\/Indic-Iniciatives-i-Din%c3%a0miques-Comunit%c3%a0ries-362170033806658\/\" \/>\n<meta property=\"article:modified_time\" content=\"2024-08-16T11:25:25+00:00\" \/>\n<meta property=\"og:image\" content=\"https:\/\/indic.cat\/wp-content\/uploads\/2017\/07\/DSC_0979.jpg\" \/>\n\t<meta property=\"og:image:width\" content=\"2896\" \/>\n\t<meta property=\"og:image:height\" content=\"1944\" \/>\n\t<meta property=\"og:image:type\" content=\"image\/jpeg\" \/>\n<meta name=\"twitter:card\" content=\"summary_large_image\" \/>\n<meta name=\"twitter:site\" content=\"@IndicSL\" \/>\n<meta name=\"twitter:label1\" content=\"Tiempo de lectura\" \/>\n\t<meta name=\"twitter:data1\" content=\"1 minuto\" \/>\n<script type=\"application\/ld+json\" class=\"yoast-schema-graph\">{\"@context\":\"https:\\\/\\\/schema.org\",\"@graph\":[{\"@type\":\"WebPage\",\"@id\":\"https:\\\/\\\/indic.cat\\\/es\\\/servei\\\/planes-estrategicos\\\/\",\"url\":\"https:\\\/\\\/indic.cat\\\/es\\\/servei\\\/planes-estrategicos\\\/\",\"name\":\"Planes estrat\u00e9gicos - My CMS\",\"isPartOf\":{\"@id\":\"https:\\\/\\\/indic.cat\\\/#website\"},\"primaryImageOfPage\":{\"@id\":\"https:\\\/\\\/indic.cat\\\/es\\\/servei\\\/planes-estrategicos\\\/#primaryimage\"},\"image\":{\"@id\":\"https:\\\/\\\/indic.cat\\\/es\\\/servei\\\/planes-estrategicos\\\/#primaryimage\"},\"thumbnailUrl\":\"https:\\\/\\\/indic.cat\\\/wp-content\\\/uploads\\\/2017\\\/07\\\/DSC_0979.jpg\",\"datePublished\":\"2017-07-13T17:17:25+00:00\",\"dateModified\":\"2024-08-16T11:25:25+00:00\",\"breadcrumb\":{\"@id\":\"https:\\\/\\\/indic.cat\\\/es\\\/servei\\\/planes-estrategicos\\\/#breadcrumb\"},\"inLanguage\":\"es\",\"potentialAction\":[{\"@type\":\"ReadAction\",\"target\":[\"https:\\\/\\\/indic.cat\\\/es\\\/servei\\\/planes-estrategicos\\\/\"]}]},{\"@type\":\"ImageObject\",\"inLanguage\":\"es\",\"@id\":\"https:\\\/\\\/indic.cat\\\/es\\\/servei\\\/planes-estrategicos\\\/#primaryimage\",\"url\":\"https:\\\/\\\/indic.cat\\\/wp-content\\\/uploads\\\/2017\\\/07\\\/DSC_0979.jpg\",\"contentUrl\":\"https:\\\/\\\/indic.cat\\\/wp-content\\\/uploads\\\/2017\\\/07\\\/DSC_0979.jpg\",\"width\":2896,\"height\":1944},{\"@type\":\"BreadcrumbList\",\"@id\":\"https:\\\/\\\/indic.cat\\\/es\\\/servei\\\/planes-estrategicos\\\/#breadcrumb\",\"itemListElement\":[{\"@type\":\"ListItem\",\"position\":1,\"name\":\"Inici\",\"item\":\"https:\\\/\\\/indic.cat\\\/es\\\/iniciativas-y-dinamicas-comunitarias\\\/\"},{\"@type\":\"ListItem\",\"position\":2,\"name\":\"Serveis\",\"item\":\"https:\\\/\\\/indic.cat\\\/servei\\\/\"},{\"@type\":\"ListItem\",\"position\":3,\"name\":\"Consultor\u00eda participativa\",\"item\":\"https:\\\/\\\/indic.cat\\\/es\\\/categoria-servei\\\/consultoria-participacion\\\/\"},{\"@type\":\"ListItem\",\"position\":4,\"name\":\"Planes estrat\u00e9gicos\"}]},{\"@type\":\"WebSite\",\"@id\":\"https:\\\/\\\/indic.cat\\\/#website\",\"url\":\"https:\\\/\\\/indic.cat\\\/\",\"name\":\"My CMS\",\"description\":\"Iniciatives i din\u00e0miques comunit\u00e0ries\",\"potentialAction\":[{\"@type\":\"SearchAction\",\"target\":{\"@type\":\"EntryPoint\",\"urlTemplate\":\"https:\\\/\\\/indic.cat\\\/?s={search_term_string}\"},\"query-input\":{\"@type\":\"PropertyValueSpecification\",\"valueRequired\":true,\"valueName\":\"search_term_string\"}}],\"inLanguage\":\"es\"}]}<\/script>\n<!-- \/ Yoast SEO plugin. -->","yoast_head_json":{"title":"Planes estrat\u00e9gicos - My CMS","robots":{"index":"index","follow":"follow","max-snippet":"max-snippet:-1","max-image-preview":"max-image-preview:large","max-video-preview":"max-video-preview:-1"},"canonical":"https:\/\/indic.cat\/es\/servei\/planes-estrategicos\/","og_locale":"es_ES","og_type":"article","og_title":"Planes estrat\u00e9gicos - My CMS","og_description":"Asesoramos y dise\u00f1amos procesos de participaci\u00f3n para la elaboraci\u00f3n de planes estrat\u00e9gicos sectoriales o territoriales de forma participativa. Identificamos el mapa de agentes del proceso, elaboramos un diagn\u00f3stico compartido y dise\u00f1amos los planes de actuaci\u00f3n para alcanzar el escenario deseado.","og_url":"https:\/\/indic.cat\/es\/servei\/planes-estrategicos\/","og_site_name":"My CMS","article_publisher":"https:\/\/www.facebook.com\/Indic-Iniciatives-i-Din%c3%a0miques-Comunit%c3%a0ries-362170033806658\/","article_modified_time":"2024-08-16T11:25:25+00:00","og_image":[{"width":2896,"height":1944,"url":"https:\/\/indic.cat\/wp-content\/uploads\/2017\/07\/DSC_0979.jpg","type":"image\/jpeg"}],"twitter_card":"summary_large_image","twitter_site":"@IndicSL","twitter_misc":{"Tiempo de lectura":"1 minuto"},"schema":{"@context":"https:\/\/schema.org","@graph":[{"@type":"WebPage","@id":"https:\/\/indic.cat\/es\/servei\/planes-estrategicos\/","url":"https:\/\/indic.cat\/es\/servei\/planes-estrategicos\/","name":"Planes estrat\u00e9gicos - My CMS","isPartOf":{"@id":"https:\/\/indic.cat\/#website"},"primaryImageOfPage":{"@id":"https:\/\/indic.cat\/es\/servei\/planes-estrategicos\/#primaryimage"},"image":{"@id":"https:\/\/indic.cat\/es\/servei\/planes-estrategicos\/#primaryimage"},"thumbnailUrl":"https:\/\/indic.cat\/wp-content\/uploads\/2017\/07\/DSC_0979.jpg","datePublished":"2017-07-13T17:17:25+00:00","dateModified":"2024-08-16T11:25:25+00:00","breadcrumb":{"@id":"https:\/\/indic.cat\/es\/servei\/planes-estrategicos\/#breadcrumb"},"inLanguage":"es","potentialAction":[{"@type":"ReadAction","target":["https:\/\/indic.cat\/es\/servei\/planes-estrategicos\/"]}]},{"@type":"ImageObject","inLanguage":"es","@id":"https:\/\/indic.cat\/es\/servei\/planes-estrategicos\/#primaryimage","url":"https:\/\/indic.cat\/wp-content\/uploads\/2017\/07\/DSC_0979.jpg","contentUrl":"https:\/\/indic.cat\/wp-content\/uploads\/2017\/07\/DSC_0979.jpg","width":2896,"height":1944},{"@type":"BreadcrumbList","@id":"https:\/\/indic.cat\/es\/servei\/planes-estrategicos\/#breadcrumb","itemListElement":[{"@type":"ListItem","position":1,"name":"Inici","item":"https:\/\/indic.cat\/es\/iniciativas-y-dinamicas-comunitarias\/"},{"@type":"ListItem","position":2,"name":"Serveis","item":"https:\/\/indic.cat\/servei\/"},{"@type":"ListItem","position":3,"name":"Consultor\u00eda participativa","item":"https:\/\/indic.cat\/es\/categoria-servei\/consultoria-participacion\/"},{"@type":"ListItem","position":4,"name":"Planes estrat\u00e9gicos"}]},{"@type":"WebSite","@id":"https:\/\/indic.cat\/#website","url":"https:\/\/indic.cat\/","name":"My CMS","description":"Iniciatives i din\u00e0miques comunit\u00e0ries","potentialAction":[{"@type":"SearchAction","target":{"@type":"EntryPoint","urlTemplate":"https:\/\/indic.cat\/?s={search_term_string}"},"query-input":{"@type":"PropertyValueSpecification","valueRequired":true,"valueName":"search_term_string"}}],"inLanguage":"es"}]}},"_links":{"self":[{"href":"https:\/\/indic.cat\/es\/wp-json\/wp\/v2\/servei\/2994","targetHints":{"allow":["GET"]}}],"collection":[{"href":"https:\/\/indic.cat\/es\/wp-json\/wp\/v2\/servei"}],"about":[{"href":"https:\/\/indic.cat\/es\/wp-json\/wp\/v2\/types\/servei"}],"version-history":[{"count":5,"href":"https:\/\/indic.cat\/es\/wp-json\/wp\/v2\/servei\/2994\/revisions"}],"predecessor-version":[{"id":5755,"href":"https:\/\/indic.cat\/es\/wp-json\/wp\/v2\/servei\/2994\/revisions\/5755"}],"wp:featuredmedia":[{"embeddable":true,"href":"https:\/\/indic.cat\/es\/wp-json\/wp\/v2\/media\/929"}],"wp:attachment":[{"href":"https:\/\/indic.cat\/es\/wp-json\/wp\/v2\/media?parent=2994"}],"wp:term":[{"taxonomy":"categoria-servei","embeddable":true,"href":"https:\/\/indic.cat\/es\/wp-json\/wp\/v2\/categoria-servei?post=2994"}],"curies":[{"name":"wp","href":"https:\/\/api.w.org\/{rel}","templated":true}]}}

Planes estratégicos

<p>Asesoramos y diseñamos procesos de participación para la elaboración de planes estratégicos sectoriales o territoriales de forma participativa.</p>
<p>Identificamos el mapa de agentes del proceso, elaboramos un diagnóstico compartido y diseñamos los planes de actuación para alcanzar el escenario deseado.</p>

<p>Asesoramos y diseñamos procesos de participación para la elaboración de planes estratégicos sectoriales o territoriales de forma participativa. Identificamos el mapa de agentes del proceso, elaboramos un diagnóstico compartido y diseñamos los planes de actuación para alcanzar el escenario deseado.</p>

<!-- This site is optimized with the Yoast SEO plugin v27.4 - https://yoast.com/product/yoast-seo-wordpress/ -->
<title>Planes estratégicos - My CMS</title>
<meta name="robots" content="index, follow, max-snippet:-1, max-image-preview:large, max-video-preview:-1" />
<link rel="canonical" href="https://indic.cat/es/servei/planes-estrategicos/" />
<meta property="og:locale" content="es_ES" />
<meta property="og:type" content="article" />
<meta property="og:title" content="Planes estratégicos - My CMS" />
<meta property="og:description" content="Asesoramos y diseñamos procesos de participación para la elaboración de planes estratégicos sectoriales o territoriales de forma participativa. Identificamos el mapa de agentes del proceso, elaboramos un diagnóstico compartido y diseñamos los planes de actuación para alcanzar el escenario deseado." />
<meta property="og:url" content="https://indic.cat/es/servei/planes-estrategicos/" />
<meta property="og:site_name" content="My CMS" />
<meta property="article:publisher" content="https://www.facebook.com/Indic-Iniciatives-i-Din%c3%a0miques-Comunit%c3%a0ries-362170033806658/" />
<meta property="article:modified_time" content="2024-08-16T11:25:25+00:00" />
<meta property="og:image" content="https://indic.cat/wp-content/uploads/2017/07/DSC_0979.jpg" />
	<meta property="og:image:width" content="2896" />
	<meta property="og:image:height" content="1944" />
	<meta property="og:image:type" content="image/jpeg" />
<meta name="twitter:card" content="summary_large_image" />
<meta name="twitter:site" content="@IndicSL" />
<meta name="twitter:label1" content="Tiempo de lectura" />
	<meta name="twitter:data1" content="1 minuto" />
<script type="application/ld+json" class="yoast-schema-graph">{"@context":"https:\/\/schema.org","@graph":[{"@type":"WebPage","@id":"https:\/\/indic.cat\/es\/servei\/planes-estrategicos\/","url":"https:\/\/indic.cat\/es\/servei\/planes-estrategicos\/","name":"Planes estratégicos - My CMS","isPartOf":{"@id":"https:\/\/indic.cat\/#website"},"primaryImageOfPage":{"@id":"https:\/\/indic.cat\/es\/servei\/planes-estrategicos\/#primaryimage"},"image":{"@id":"https:\/\/indic.cat\/es\/servei\/planes-estrategicos\/#primaryimage"},"thumbnailUrl":"https:\/\/indic.cat\/wp-content\/uploads\/2017\/07\/DSC_0979.jpg","datePublished":"2017-07-13T17:17:25+00:00","dateModified":"2024-08-16T11:25:25+00:00","breadcrumb":{"@id":"https:\/\/indic.cat\/es\/servei\/planes-estrategicos\/#breadcrumb"},"inLanguage":"es","potentialAction":[{"@type":"ReadAction","target":["https:\/\/indic.cat\/es\/servei\/planes-estrategicos\/"]}]},{"@type":"ImageObject","inLanguage":"es","@id":"https:\/\/indic.cat\/es\/servei\/planes-estrategicos\/#primaryimage","url":"https:\/\/indic.cat\/wp-content\/uploads\/2017\/07\/DSC_0979.jpg","contentUrl":"https:\/\/indic.cat\/wp-content\/uploads\/2017\/07\/DSC_0979.jpg","width":2896,"height":1944},{"@type":"BreadcrumbList","@id":"https:\/\/indic.cat\/es\/servei\/planes-estrategicos\/#breadcrumb","itemListElement":[{"@type":"ListItem","position":1,"name":"Inici","item":"https:\/\/indic.cat\/es\/iniciativas-y-dinamicas-comunitarias\/"},{"@type":"ListItem","position":2,"name":"Serveis","item":"https:\/\/indic.cat\/servei\/"},{"@type":"ListItem","position":3,"name":"Consultoría participativa","item":"https:\/\/indic.cat\/es\/categoria-servei\/consultoria-participacion\/"},{"@type":"ListItem","position":4,"name":"Planes estratégicos"}]},{"@type":"WebSite","@id":"https:\/\/indic.cat\/#website","url":"https:\/\/indic.cat\/","name":"My CMS","description":"Iniciatives i dinàmiques comunitàries","potentialAction":[{"@type":"SearchAction","target":{"@type":"EntryPoint","urlTemplate":"https:\/\/indic.cat\/?s={search_term_string}"},"query-input":{"@type":"PropertyValueSpecification","valueRequired":true,"valueName":"search_term_string"}}],"inLanguage":"es"}]}</script>
<!-- / Yoast SEO plugin. -->

Planes estratégicos - My CMS

Asesoramos y diseñamos procesos de participación para la elaboración de planes estratégicos sectoriales o territoriales de forma participativa. Identificamos el mapa de agentes del proceso, elaboramos un diagnóstico compartido y diseñamos los planes de actuación para alcanzar el escenario deseado.

Consultoría participativa

Iniciatives i dinàmiques comunitàries
