{"id":2996,"date":"2017-07-13T19:14:00","date_gmt":"2017-07-13T17:14:00","guid":{"rendered":"http:\/\/indic.cat\/web\/servei\/remodelacio-despais-publics\/"},"modified":"2024-08-16T13:24:51","modified_gmt":"2024-08-16T11:24:51","slug":"remodelacion-de-espacios-publicos","status":"publish","type":"servei","link":"https:\/\/indic.cat\/es\/servei\/remodelacion-de-espacios-publicos\/","title":{"rendered":"Remodelaci\u00f3n de espacios p\u00fablicos"},"content":{"rendered":"<p>Dise\u00f1amos procesos de participaci\u00f3n para <strong>incorporar la perspectiva ciudadana en la remodelaci\u00f3n de espacios p\u00fablicos<\/strong> como calles, parques o plazas. Mediante distintas acciones y estrategias, identificamos las necesidades de las personas usuarias del espacio y recogemos sus propuestas sobre como tendr\u00eda que ser la futura remodelaci\u00f3n. Los proyectos pueden incluir:<\/p>\n<ul>\n<li>Acciones de dinamizaci\u00f3n en el propio espacio<\/li>\n<li>Trabajo con los centros escolares del entorno<\/li>\n<li>Talleres con los vecinos y vecinas del entorno<\/li>\n<li>Cuadernos de debate familiar<\/li>\n<li>Participaci\u00f3n online<\/li>\n<\/ul>\n","protected":false},"excerpt":{"rendered":"<p>Dise\u00f1amos procesos de participaci\u00f3n para incorporar la perspectiva ciudadana en la remodelaci\u00f3n de espacios p\u00fablicos como calles, parques o plazas. Mediante distintas acciones y estrategias, identificamos las necesidades de las personas usuarias del espacio y recogemos sus propuestas sobre como tendr\u00eda que ser la futura remodelaci\u00f3n. Los proyectos pueden incluir: Acciones de dinamizaci\u00f3n en el [&hellip;]<\/p>\n","protected":false},"featured_media":1463,"template":"","categoria-servei":[19],"class_list":["post-2996","servei","type-servei","status-publish","has-post-thumbnail","hentry","categoria-servei-consultoria-participacion"],"acf":[],"yoast_head":"<!-- This site is optimized with the Yoast SEO plugin v27.4 - https:\/\/yoast.com\/product\/yoast-seo-wordpress\/ -->\n<title>Remodelaci\u00f3n de espacios p\u00fablicos - My CMS<\/title>\n<meta name=\"robots\" content=\"index, follow, max-snippet:-1, max-image-preview:large, max-video-preview:-1\" \/>\n<link rel=\"canonical\" href=\"https:\/\/indic.cat\/es\/servei\/remodelacion-de-espacios-publicos\/\" \/>\n<meta property=\"og:locale\" content=\"es_ES\" \/>\n<meta property=\"og:type\" content=\"article\" \/>\n<meta property=\"og:title\" content=\"Remodelaci\u00f3n de espacios p\u00fablicos - My CMS\" \/>\n<meta property=\"og:description\" content=\"Dise\u00f1amos procesos de participaci\u00f3n para incorporar la perspectiva ciudadana en la remodelaci\u00f3n de espacios p\u00fablicos como calles, parques o plazas. Mediante distintas acciones y estrategias, identificamos las necesidades de las personas usuarias del espacio y recogemos sus propuestas sobre como tendr\u00eda que ser la futura remodelaci\u00f3n. Los proyectos pueden incluir: Acciones de dinamizaci\u00f3n en el [&hellip;]\" \/>\n<meta property=\"og:url\" content=\"https:\/\/indic.cat\/es\/servei\/remodelacion-de-espacios-publicos\/\" \/>\n<meta property=\"og:site_name\" content=\"My CMS\" \/>\n<meta property=\"article:publisher\" content=\"https:\/\/www.facebook.com\/Indic-Iniciatives-i-Din%c3%a0miques-Comunit%c3%a0ries-362170033806658\/\" \/>\n<meta property=\"article:modified_time\" content=\"2024-08-16T11:24:51+00:00\" \/>\n<meta property=\"og:image\" content=\"https:\/\/indic.cat\/wp-content\/uploads\/2017\/08\/20170318_130807_resized.jpg\" \/>\n\t<meta property=\"og:image:width\" content=\"1632\" \/>\n\t<meta property=\"og:image:height\" content=\"918\" \/>\n\t<meta property=\"og:image:type\" content=\"image\/jpeg\" \/>\n<meta name=\"twitter:card\" content=\"summary_large_image\" \/>\n<meta name=\"twitter:site\" content=\"@IndicSL\" \/>\n<meta name=\"twitter:label1\" content=\"Tiempo de lectura\" \/>\n\t<meta name=\"twitter:data1\" content=\"1 minuto\" \/>\n<script type=\"application\/ld+json\" class=\"yoast-schema-graph\">{\"@context\":\"https:\\\/\\\/schema.org\",\"@graph\":[{\"@type\":\"WebPage\",\"@id\":\"https:\\\/\\\/indic.cat\\\/es\\\/servei\\\/remodelacion-de-espacios-publicos\\\/\",\"url\":\"https:\\\/\\\/indic.cat\\\/es\\\/servei\\\/remodelacion-de-espacios-publicos\\\/\",\"name\":\"Remodelaci\u00f3n de espacios p\u00fablicos - My CMS\",\"isPartOf\":{\"@id\":\"https:\\\/\\\/indic.cat\\\/#website\"},\"primaryImageOfPage\":{\"@id\":\"https:\\\/\\\/indic.cat\\\/es\\\/servei\\\/remodelacion-de-espacios-publicos\\\/#primaryimage\"},\"image\":{\"@id\":\"https:\\\/\\\/indic.cat\\\/es\\\/servei\\\/remodelacion-de-espacios-publicos\\\/#primaryimage\"},\"thumbnailUrl\":\"https:\\\/\\\/indic.cat\\\/wp-content\\\/uploads\\\/2017\\\/08\\\/20170318_130807_resized.jpg\",\"datePublished\":\"2017-07-13T17:14:00+00:00\",\"dateModified\":\"2024-08-16T11:24:51+00:00\",\"breadcrumb\":{\"@id\":\"https:\\\/\\\/indic.cat\\\/es\\\/servei\\\/remodelacion-de-espacios-publicos\\\/#breadcrumb\"},\"inLanguage\":\"es\",\"potentialAction\":[{\"@type\":\"ReadAction\",\"target\":[\"https:\\\/\\\/indic.cat\\\/es\\\/servei\\\/remodelacion-de-espacios-publicos\\\/\"]}]},{\"@type\":\"ImageObject\",\"inLanguage\":\"es\",\"@id\":\"https:\\\/\\\/indic.cat\\\/es\\\/servei\\\/remodelacion-de-espacios-publicos\\\/#primaryimage\",\"url\":\"https:\\\/\\\/indic.cat\\\/wp-content\\\/uploads\\\/2017\\\/08\\\/20170318_130807_resized.jpg\",\"contentUrl\":\"https:\\\/\\\/indic.cat\\\/wp-content\\\/uploads\\\/2017\\\/08\\\/20170318_130807_resized.jpg\",\"width\":1632,\"height\":918},{\"@type\":\"BreadcrumbList\",\"@id\":\"https:\\\/\\\/indic.cat\\\/es\\\/servei\\\/remodelacion-de-espacios-publicos\\\/#breadcrumb\",\"itemListElement\":[{\"@type\":\"ListItem\",\"position\":1,\"name\":\"Inici\",\"item\":\"https:\\\/\\\/indic.cat\\\/es\\\/iniciativas-y-dinamicas-comunitarias\\\/\"},{\"@type\":\"ListItem\",\"position\":2,\"name\":\"Serveis\",\"item\":\"https:\\\/\\\/indic.cat\\\/servei\\\/\"},{\"@type\":\"ListItem\",\"position\":3,\"name\":\"Consultor\u00eda participativa\",\"item\":\"https:\\\/\\\/indic.cat\\\/es\\\/categoria-servei\\\/consultoria-participacion\\\/\"},{\"@type\":\"ListItem\",\"position\":4,\"name\":\"Remodelaci\u00f3n de espacios p\u00fablicos\"}]},{\"@type\":\"WebSite\",\"@id\":\"https:\\\/\\\/indic.cat\\\/#website\",\"url\":\"https:\\\/\\\/indic.cat\\\/\",\"name\":\"My CMS\",\"description\":\"Iniciatives i din\u00e0miques comunit\u00e0ries\",\"potentialAction\":[{\"@type\":\"SearchAction\",\"target\":{\"@type\":\"EntryPoint\",\"urlTemplate\":\"https:\\\/\\\/indic.cat\\\/?s={search_term_string}\"},\"query-input\":{\"@type\":\"PropertyValueSpecification\",\"valueRequired\":true,\"valueName\":\"search_term_string\"}}],\"inLanguage\":\"es\"}]}<\/script>\n<!-- \/ Yoast SEO plugin. -->","yoast_head_json":{"title":"Remodelaci\u00f3n de espacios p\u00fablicos - My CMS","robots":{"index":"index","follow":"follow","max-snippet":"max-snippet:-1","max-image-preview":"max-image-preview:large","max-video-preview":"max-video-preview:-1"},"canonical":"https:\/\/indic.cat\/es\/servei\/remodelacion-de-espacios-publicos\/","og_locale":"es_ES","og_type":"article","og_title":"Remodelaci\u00f3n de espacios p\u00fablicos - My CMS","og_description":"Dise\u00f1amos procesos de participaci\u00f3n para incorporar la perspectiva ciudadana en la remodelaci\u00f3n de espacios p\u00fablicos como calles, parques o plazas. Mediante distintas acciones y estrategias, identificamos las necesidades de las personas usuarias del espacio y recogemos sus propuestas sobre como tendr\u00eda que ser la futura remodelaci\u00f3n. Los proyectos pueden incluir: Acciones de dinamizaci\u00f3n en el [&hellip;]","og_url":"https:\/\/indic.cat\/es\/servei\/remodelacion-de-espacios-publicos\/","og_site_name":"My CMS","article_publisher":"https:\/\/www.facebook.com\/Indic-Iniciatives-i-Din%c3%a0miques-Comunit%c3%a0ries-362170033806658\/","article_modified_time":"2024-08-16T11:24:51+00:00","og_image":[{"width":1632,"height":918,"url":"https:\/\/indic.cat\/wp-content\/uploads\/2017\/08\/20170318_130807_resized.jpg","type":"image\/jpeg"}],"twitter_card":"summary_large_image","twitter_site":"@IndicSL","twitter_misc":{"Tiempo de lectura":"1 minuto"},"schema":{"@context":"https:\/\/schema.org","@graph":[{"@type":"WebPage","@id":"https:\/\/indic.cat\/es\/servei\/remodelacion-de-espacios-publicos\/","url":"https:\/\/indic.cat\/es\/servei\/remodelacion-de-espacios-publicos\/","name":"Remodelaci\u00f3n de espacios p\u00fablicos - My CMS","isPartOf":{"@id":"https:\/\/indic.cat\/#website"},"primaryImageOfPage":{"@id":"https:\/\/indic.cat\/es\/servei\/remodelacion-de-espacios-publicos\/#primaryimage"},"image":{"@id":"https:\/\/indic.cat\/es\/servei\/remodelacion-de-espacios-publicos\/#primaryimage"},"thumbnailUrl":"https:\/\/indic.cat\/wp-content\/uploads\/2017\/08\/20170318_130807_resized.jpg","datePublished":"2017-07-13T17:14:00+00:00","dateModified":"2024-08-16T11:24:51+00:00","breadcrumb":{"@id":"https:\/\/indic.cat\/es\/servei\/remodelacion-de-espacios-publicos\/#breadcrumb"},"inLanguage":"es","potentialAction":[{"@type":"ReadAction","target":["https:\/\/indic.cat\/es\/servei\/remodelacion-de-espacios-publicos\/"]}]},{"@type":"ImageObject","inLanguage":"es","@id":"https:\/\/indic.cat\/es\/servei\/remodelacion-de-espacios-publicos\/#primaryimage","url":"https:\/\/indic.cat\/wp-content\/uploads\/2017\/08\/20170318_130807_resized.jpg","contentUrl":"https:\/\/indic.cat\/wp-content\/uploads\/2017\/08\/20170318_130807_resized.jpg","width":1632,"height":918},{"@type":"BreadcrumbList","@id":"https:\/\/indic.cat\/es\/servei\/remodelacion-de-espacios-publicos\/#breadcrumb","itemListElement":[{"@type":"ListItem","position":1,"name":"Inici","item":"https:\/\/indic.cat\/es\/iniciativas-y-dinamicas-comunitarias\/"},{"@type":"ListItem","position":2,"name":"Serveis","item":"https:\/\/indic.cat\/servei\/"},{"@type":"ListItem","position":3,"name":"Consultor\u00eda participativa","item":"https:\/\/indic.cat\/es\/categoria-servei\/consultoria-participacion\/"},{"@type":"ListItem","position":4,"name":"Remodelaci\u00f3n de espacios p\u00fablicos"}]},{"@type":"WebSite","@id":"https:\/\/indic.cat\/#website","url":"https:\/\/indic.cat\/","name":"My CMS","description":"Iniciatives i din\u00e0miques comunit\u00e0ries","potentialAction":[{"@type":"SearchAction","target":{"@type":"EntryPoint","urlTemplate":"https:\/\/indic.cat\/?s={search_term_string}"},"query-input":{"@type":"PropertyValueSpecification","valueRequired":true,"valueName":"search_term_string"}}],"inLanguage":"es"}]}},"_links":{"self":[{"href":"https:\/\/indic.cat\/es\/wp-json\/wp\/v2\/servei\/2996","targetHints":{"allow":["GET"]}}],"collection":[{"href":"https:\/\/indic.cat\/es\/wp-json\/wp\/v2\/servei"}],"about":[{"href":"https:\/\/indic.cat\/es\/wp-json\/wp\/v2\/types\/servei"}],"version-history":[{"count":3,"href":"https:\/\/indic.cat\/es\/wp-json\/wp\/v2\/servei\/2996\/revisions"}],"predecessor-version":[{"id":5757,"href":"https:\/\/indic.cat\/es\/wp-json\/wp\/v2\/servei\/2996\/revisions\/5757"}],"wp:featuredmedia":[{"embeddable":true,"href":"https:\/\/indic.cat\/es\/wp-json\/wp\/v2\/media\/1463"}],"wp:attachment":[{"href":"https:\/\/indic.cat\/es\/wp-json\/wp\/v2\/media?parent=2996"}],"wp:term":[{"taxonomy":"categoria-servei","embeddable":true,"href":"https:\/\/indic.cat\/es\/wp-json\/wp\/v2\/categoria-servei?post=2996"}],"curies":[{"name":"wp","href":"https:\/\/api.w.org\/{rel}","templated":true}]}}

Remodelación de espacios públicos

<p>Diseñamos procesos de participación para <strong>incorporar la perspectiva ciudadana en la remodelación de espacios públicos</strong> como calles, parques o plazas. Mediante distintas acciones y estrategias, identificamos las necesidades de las personas usuarias del espacio y recogemos sus propuestas sobre como tendría que ser la futura remodelación. Los proyectos pueden incluir:</p>
<ul>
<li>Acciones de dinamización en el propio espacio</li>
<li>Trabajo con los centros escolares del entorno</li>
<li>Talleres con los vecinos y vecinas del entorno</li>
<li>Cuadernos de debate familiar</li>
<li>Participación online</li>
</ul>

<p>Diseñamos procesos de participación para incorporar la perspectiva ciudadana en la remodelación de espacios públicos como calles, parques o plazas. Mediante distintas acciones y estrategias, identificamos las necesidades de las personas usuarias del espacio y recogemos sus propuestas sobre como tendría que ser la futura remodelación. Los proyectos pueden incluir: Acciones de dinamización en el [&hellip;]</p>

<!-- This site is optimized with the Yoast SEO plugin v27.4 - https://yoast.com/product/yoast-seo-wordpress/ -->
<title>Remodelación de espacios públicos - My CMS</title>
<meta name="robots" content="index, follow, max-snippet:-1, max-image-preview:large, max-video-preview:-1" />
<link rel="canonical" href="https://indic.cat/es/servei/remodelacion-de-espacios-publicos/" />
<meta property="og:locale" content="es_ES" />
<meta property="og:type" content="article" />
<meta property="og:title" content="Remodelación de espacios públicos - My CMS" />
<meta property="og:description" content="Diseñamos procesos de participación para incorporar la perspectiva ciudadana en la remodelación de espacios públicos como calles, parques o plazas. Mediante distintas acciones y estrategias, identificamos las necesidades de las personas usuarias del espacio y recogemos sus propuestas sobre como tendría que ser la futura remodelación. Los proyectos pueden incluir: Acciones de dinamización en el [&hellip;]" />
<meta property="og:url" content="https://indic.cat/es/servei/remodelacion-de-espacios-publicos/" />
<meta property="og:site_name" content="My CMS" />
<meta property="article:publisher" content="https://www.facebook.com/Indic-Iniciatives-i-Din%c3%a0miques-Comunit%c3%a0ries-362170033806658/" />
<meta property="article:modified_time" content="2024-08-16T11:24:51+00:00" />
<meta property="og:image" content="https://indic.cat/wp-content/uploads/2017/08/20170318_130807_resized.jpg" />
	<meta property="og:image:width" content="1632" />
	<meta property="og:image:height" content="918" />
	<meta property="og:image:type" content="image/jpeg" />
<meta name="twitter:card" content="summary_large_image" />
<meta name="twitter:site" content="@IndicSL" />
<meta name="twitter:label1" content="Tiempo de lectura" />
	<meta name="twitter:data1" content="1 minuto" />
<script type="application/ld+json" class="yoast-schema-graph">{"@context":"https:\/\/schema.org","@graph":[{"@type":"WebPage","@id":"https:\/\/indic.cat\/es\/servei\/remodelacion-de-espacios-publicos\/","url":"https:\/\/indic.cat\/es\/servei\/remodelacion-de-espacios-publicos\/","name":"Remodelación de espacios públicos - My CMS","isPartOf":{"@id":"https:\/\/indic.cat\/#website"},"primaryImageOfPage":{"@id":"https:\/\/indic.cat\/es\/servei\/remodelacion-de-espacios-publicos\/#primaryimage"},"image":{"@id":"https:\/\/indic.cat\/es\/servei\/remodelacion-de-espacios-publicos\/#primaryimage"},"thumbnailUrl":"https:\/\/indic.cat\/wp-content\/uploads\/2017\/08\/20170318_130807_resized.jpg","datePublished":"2017-07-13T17:14:00+00:00","dateModified":"2024-08-16T11:24:51+00:00","breadcrumb":{"@id":"https:\/\/indic.cat\/es\/servei\/remodelacion-de-espacios-publicos\/#breadcrumb"},"inLanguage":"es","potentialAction":[{"@type":"ReadAction","target":["https:\/\/indic.cat\/es\/servei\/remodelacion-de-espacios-publicos\/"]}]},{"@type":"ImageObject","inLanguage":"es","@id":"https:\/\/indic.cat\/es\/servei\/remodelacion-de-espacios-publicos\/#primaryimage","url":"https:\/\/indic.cat\/wp-content\/uploads\/2017\/08\/20170318_130807_resized.jpg","contentUrl":"https:\/\/indic.cat\/wp-content\/uploads\/2017\/08\/20170318_130807_resized.jpg","width":1632,"height":918},{"@type":"BreadcrumbList","@id":"https:\/\/indic.cat\/es\/servei\/remodelacion-de-espacios-publicos\/#breadcrumb","itemListElement":[{"@type":"ListItem","position":1,"name":"Inici","item":"https:\/\/indic.cat\/es\/iniciativas-y-dinamicas-comunitarias\/"},{"@type":"ListItem","position":2,"name":"Serveis","item":"https:\/\/indic.cat\/servei\/"},{"@type":"ListItem","position":3,"name":"Consultoría participativa","item":"https:\/\/indic.cat\/es\/categoria-servei\/consultoria-participacion\/"},{"@type":"ListItem","position":4,"name":"Remodelación de espacios públicos"}]},{"@type":"WebSite","@id":"https:\/\/indic.cat\/#website","url":"https:\/\/indic.cat\/","name":"My CMS","description":"Iniciatives i dinàmiques comunitàries","potentialAction":[{"@type":"SearchAction","target":{"@type":"EntryPoint","urlTemplate":"https:\/\/indic.cat\/?s={search_term_string}"},"query-input":{"@type":"PropertyValueSpecification","valueRequired":true,"valueName":"search_term_string"}}],"inLanguage":"es"}]}</script>
<!-- / Yoast SEO plugin. -->

Remodelación de espacios públicos - My CMS

Diseñamos procesos de participación para incorporar la perspectiva ciudadana en la remodelación de espacios públicos como calles, parques o plazas. Mediante distintas acciones y estrategias, identificamos las necesidades de las personas usuarias del espacio y recogemos sus propuestas sobre como tendría que ser la futura remodelación. Los proyectos pueden incluir: Acciones de dinamización en el [&hellip;]

Consultoría participativa

Iniciatives i dinàmiques comunitàries
