{"id":3777,"date":"2017-07-13T19:16:08","date_gmt":"2017-07-13T17:16:08","guid":{"rendered":"https:\/\/indic.cat\/servei\/projectes-educatius-ciutat\/"},"modified":"2024-08-16T13:21:57","modified_gmt":"2024-08-16T11:21:57","slug":"proyectos-educativos-de-ciudad","status":"publish","type":"servei","link":"https:\/\/indic.cat\/es\/servei\/proyectos-educativos-de-ciudad\/","title":{"rendered":"Proyectos educativos de ciudad"},"content":{"rendered":"<p>Los proyectos relacionados con el \u00e1mbito de la educaci\u00f3n <strong>pretenden planificar y coordinar en materia de pol\u00edticas educativas con la participaci\u00f3n de los distintos agentes<\/strong> del sistema educativo y del territorio <strong>con la intencionalidad de establecer unos objetivos y criterios compartidos<\/strong>.<\/p>\n<p>Desde INDIC <strong>ofrecemos un soporte t\u00e9cnico en las diferentes fases del proyecto: dise\u00f1o, ejecuci\u00f3n, dinamizaci\u00f3n<\/strong> de los espacios y redes de trabajo constituidas, dinamizaci\u00f3n de los grupos impulsores, organizaci\u00f3n de foros educativos, <strong>as\u00ed como acompa\u00f1amiento en el seguimiento y la evaluaci\u00f3n<\/strong>.<\/p>\n<p>&nbsp;<\/p>\n","protected":false},"excerpt":{"rendered":"<p>Los proyectos relacionados con el \u00e1mbito de la educaci\u00f3n pretenden planificar y coordinar en materia de pol\u00edticas educativas con la participaci\u00f3n de los distintos agentes del sistema educativo y del territorio con la intencionalidad de establecer unos objetivos y criterios compartidos. Desde INDIC ofrecemos un soporte t\u00e9cnico en las diferentes fases del proyecto: dise\u00f1o, ejecuci\u00f3n, [&hellip;]<\/p>\n","protected":false},"featured_media":932,"template":"","categoria-servei":[19],"class_list":["post-3777","servei","type-servei","status-publish","has-post-thumbnail","hentry","categoria-servei-consultoria-participacion"],"acf":[],"yoast_head":"<!-- This site is optimized with the Yoast SEO plugin v27.4 - https:\/\/yoast.com\/product\/yoast-seo-wordpress\/ -->\n<title>Proyectos educativos de ciudad - My CMS<\/title>\n<meta name=\"robots\" content=\"index, follow, max-snippet:-1, max-image-preview:large, max-video-preview:-1\" \/>\n<link rel=\"canonical\" href=\"https:\/\/indic.cat\/es\/servei\/proyectos-educativos-de-ciudad\/\" \/>\n<meta property=\"og:locale\" content=\"es_ES\" \/>\n<meta property=\"og:type\" content=\"article\" \/>\n<meta property=\"og:title\" content=\"Proyectos educativos de ciudad - My CMS\" \/>\n<meta property=\"og:description\" content=\"Los proyectos relacionados con el \u00e1mbito de la educaci\u00f3n pretenden planificar y coordinar en materia de pol\u00edticas educativas con la participaci\u00f3n de los distintos agentes del sistema educativo y del territorio con la intencionalidad de establecer unos objetivos y criterios compartidos. Desde INDIC ofrecemos un soporte t\u00e9cnico en las diferentes fases del proyecto: dise\u00f1o, ejecuci\u00f3n, [&hellip;]\" \/>\n<meta property=\"og:url\" content=\"https:\/\/indic.cat\/es\/servei\/proyectos-educativos-de-ciudad\/\" \/>\n<meta property=\"og:site_name\" content=\"My CMS\" \/>\n<meta property=\"article:publisher\" content=\"https:\/\/www.facebook.com\/Indic-Iniciatives-i-Din%c3%a0miques-Comunit%c3%a0ries-362170033806658\/\" \/>\n<meta property=\"article:modified_time\" content=\"2024-08-16T11:21:57+00:00\" \/>\n<meta property=\"og:image\" content=\"https:\/\/indic.cat\/wp-content\/uploads\/2017\/07\/IMG_20161021_120022-1024x768.jpg\" \/>\n\t<meta property=\"og:image:width\" content=\"1024\" \/>\n\t<meta property=\"og:image:height\" content=\"768\" \/>\n\t<meta property=\"og:image:type\" content=\"image\/jpeg\" \/>\n<meta name=\"twitter:card\" content=\"summary_large_image\" \/>\n<meta name=\"twitter:site\" content=\"@IndicSL\" \/>\n<meta name=\"twitter:label1\" content=\"Tiempo de lectura\" \/>\n\t<meta name=\"twitter:data1\" content=\"1 minuto\" \/>\n<script type=\"application\/ld+json\" class=\"yoast-schema-graph\">{\"@context\":\"https:\\\/\\\/schema.org\",\"@graph\":[{\"@type\":\"WebPage\",\"@id\":\"https:\\\/\\\/indic.cat\\\/es\\\/servei\\\/proyectos-educativos-de-ciudad\\\/\",\"url\":\"https:\\\/\\\/indic.cat\\\/es\\\/servei\\\/proyectos-educativos-de-ciudad\\\/\",\"name\":\"Proyectos educativos de ciudad - My CMS\",\"isPartOf\":{\"@id\":\"https:\\\/\\\/indic.cat\\\/#website\"},\"primaryImageOfPage\":{\"@id\":\"https:\\\/\\\/indic.cat\\\/es\\\/servei\\\/proyectos-educativos-de-ciudad\\\/#primaryimage\"},\"image\":{\"@id\":\"https:\\\/\\\/indic.cat\\\/es\\\/servei\\\/proyectos-educativos-de-ciudad\\\/#primaryimage\"},\"thumbnailUrl\":\"https:\\\/\\\/indic.cat\\\/wp-content\\\/uploads\\\/2017\\\/07\\\/IMG_20161021_120022.jpg\",\"datePublished\":\"2017-07-13T17:16:08+00:00\",\"dateModified\":\"2024-08-16T11:21:57+00:00\",\"breadcrumb\":{\"@id\":\"https:\\\/\\\/indic.cat\\\/es\\\/servei\\\/proyectos-educativos-de-ciudad\\\/#breadcrumb\"},\"inLanguage\":\"es\",\"potentialAction\":[{\"@type\":\"ReadAction\",\"target\":[\"https:\\\/\\\/indic.cat\\\/es\\\/servei\\\/proyectos-educativos-de-ciudad\\\/\"]}]},{\"@type\":\"ImageObject\",\"inLanguage\":\"es\",\"@id\":\"https:\\\/\\\/indic.cat\\\/es\\\/servei\\\/proyectos-educativos-de-ciudad\\\/#primaryimage\",\"url\":\"https:\\\/\\\/indic.cat\\\/wp-content\\\/uploads\\\/2017\\\/07\\\/IMG_20161021_120022.jpg\",\"contentUrl\":\"https:\\\/\\\/indic.cat\\\/wp-content\\\/uploads\\\/2017\\\/07\\\/IMG_20161021_120022.jpg\",\"width\":4160,\"height\":3120},{\"@type\":\"BreadcrumbList\",\"@id\":\"https:\\\/\\\/indic.cat\\\/es\\\/servei\\\/proyectos-educativos-de-ciudad\\\/#breadcrumb\",\"itemListElement\":[{\"@type\":\"ListItem\",\"position\":1,\"name\":\"Inici\",\"item\":\"https:\\\/\\\/indic.cat\\\/es\\\/iniciativas-y-dinamicas-comunitarias\\\/\"},{\"@type\":\"ListItem\",\"position\":2,\"name\":\"Serveis\",\"item\":\"https:\\\/\\\/indic.cat\\\/servei\\\/\"},{\"@type\":\"ListItem\",\"position\":3,\"name\":\"Consultor\u00eda participativa\",\"item\":\"https:\\\/\\\/indic.cat\\\/es\\\/categoria-servei\\\/consultoria-participacion\\\/\"},{\"@type\":\"ListItem\",\"position\":4,\"name\":\"Proyectos educativos de ciudad\"}]},{\"@type\":\"WebSite\",\"@id\":\"https:\\\/\\\/indic.cat\\\/#website\",\"url\":\"https:\\\/\\\/indic.cat\\\/\",\"name\":\"My CMS\",\"description\":\"Iniciatives i din\u00e0miques comunit\u00e0ries\",\"potentialAction\":[{\"@type\":\"SearchAction\",\"target\":{\"@type\":\"EntryPoint\",\"urlTemplate\":\"https:\\\/\\\/indic.cat\\\/?s={search_term_string}\"},\"query-input\":{\"@type\":\"PropertyValueSpecification\",\"valueRequired\":true,\"valueName\":\"search_term_string\"}}],\"inLanguage\":\"es\"}]}<\/script>\n<!-- \/ Yoast SEO plugin. -->","yoast_head_json":{"title":"Proyectos educativos de ciudad - My CMS","robots":{"index":"index","follow":"follow","max-snippet":"max-snippet:-1","max-image-preview":"max-image-preview:large","max-video-preview":"max-video-preview:-1"},"canonical":"https:\/\/indic.cat\/es\/servei\/proyectos-educativos-de-ciudad\/","og_locale":"es_ES","og_type":"article","og_title":"Proyectos educativos de ciudad - My CMS","og_description":"Los proyectos relacionados con el \u00e1mbito de la educaci\u00f3n pretenden planificar y coordinar en materia de pol\u00edticas educativas con la participaci\u00f3n de los distintos agentes del sistema educativo y del territorio con la intencionalidad de establecer unos objetivos y criterios compartidos. Desde INDIC ofrecemos un soporte t\u00e9cnico en las diferentes fases del proyecto: dise\u00f1o, ejecuci\u00f3n, [&hellip;]","og_url":"https:\/\/indic.cat\/es\/servei\/proyectos-educativos-de-ciudad\/","og_site_name":"My CMS","article_publisher":"https:\/\/www.facebook.com\/Indic-Iniciatives-i-Din%c3%a0miques-Comunit%c3%a0ries-362170033806658\/","article_modified_time":"2024-08-16T11:21:57+00:00","og_image":[{"width":1024,"height":768,"url":"https:\/\/indic.cat\/wp-content\/uploads\/2017\/07\/IMG_20161021_120022-1024x768.jpg","type":"image\/jpeg"}],"twitter_card":"summary_large_image","twitter_site":"@IndicSL","twitter_misc":{"Tiempo de lectura":"1 minuto"},"schema":{"@context":"https:\/\/schema.org","@graph":[{"@type":"WebPage","@id":"https:\/\/indic.cat\/es\/servei\/proyectos-educativos-de-ciudad\/","url":"https:\/\/indic.cat\/es\/servei\/proyectos-educativos-de-ciudad\/","name":"Proyectos educativos de ciudad - My CMS","isPartOf":{"@id":"https:\/\/indic.cat\/#website"},"primaryImageOfPage":{"@id":"https:\/\/indic.cat\/es\/servei\/proyectos-educativos-de-ciudad\/#primaryimage"},"image":{"@id":"https:\/\/indic.cat\/es\/servei\/proyectos-educativos-de-ciudad\/#primaryimage"},"thumbnailUrl":"https:\/\/indic.cat\/wp-content\/uploads\/2017\/07\/IMG_20161021_120022.jpg","datePublished":"2017-07-13T17:16:08+00:00","dateModified":"2024-08-16T11:21:57+00:00","breadcrumb":{"@id":"https:\/\/indic.cat\/es\/servei\/proyectos-educativos-de-ciudad\/#breadcrumb"},"inLanguage":"es","potentialAction":[{"@type":"ReadAction","target":["https:\/\/indic.cat\/es\/servei\/proyectos-educativos-de-ciudad\/"]}]},{"@type":"ImageObject","inLanguage":"es","@id":"https:\/\/indic.cat\/es\/servei\/proyectos-educativos-de-ciudad\/#primaryimage","url":"https:\/\/indic.cat\/wp-content\/uploads\/2017\/07\/IMG_20161021_120022.jpg","contentUrl":"https:\/\/indic.cat\/wp-content\/uploads\/2017\/07\/IMG_20161021_120022.jpg","width":4160,"height":3120},{"@type":"BreadcrumbList","@id":"https:\/\/indic.cat\/es\/servei\/proyectos-educativos-de-ciudad\/#breadcrumb","itemListElement":[{"@type":"ListItem","position":1,"name":"Inici","item":"https:\/\/indic.cat\/es\/iniciativas-y-dinamicas-comunitarias\/"},{"@type":"ListItem","position":2,"name":"Serveis","item":"https:\/\/indic.cat\/servei\/"},{"@type":"ListItem","position":3,"name":"Consultor\u00eda participativa","item":"https:\/\/indic.cat\/es\/categoria-servei\/consultoria-participacion\/"},{"@type":"ListItem","position":4,"name":"Proyectos educativos de ciudad"}]},{"@type":"WebSite","@id":"https:\/\/indic.cat\/#website","url":"https:\/\/indic.cat\/","name":"My CMS","description":"Iniciatives i din\u00e0miques comunit\u00e0ries","potentialAction":[{"@type":"SearchAction","target":{"@type":"EntryPoint","urlTemplate":"https:\/\/indic.cat\/?s={search_term_string}"},"query-input":{"@type":"PropertyValueSpecification","valueRequired":true,"valueName":"search_term_string"}}],"inLanguage":"es"}]}},"_links":{"self":[{"href":"https:\/\/indic.cat\/es\/wp-json\/wp\/v2\/servei\/3777","targetHints":{"allow":["GET"]}}],"collection":[{"href":"https:\/\/indic.cat\/es\/wp-json\/wp\/v2\/servei"}],"about":[{"href":"https:\/\/indic.cat\/es\/wp-json\/wp\/v2\/types\/servei"}],"version-history":[{"count":5,"href":"https:\/\/indic.cat\/es\/wp-json\/wp\/v2\/servei\/3777\/revisions"}],"predecessor-version":[{"id":6103,"href":"https:\/\/indic.cat\/es\/wp-json\/wp\/v2\/servei\/3777\/revisions\/6103"}],"wp:featuredmedia":[{"embeddable":true,"href":"https:\/\/indic.cat\/es\/wp-json\/wp\/v2\/media\/932"}],"wp:attachment":[{"href":"https:\/\/indic.cat\/es\/wp-json\/wp\/v2\/media?parent=3777"}],"wp:term":[{"taxonomy":"categoria-servei","embeddable":true,"href":"https:\/\/indic.cat\/es\/wp-json\/wp\/v2\/categoria-servei?post=3777"}],"curies":[{"name":"wp","href":"https:\/\/api.w.org\/{rel}","templated":true}]}}

<p>Los proyectos relacionados con el ámbito de la educación <strong>pretenden planificar y coordinar en materia de políticas educativas con la participación de los distintos agentes</strong> del sistema educativo y del territorio <strong>con la intencionalidad de establecer unos objetivos y criterios compartidos</strong>.</p>
<p>Desde INDIC <strong>ofrecemos un soporte técnico en las diferentes fases del proyecto: diseño, ejecución, dinamización</strong> de los espacios y redes de trabajo constituidas, dinamización de los grupos impulsores, organización de foros educativos, <strong>así como acompañamiento en el seguimiento y la evaluación</strong>.</p>
<p>&nbsp;</p>

<p>Los proyectos relacionados con el ámbito de la educación pretenden planificar y coordinar en materia de políticas educativas con la participación de los distintos agentes del sistema educativo y del territorio con la intencionalidad de establecer unos objetivos y criterios compartidos. Desde INDIC ofrecemos un soporte técnico en las diferentes fases del proyecto: diseño, ejecución, [&hellip;]</p>

<!-- This site is optimized with the Yoast SEO plugin v27.4 - https://yoast.com/product/yoast-seo-wordpress/ -->
<title>Proyectos educativos de ciudad - My CMS</title>
<meta name="robots" content="index, follow, max-snippet:-1, max-image-preview:large, max-video-preview:-1" />
<link rel="canonical" href="https://indic.cat/es/servei/proyectos-educativos-de-ciudad/" />
<meta property="og:locale" content="es_ES" />
<meta property="og:type" content="article" />
<meta property="og:title" content="Proyectos educativos de ciudad - My CMS" />
<meta property="og:description" content="Los proyectos relacionados con el ámbito de la educación pretenden planificar y coordinar en materia de políticas educativas con la participación de los distintos agentes del sistema educativo y del territorio con la intencionalidad de establecer unos objetivos y criterios compartidos. Desde INDIC ofrecemos un soporte técnico en las diferentes fases del proyecto: diseño, ejecución, [&hellip;]" />
<meta property="og:url" content="https://indic.cat/es/servei/proyectos-educativos-de-ciudad/" />
<meta property="og:site_name" content="My CMS" />
<meta property="article:publisher" content="https://www.facebook.com/Indic-Iniciatives-i-Din%c3%a0miques-Comunit%c3%a0ries-362170033806658/" />
<meta property="article:modified_time" content="2024-08-16T11:21:57+00:00" />
<meta property="og:image" content="https://indic.cat/wp-content/uploads/2017/07/IMG_20161021_120022-1024x768.jpg" />
	<meta property="og:image:width" content="1024" />
	<meta property="og:image:height" content="768" />
	<meta property="og:image:type" content="image/jpeg" />
<meta name="twitter:card" content="summary_large_image" />
<meta name="twitter:site" content="@IndicSL" />
<meta name="twitter:label1" content="Tiempo de lectura" />
	<meta name="twitter:data1" content="1 minuto" />
<script type="application/ld+json" class="yoast-schema-graph">{"@context":"https:\/\/schema.org","@graph":[{"@type":"WebPage","@id":"https:\/\/indic.cat\/es\/servei\/proyectos-educativos-de-ciudad\/","url":"https:\/\/indic.cat\/es\/servei\/proyectos-educativos-de-ciudad\/","name":"Proyectos educativos de ciudad - My CMS","isPartOf":{"@id":"https:\/\/indic.cat\/#website"},"primaryImageOfPage":{"@id":"https:\/\/indic.cat\/es\/servei\/proyectos-educativos-de-ciudad\/#primaryimage"},"image":{"@id":"https:\/\/indic.cat\/es\/servei\/proyectos-educativos-de-ciudad\/#primaryimage"},"thumbnailUrl":"https:\/\/indic.cat\/wp-content\/uploads\/2017\/07\/IMG_20161021_120022.jpg","datePublished":"2017-07-13T17:16:08+00:00","dateModified":"2024-08-16T11:21:57+00:00","breadcrumb":{"@id":"https:\/\/indic.cat\/es\/servei\/proyectos-educativos-de-ciudad\/#breadcrumb"},"inLanguage":"es","potentialAction":[{"@type":"ReadAction","target":["https:\/\/indic.cat\/es\/servei\/proyectos-educativos-de-ciudad\/"]}]},{"@type":"ImageObject","inLanguage":"es","@id":"https:\/\/indic.cat\/es\/servei\/proyectos-educativos-de-ciudad\/#primaryimage","url":"https:\/\/indic.cat\/wp-content\/uploads\/2017\/07\/IMG_20161021_120022.jpg","contentUrl":"https:\/\/indic.cat\/wp-content\/uploads\/2017\/07\/IMG_20161021_120022.jpg","width":4160,"height":3120},{"@type":"BreadcrumbList","@id":"https:\/\/indic.cat\/es\/servei\/proyectos-educativos-de-ciudad\/#breadcrumb","itemListElement":[{"@type":"ListItem","position":1,"name":"Inici","item":"https:\/\/indic.cat\/es\/iniciativas-y-dinamicas-comunitarias\/"},{"@type":"ListItem","position":2,"name":"Serveis","item":"https:\/\/indic.cat\/servei\/"},{"@type":"ListItem","position":3,"name":"Consultoría participativa","item":"https:\/\/indic.cat\/es\/categoria-servei\/consultoria-participacion\/"},{"@type":"ListItem","position":4,"name":"Proyectos educativos de ciudad"}]},{"@type":"WebSite","@id":"https:\/\/indic.cat\/#website","url":"https:\/\/indic.cat\/","name":"My CMS","description":"Iniciatives i dinàmiques comunitàries","potentialAction":[{"@type":"SearchAction","target":{"@type":"EntryPoint","urlTemplate":"https:\/\/indic.cat\/?s={search_term_string}"},"query-input":{"@type":"PropertyValueSpecification","valueRequired":true,"valueName":"search_term_string"}}],"inLanguage":"es"}]}</script>
<!-- / Yoast SEO plugin. -->

Los proyectos relacionados con el ámbito de la educación pretenden planificar y coordinar en materia de políticas educativas con la participación de los distintos agentes del sistema educativo y del territorio con la intencionalidad de establecer unos objetivos y criterios compartidos. Desde INDIC ofrecemos un soporte técnico en las diferentes fases del proyecto: diseño, ejecución, [&hellip;]

Consultoría participativa

Iniciatives i dinàmiques comunitàries
