{"id":3786,"date":"2017-07-13T19:26:04","date_gmt":"2017-07-13T17:26:04","guid":{"rendered":"https:\/\/indic.cat\/servei\/dinamitzacio-fires-mostres\/"},"modified":"2024-08-16T13:21:01","modified_gmt":"2024-08-16T11:21:01","slug":"dinamizacion-de-ferias-y-muestras","status":"publish","type":"servei","link":"https:\/\/indic.cat\/es\/servei\/dinamizacion-de-ferias-y-muestras\/","title":{"rendered":"Dinamizaci\u00f3n de ferias y muestras"},"content":{"rendered":"<h3>Dise\u00f1amos, dinamizamos y damos apoyo a la organizaci\u00f3n de ferias y muestras para que estos eventos sean m\u00e1s participativos. A partir de los objetivos del evento organizamos actividades, pruebas y juegos que permitan a la ciudadan\u00eda acercarse a la informaci\u00f3n de una forma l\u00fadica y participativa.<\/h3>\n","protected":false},"excerpt":{"rendered":"<p>Dise\u00f1amos, dinamizamos y damos apoyo a la organizaci\u00f3n de ferias y muestras para que estos eventos sean m\u00e1s participativos. A partir de los objetivos del evento organizamos actividades, pruebas y juegos que permitan a la ciudadan\u00eda acercarse a la informaci\u00f3n de una forma l\u00fadica y participativa.<\/p>\n","protected":false},"featured_media":938,"template":"","categoria-servei":[21],"class_list":["post-3786","servei","type-servei","status-publish","has-post-thumbnail","hentry","categoria-servei-dinamizacion-y-apoyo-tecnico-a-la-participacion"],"acf":[],"yoast_head":"<!-- This site is optimized with the Yoast SEO plugin v27.4 - https:\/\/yoast.com\/product\/yoast-seo-wordpress\/ -->\n<title>Dinamizaci\u00f3n de ferias y muestras - My CMS<\/title>\n<meta name=\"robots\" content=\"index, follow, max-snippet:-1, max-image-preview:large, max-video-preview:-1\" \/>\n<link rel=\"canonical\" href=\"https:\/\/indic.cat\/es\/servei\/dinamizacion-de-ferias-y-muestras\/\" \/>\n<meta property=\"og:locale\" content=\"es_ES\" \/>\n<meta property=\"og:type\" content=\"article\" \/>\n<meta property=\"og:title\" content=\"Dinamizaci\u00f3n de ferias y muestras - My CMS\" \/>\n<meta property=\"og:description\" content=\"Dise\u00f1amos, dinamizamos y damos apoyo a la organizaci\u00f3n de ferias y muestras para que estos eventos sean m\u00e1s participativos. A partir de los objetivos del evento organizamos actividades, pruebas y juegos que permitan a la ciudadan\u00eda acercarse a la informaci\u00f3n de una forma l\u00fadica y participativa.\" \/>\n<meta property=\"og:url\" content=\"https:\/\/indic.cat\/es\/servei\/dinamizacion-de-ferias-y-muestras\/\" \/>\n<meta property=\"og:site_name\" content=\"My CMS\" \/>\n<meta property=\"article:publisher\" content=\"https:\/\/www.facebook.com\/Indic-Iniciatives-i-Din%c3%a0miques-Comunit%c3%a0ries-362170033806658\/\" \/>\n<meta property=\"article:modified_time\" content=\"2024-08-16T11:21:01+00:00\" \/>\n<meta property=\"og:image\" content=\"https:\/\/indic.cat\/wp-content\/uploads\/2017\/07\/IMG_20170606_103707-1024x768.jpg\" \/>\n\t<meta property=\"og:image:width\" content=\"1024\" \/>\n\t<meta property=\"og:image:height\" content=\"768\" \/>\n\t<meta property=\"og:image:type\" content=\"image\/jpeg\" \/>\n<meta name=\"twitter:card\" content=\"summary_large_image\" \/>\n<meta name=\"twitter:site\" content=\"@IndicSL\" \/>\n<meta name=\"twitter:label1\" content=\"Tiempo de lectura\" \/>\n\t<meta name=\"twitter:data1\" content=\"1 minuto\" \/>\n<script type=\"application\/ld+json\" class=\"yoast-schema-graph\">{\"@context\":\"https:\\\/\\\/schema.org\",\"@graph\":[{\"@type\":\"WebPage\",\"@id\":\"https:\\\/\\\/indic.cat\\\/es\\\/servei\\\/dinamizacion-de-ferias-y-muestras\\\/\",\"url\":\"https:\\\/\\\/indic.cat\\\/es\\\/servei\\\/dinamizacion-de-ferias-y-muestras\\\/\",\"name\":\"Dinamizaci\u00f3n de ferias y muestras - My CMS\",\"isPartOf\":{\"@id\":\"https:\\\/\\\/indic.cat\\\/#website\"},\"primaryImageOfPage\":{\"@id\":\"https:\\\/\\\/indic.cat\\\/es\\\/servei\\\/dinamizacion-de-ferias-y-muestras\\\/#primaryimage\"},\"image\":{\"@id\":\"https:\\\/\\\/indic.cat\\\/es\\\/servei\\\/dinamizacion-de-ferias-y-muestras\\\/#primaryimage\"},\"thumbnailUrl\":\"https:\\\/\\\/indic.cat\\\/wp-content\\\/uploads\\\/2017\\\/07\\\/IMG_20170606_103707.jpg\",\"datePublished\":\"2017-07-13T17:26:04+00:00\",\"dateModified\":\"2024-08-16T11:21:01+00:00\",\"breadcrumb\":{\"@id\":\"https:\\\/\\\/indic.cat\\\/es\\\/servei\\\/dinamizacion-de-ferias-y-muestras\\\/#breadcrumb\"},\"inLanguage\":\"es\",\"potentialAction\":[{\"@type\":\"ReadAction\",\"target\":[\"https:\\\/\\\/indic.cat\\\/es\\\/servei\\\/dinamizacion-de-ferias-y-muestras\\\/\"]}]},{\"@type\":\"ImageObject\",\"inLanguage\":\"es\",\"@id\":\"https:\\\/\\\/indic.cat\\\/es\\\/servei\\\/dinamizacion-de-ferias-y-muestras\\\/#primaryimage\",\"url\":\"https:\\\/\\\/indic.cat\\\/wp-content\\\/uploads\\\/2017\\\/07\\\/IMG_20170606_103707.jpg\",\"contentUrl\":\"https:\\\/\\\/indic.cat\\\/wp-content\\\/uploads\\\/2017\\\/07\\\/IMG_20170606_103707.jpg\",\"width\":640,\"height\":480},{\"@type\":\"BreadcrumbList\",\"@id\":\"https:\\\/\\\/indic.cat\\\/es\\\/servei\\\/dinamizacion-de-ferias-y-muestras\\\/#breadcrumb\",\"itemListElement\":[{\"@type\":\"ListItem\",\"position\":1,\"name\":\"Inici\",\"item\":\"https:\\\/\\\/indic.cat\\\/es\\\/iniciativas-y-dinamicas-comunitarias\\\/\"},{\"@type\":\"ListItem\",\"position\":2,\"name\":\"Serveis\",\"item\":\"https:\\\/\\\/indic.cat\\\/servei\\\/\"},{\"@type\":\"ListItem\",\"position\":3,\"name\":\"Dinamizaci\u00f3n y apoyo t\u00e9cnico a la participaci\u00f3n\",\"item\":\"https:\\\/\\\/indic.cat\\\/es\\\/categoria-servei\\\/dinamizacion-y-apoyo-tecnico-a-la-participacion\\\/\"},{\"@type\":\"ListItem\",\"position\":4,\"name\":\"Dinamizaci\u00f3n de ferias y muestras\"}]},{\"@type\":\"WebSite\",\"@id\":\"https:\\\/\\\/indic.cat\\\/#website\",\"url\":\"https:\\\/\\\/indic.cat\\\/\",\"name\":\"My CMS\",\"description\":\"Iniciatives i din\u00e0miques comunit\u00e0ries\",\"potentialAction\":[{\"@type\":\"SearchAction\",\"target\":{\"@type\":\"EntryPoint\",\"urlTemplate\":\"https:\\\/\\\/indic.cat\\\/?s={search_term_string}\"},\"query-input\":{\"@type\":\"PropertyValueSpecification\",\"valueRequired\":true,\"valueName\":\"search_term_string\"}}],\"inLanguage\":\"es\"}]}<\/script>\n<!-- \/ Yoast SEO plugin. -->","yoast_head_json":{"title":"Dinamizaci\u00f3n de ferias y muestras - My CMS","robots":{"index":"index","follow":"follow","max-snippet":"max-snippet:-1","max-image-preview":"max-image-preview:large","max-video-preview":"max-video-preview:-1"},"canonical":"https:\/\/indic.cat\/es\/servei\/dinamizacion-de-ferias-y-muestras\/","og_locale":"es_ES","og_type":"article","og_title":"Dinamizaci\u00f3n de ferias y muestras - My CMS","og_description":"Dise\u00f1amos, dinamizamos y damos apoyo a la organizaci\u00f3n de ferias y muestras para que estos eventos sean m\u00e1s participativos. A partir de los objetivos del evento organizamos actividades, pruebas y juegos que permitan a la ciudadan\u00eda acercarse a la informaci\u00f3n de una forma l\u00fadica y participativa.","og_url":"https:\/\/indic.cat\/es\/servei\/dinamizacion-de-ferias-y-muestras\/","og_site_name":"My CMS","article_publisher":"https:\/\/www.facebook.com\/Indic-Iniciatives-i-Din%c3%a0miques-Comunit%c3%a0ries-362170033806658\/","article_modified_time":"2024-08-16T11:21:01+00:00","og_image":[{"width":1024,"height":768,"url":"https:\/\/indic.cat\/wp-content\/uploads\/2017\/07\/IMG_20170606_103707-1024x768.jpg","type":"image\/jpeg"}],"twitter_card":"summary_large_image","twitter_site":"@IndicSL","twitter_misc":{"Tiempo de lectura":"1 minuto"},"schema":{"@context":"https:\/\/schema.org","@graph":[{"@type":"WebPage","@id":"https:\/\/indic.cat\/es\/servei\/dinamizacion-de-ferias-y-muestras\/","url":"https:\/\/indic.cat\/es\/servei\/dinamizacion-de-ferias-y-muestras\/","name":"Dinamizaci\u00f3n de ferias y muestras - My CMS","isPartOf":{"@id":"https:\/\/indic.cat\/#website"},"primaryImageOfPage":{"@id":"https:\/\/indic.cat\/es\/servei\/dinamizacion-de-ferias-y-muestras\/#primaryimage"},"image":{"@id":"https:\/\/indic.cat\/es\/servei\/dinamizacion-de-ferias-y-muestras\/#primaryimage"},"thumbnailUrl":"https:\/\/indic.cat\/wp-content\/uploads\/2017\/07\/IMG_20170606_103707.jpg","datePublished":"2017-07-13T17:26:04+00:00","dateModified":"2024-08-16T11:21:01+00:00","breadcrumb":{"@id":"https:\/\/indic.cat\/es\/servei\/dinamizacion-de-ferias-y-muestras\/#breadcrumb"},"inLanguage":"es","potentialAction":[{"@type":"ReadAction","target":["https:\/\/indic.cat\/es\/servei\/dinamizacion-de-ferias-y-muestras\/"]}]},{"@type":"ImageObject","inLanguage":"es","@id":"https:\/\/indic.cat\/es\/servei\/dinamizacion-de-ferias-y-muestras\/#primaryimage","url":"https:\/\/indic.cat\/wp-content\/uploads\/2017\/07\/IMG_20170606_103707.jpg","contentUrl":"https:\/\/indic.cat\/wp-content\/uploads\/2017\/07\/IMG_20170606_103707.jpg","width":640,"height":480},{"@type":"BreadcrumbList","@id":"https:\/\/indic.cat\/es\/servei\/dinamizacion-de-ferias-y-muestras\/#breadcrumb","itemListElement":[{"@type":"ListItem","position":1,"name":"Inici","item":"https:\/\/indic.cat\/es\/iniciativas-y-dinamicas-comunitarias\/"},{"@type":"ListItem","position":2,"name":"Serveis","item":"https:\/\/indic.cat\/servei\/"},{"@type":"ListItem","position":3,"name":"Dinamizaci\u00f3n y apoyo t\u00e9cnico a la participaci\u00f3n","item":"https:\/\/indic.cat\/es\/categoria-servei\/dinamizacion-y-apoyo-tecnico-a-la-participacion\/"},{"@type":"ListItem","position":4,"name":"Dinamizaci\u00f3n de ferias y muestras"}]},{"@type":"WebSite","@id":"https:\/\/indic.cat\/#website","url":"https:\/\/indic.cat\/","name":"My CMS","description":"Iniciatives i din\u00e0miques comunit\u00e0ries","potentialAction":[{"@type":"SearchAction","target":{"@type":"EntryPoint","urlTemplate":"https:\/\/indic.cat\/?s={search_term_string}"},"query-input":{"@type":"PropertyValueSpecification","valueRequired":true,"valueName":"search_term_string"}}],"inLanguage":"es"}]}},"_links":{"self":[{"href":"https:\/\/indic.cat\/es\/wp-json\/wp\/v2\/servei\/3786","targetHints":{"allow":["GET"]}}],"collection":[{"href":"https:\/\/indic.cat\/es\/wp-json\/wp\/v2\/servei"}],"about":[{"href":"https:\/\/indic.cat\/es\/wp-json\/wp\/v2\/types\/servei"}],"version-history":[{"count":3,"href":"https:\/\/indic.cat\/es\/wp-json\/wp\/v2\/servei\/3786\/revisions"}],"predecessor-version":[{"id":5760,"href":"https:\/\/indic.cat\/es\/wp-json\/wp\/v2\/servei\/3786\/revisions\/5760"}],"wp:featuredmedia":[{"embeddable":true,"href":"https:\/\/indic.cat\/es\/wp-json\/wp\/v2\/media\/938"}],"wp:attachment":[{"href":"https:\/\/indic.cat\/es\/wp-json\/wp\/v2\/media?parent=3786"}],"wp:term":[{"taxonomy":"categoria-servei","embeddable":true,"href":"https:\/\/indic.cat\/es\/wp-json\/wp\/v2\/categoria-servei?post=3786"}],"curies":[{"name":"wp","href":"https:\/\/api.w.org\/{rel}","templated":true}]}}

Dinamización de ferias y muestras

<h3>Diseñamos, dinamizamos y damos apoyo a la organización de ferias y muestras para que estos eventos sean más participativos. A partir de los objetivos del evento organizamos actividades, pruebas y juegos que permitan a la ciudadanía acercarse a la información de una forma lúdica y participativa.</h3>

<p>Diseñamos, dinamizamos y damos apoyo a la organización de ferias y muestras para que estos eventos sean más participativos. A partir de los objetivos del evento organizamos actividades, pruebas y juegos que permitan a la ciudadanía acercarse a la información de una forma lúdica y participativa.</p>

<!-- This site is optimized with the Yoast SEO plugin v27.4 - https://yoast.com/product/yoast-seo-wordpress/ -->
<title>Dinamización de ferias y muestras - My CMS</title>
<meta name="robots" content="index, follow, max-snippet:-1, max-image-preview:large, max-video-preview:-1" />
<link rel="canonical" href="https://indic.cat/es/servei/dinamizacion-de-ferias-y-muestras/" />
<meta property="og:locale" content="es_ES" />
<meta property="og:type" content="article" />
<meta property="og:title" content="Dinamización de ferias y muestras - My CMS" />
<meta property="og:description" content="Diseñamos, dinamizamos y damos apoyo a la organización de ferias y muestras para que estos eventos sean más participativos. A partir de los objetivos del evento organizamos actividades, pruebas y juegos que permitan a la ciudadanía acercarse a la información de una forma lúdica y participativa." />
<meta property="og:url" content="https://indic.cat/es/servei/dinamizacion-de-ferias-y-muestras/" />
<meta property="og:site_name" content="My CMS" />
<meta property="article:publisher" content="https://www.facebook.com/Indic-Iniciatives-i-Din%c3%a0miques-Comunit%c3%a0ries-362170033806658/" />
<meta property="article:modified_time" content="2024-08-16T11:21:01+00:00" />
<meta property="og:image" content="https://indic.cat/wp-content/uploads/2017/07/IMG_20170606_103707-1024x768.jpg" />
	<meta property="og:image:width" content="1024" />
	<meta property="og:image:height" content="768" />
	<meta property="og:image:type" content="image/jpeg" />
<meta name="twitter:card" content="summary_large_image" />
<meta name="twitter:site" content="@IndicSL" />
<meta name="twitter:label1" content="Tiempo de lectura" />
	<meta name="twitter:data1" content="1 minuto" />
<script type="application/ld+json" class="yoast-schema-graph">{"@context":"https:\/\/schema.org","@graph":[{"@type":"WebPage","@id":"https:\/\/indic.cat\/es\/servei\/dinamizacion-de-ferias-y-muestras\/","url":"https:\/\/indic.cat\/es\/servei\/dinamizacion-de-ferias-y-muestras\/","name":"Dinamización de ferias y muestras - My CMS","isPartOf":{"@id":"https:\/\/indic.cat\/#website"},"primaryImageOfPage":{"@id":"https:\/\/indic.cat\/es\/servei\/dinamizacion-de-ferias-y-muestras\/#primaryimage"},"image":{"@id":"https:\/\/indic.cat\/es\/servei\/dinamizacion-de-ferias-y-muestras\/#primaryimage"},"thumbnailUrl":"https:\/\/indic.cat\/wp-content\/uploads\/2017\/07\/IMG_20170606_103707.jpg","datePublished":"2017-07-13T17:26:04+00:00","dateModified":"2024-08-16T11:21:01+00:00","breadcrumb":{"@id":"https:\/\/indic.cat\/es\/servei\/dinamizacion-de-ferias-y-muestras\/#breadcrumb"},"inLanguage":"es","potentialAction":[{"@type":"ReadAction","target":["https:\/\/indic.cat\/es\/servei\/dinamizacion-de-ferias-y-muestras\/"]}]},{"@type":"ImageObject","inLanguage":"es","@id":"https:\/\/indic.cat\/es\/servei\/dinamizacion-de-ferias-y-muestras\/#primaryimage","url":"https:\/\/indic.cat\/wp-content\/uploads\/2017\/07\/IMG_20170606_103707.jpg","contentUrl":"https:\/\/indic.cat\/wp-content\/uploads\/2017\/07\/IMG_20170606_103707.jpg","width":640,"height":480},{"@type":"BreadcrumbList","@id":"https:\/\/indic.cat\/es\/servei\/dinamizacion-de-ferias-y-muestras\/#breadcrumb","itemListElement":[{"@type":"ListItem","position":1,"name":"Inici","item":"https:\/\/indic.cat\/es\/iniciativas-y-dinamicas-comunitarias\/"},{"@type":"ListItem","position":2,"name":"Serveis","item":"https:\/\/indic.cat\/servei\/"},{"@type":"ListItem","position":3,"name":"Dinamización y apoyo técnico a la participación","item":"https:\/\/indic.cat\/es\/categoria-servei\/dinamizacion-y-apoyo-tecnico-a-la-participacion\/"},{"@type":"ListItem","position":4,"name":"Dinamización de ferias y muestras"}]},{"@type":"WebSite","@id":"https:\/\/indic.cat\/#website","url":"https:\/\/indic.cat\/","name":"My CMS","description":"Iniciatives i dinàmiques comunitàries","potentialAction":[{"@type":"SearchAction","target":{"@type":"EntryPoint","urlTemplate":"https:\/\/indic.cat\/?s={search_term_string}"},"query-input":{"@type":"PropertyValueSpecification","valueRequired":true,"valueName":"search_term_string"}}],"inLanguage":"es"}]}</script>
<!-- / Yoast SEO plugin. -->

Dinamización de ferias y muestras - My CMS

Diseñamos, dinamizamos y damos apoyo a la organización de ferias y muestras para que estos eventos sean más participativos. A partir de los objetivos del evento organizamos actividades, pruebas y juegos que permitan a la ciudadanía acercarse a la información de una forma lúdica y participativa.

Dinamización y apoyo técnico a la participación

Iniciatives i dinàmiques comunitàries
