{"id":3806,"date":"2017-07-13T19:28:55","date_gmt":"2017-07-13T17:28:55","guid":{"rendered":"https:\/\/indic.cat\/servei\/formacio-per-entitats\/"},"modified":"2024-09-04T11:50:09","modified_gmt":"2024-09-04T09:50:09","slug":"formacion-para-entidades","status":"publish","type":"servei","link":"https:\/\/indic.cat\/es\/servei\/formacion-para-entidades\/","title":{"rendered":"Formaci\u00f3n para entidades"},"content":{"rendered":"<p>Nuestra propuesta formativa parte de dos premisas. Por un lado, pretende aportar elementos de reflexi\u00f3n que ayudan a potenciar el proyecto asociativo, analizar los procesos de comunicaci\u00f3n que tienen lugar y las din\u00e1micas de trabajo que se desarrollan.<br \/>\nPor otro lado, se quiere acercar el uso de t\u00e9cnicas y din\u00e1micas de grupo que ayuden a elaborar el proyecto asociativo y faciliten la comunicaci\u00f3n y el trabajo en equipo en estas asociaciones.<br \/>\nPo estos motivos, los cursos tienen un enfoque claramente pr\u00e1ctico, los contenidos de estos se van desarrollando a partir de la experiencia de las propias personas participantes. De esta forma, se busca que el aprendizaje se haga de manera significativa partiendo del an\u00e1lisis de su realidad y aportando entre todas las personas que participan, elementos y estrategias que favorezcan la transformaci\u00f3n.<br \/>\nLos principales contenidos a desarrollar son:<br \/>\nDefinici\u00f3n del proyecto asociativo<\/p>\n<ul>\n<li>Elementos del proyecto asociativo<\/li>\n<li>Fases del proyecto<\/li>\n<\/ul>\n<p>T\u00e9cnicas i din\u00e1micas de trabajo en grupo<\/p>\n<ul>\n<li>T\u00e9cnicas de an\u00e1lisis i diagn\u00f3stico<\/li>\n<li>T\u00e9cnicas de propuestas y priorizaci\u00f3n<\/li>\n<li>T\u00e9cnicas de planificaci\u00f3n<\/li>\n<li>T\u00e9cnicas de evaluaci\u00f3n<\/li>\n<\/ul>\n<p>Buenas pr\u00e1cticas de trabajo en grupo<\/p>\n<ul>\n<li>Etapas en la vida del grupo<\/li>\n<li>Conceptos b\u00e1sicos del liderazgo situacional<\/li>\n<li>Pautas para la organizaci\u00f3n de reuniones<\/li>\n<\/ul>\n<p>La comunicaci\u00f3n en la asociaci\u00f3n<\/p>\n<ul>\n<li>Elementos que intervienen en el hecho comunicativo<\/li>\n<li>Estrategias de comunicaci\u00f3n<\/li>\n<li>Pautas para mejorar la comunicaci\u00f3n dentro y fuera de la asociaci\u00f3n<\/li>\n<\/ul>\n<p>Gesti\u00f3n y resoluci\u00f3n de conflictos en la asociaci\u00f3n<\/p>\n<ul>\n<li>Detecci\u00f3n y an\u00e1lisis de conflictos<\/li>\n<li>El conflicto como oportunidad<\/li>\n<li>Estrategia de resoluci\u00f3n de conflictos<\/li>\n<\/ul>\n","protected":false},"excerpt":{"rendered":"<p>Nuestra propuesta formativa parte de dos premisas. Por un lado, pretende aportar elementos de reflexi\u00f3n que ayudan a potenciar el proyecto asociativo, analizar los procesos de comunicaci\u00f3n que tienen lugar y las din\u00e1micas de trabajo que se desarrollan. Por otro lado, se quiere acercar el uso de t\u00e9cnicas y din\u00e1micas de grupo que ayuden a [&hellip;]<\/p>\n","protected":false},"featured_media":917,"template":"","categoria-servei":[22],"class_list":["post-3806","servei","type-servei","status-publish","has-post-thumbnail","hentry","categoria-servei-formacion-en-participacion"],"acf":[],"yoast_head":"<!-- This site is optimized with the Yoast SEO plugin v27.4 - https:\/\/yoast.com\/product\/yoast-seo-wordpress\/ -->\n<title>Formaci\u00f3n para entidades - My CMS<\/title>\n<meta name=\"description\" content=\"Nuestra propuesta formativa parte de dos premisas. Por un lado, pretende aportar elementos de reflexi\u00f3n que ayudan a potenciar...\" \/>\n<meta name=\"robots\" content=\"index, follow, max-snippet:-1, max-image-preview:large, max-video-preview:-1\" \/>\n<link rel=\"canonical\" href=\"https:\/\/indic.cat\/es\/servei\/formacion-para-entidades\/\" \/>\n<meta property=\"og:locale\" content=\"es_ES\" \/>\n<meta property=\"og:type\" content=\"article\" \/>\n<meta property=\"og:title\" content=\"Formaci\u00f3n para entidades - My CMS\" \/>\n<meta property=\"og:description\" content=\"Nuestra propuesta formativa parte de dos premisas. Por un lado, pretende aportar elementos de reflexi\u00f3n que ayudan a potenciar...\" \/>\n<meta property=\"og:url\" content=\"https:\/\/indic.cat\/es\/servei\/formacion-para-entidades\/\" \/>\n<meta property=\"og:site_name\" content=\"My CMS\" \/>\n<meta property=\"article:publisher\" content=\"https:\/\/www.facebook.com\/Indic-Iniciatives-i-Din%c3%a0miques-Comunit%c3%a0ries-362170033806658\/\" \/>\n<meta property=\"article:modified_time\" content=\"2024-09-04T09:50:09+00:00\" \/>\n<meta property=\"og:image\" content=\"https:\/\/indic.cat\/wp-content\/uploads\/2017\/07\/20161115_100637.jpg\" \/>\n\t<meta property=\"og:image:width\" content=\"2560\" \/>\n\t<meta property=\"og:image:height\" content=\"1440\" \/>\n\t<meta property=\"og:image:type\" content=\"image\/jpeg\" \/>\n<meta name=\"twitter:card\" content=\"summary_large_image\" \/>\n<meta name=\"twitter:site\" content=\"@IndicSL\" \/>\n<meta name=\"twitter:label1\" content=\"Tiempo de lectura\" \/>\n\t<meta name=\"twitter:data1\" content=\"2 minutos\" \/>\n<script type=\"application\/ld+json\" class=\"yoast-schema-graph\">{\"@context\":\"https:\\\/\\\/schema.org\",\"@graph\":[{\"@type\":\"WebPage\",\"@id\":\"https:\\\/\\\/indic.cat\\\/es\\\/servei\\\/formacion-para-entidades\\\/\",\"url\":\"https:\\\/\\\/indic.cat\\\/es\\\/servei\\\/formacion-para-entidades\\\/\",\"name\":\"Formaci\u00f3n para entidades - My CMS\",\"isPartOf\":{\"@id\":\"https:\\\/\\\/indic.cat\\\/#website\"},\"primaryImageOfPage\":{\"@id\":\"https:\\\/\\\/indic.cat\\\/es\\\/servei\\\/formacion-para-entidades\\\/#primaryimage\"},\"image\":{\"@id\":\"https:\\\/\\\/indic.cat\\\/es\\\/servei\\\/formacion-para-entidades\\\/#primaryimage\"},\"thumbnailUrl\":\"https:\\\/\\\/indic.cat\\\/wp-content\\\/uploads\\\/2017\\\/07\\\/20161115_100637.jpg\",\"datePublished\":\"2017-07-13T17:28:55+00:00\",\"dateModified\":\"2024-09-04T09:50:09+00:00\",\"description\":\"Nuestra propuesta formativa parte de dos premisas. Por un lado, pretende aportar elementos de reflexi\u00f3n que ayudan a potenciar...\",\"breadcrumb\":{\"@id\":\"https:\\\/\\\/indic.cat\\\/es\\\/servei\\\/formacion-para-entidades\\\/#breadcrumb\"},\"inLanguage\":\"es\",\"potentialAction\":[{\"@type\":\"ReadAction\",\"target\":[\"https:\\\/\\\/indic.cat\\\/es\\\/servei\\\/formacion-para-entidades\\\/\"]}]},{\"@type\":\"ImageObject\",\"inLanguage\":\"es\",\"@id\":\"https:\\\/\\\/indic.cat\\\/es\\\/servei\\\/formacion-para-entidades\\\/#primaryimage\",\"url\":\"https:\\\/\\\/indic.cat\\\/wp-content\\\/uploads\\\/2017\\\/07\\\/20161115_100637.jpg\",\"contentUrl\":\"https:\\\/\\\/indic.cat\\\/wp-content\\\/uploads\\\/2017\\\/07\\\/20161115_100637.jpg\",\"width\":2560,\"height\":1440},{\"@type\":\"BreadcrumbList\",\"@id\":\"https:\\\/\\\/indic.cat\\\/es\\\/servei\\\/formacion-para-entidades\\\/#breadcrumb\",\"itemListElement\":[{\"@type\":\"ListItem\",\"position\":1,\"name\":\"Inici\",\"item\":\"https:\\\/\\\/indic.cat\\\/es\\\/iniciativas-y-dinamicas-comunitarias\\\/\"},{\"@type\":\"ListItem\",\"position\":2,\"name\":\"Serveis\",\"item\":\"https:\\\/\\\/indic.cat\\\/servei\\\/\"},{\"@type\":\"ListItem\",\"position\":3,\"name\":\"Formaci\u00f3n en participaci\u00f3n\",\"item\":\"https:\\\/\\\/indic.cat\\\/es\\\/categoria-servei\\\/formacion-en-participacion\\\/\"},{\"@type\":\"ListItem\",\"position\":4,\"name\":\"Formaci\u00f3n para entidades\"}]},{\"@type\":\"WebSite\",\"@id\":\"https:\\\/\\\/indic.cat\\\/#website\",\"url\":\"https:\\\/\\\/indic.cat\\\/\",\"name\":\"My CMS\",\"description\":\"Iniciatives i din\u00e0miques comunit\u00e0ries\",\"potentialAction\":[{\"@type\":\"SearchAction\",\"target\":{\"@type\":\"EntryPoint\",\"urlTemplate\":\"https:\\\/\\\/indic.cat\\\/?s={search_term_string}\"},\"query-input\":{\"@type\":\"PropertyValueSpecification\",\"valueRequired\":true,\"valueName\":\"search_term_string\"}}],\"inLanguage\":\"es\"}]}<\/script>\n<!-- \/ Yoast SEO plugin. -->","yoast_head_json":{"title":"Formaci\u00f3n para entidades - My CMS","description":"Nuestra propuesta formativa parte de dos premisas. Por un lado, pretende aportar elementos de reflexi\u00f3n que ayudan a potenciar...","robots":{"index":"index","follow":"follow","max-snippet":"max-snippet:-1","max-image-preview":"max-image-preview:large","max-video-preview":"max-video-preview:-1"},"canonical":"https:\/\/indic.cat\/es\/servei\/formacion-para-entidades\/","og_locale":"es_ES","og_type":"article","og_title":"Formaci\u00f3n para entidades - My CMS","og_description":"Nuestra propuesta formativa parte de dos premisas. Por un lado, pretende aportar elementos de reflexi\u00f3n que ayudan a potenciar...","og_url":"https:\/\/indic.cat\/es\/servei\/formacion-para-entidades\/","og_site_name":"My CMS","article_publisher":"https:\/\/www.facebook.com\/Indic-Iniciatives-i-Din%c3%a0miques-Comunit%c3%a0ries-362170033806658\/","article_modified_time":"2024-09-04T09:50:09+00:00","og_image":[{"width":2560,"height":1440,"url":"https:\/\/indic.cat\/wp-content\/uploads\/2017\/07\/20161115_100637.jpg","type":"image\/jpeg"}],"twitter_card":"summary_large_image","twitter_site":"@IndicSL","twitter_misc":{"Tiempo de lectura":"2 minutos"},"schema":{"@context":"https:\/\/schema.org","@graph":[{"@type":"WebPage","@id":"https:\/\/indic.cat\/es\/servei\/formacion-para-entidades\/","url":"https:\/\/indic.cat\/es\/servei\/formacion-para-entidades\/","name":"Formaci\u00f3n para entidades - My CMS","isPartOf":{"@id":"https:\/\/indic.cat\/#website"},"primaryImageOfPage":{"@id":"https:\/\/indic.cat\/es\/servei\/formacion-para-entidades\/#primaryimage"},"image":{"@id":"https:\/\/indic.cat\/es\/servei\/formacion-para-entidades\/#primaryimage"},"thumbnailUrl":"https:\/\/indic.cat\/wp-content\/uploads\/2017\/07\/20161115_100637.jpg","datePublished":"2017-07-13T17:28:55+00:00","dateModified":"2024-09-04T09:50:09+00:00","description":"Nuestra propuesta formativa parte de dos premisas. Por un lado, pretende aportar elementos de reflexi\u00f3n que ayudan a potenciar...","breadcrumb":{"@id":"https:\/\/indic.cat\/es\/servei\/formacion-para-entidades\/#breadcrumb"},"inLanguage":"es","potentialAction":[{"@type":"ReadAction","target":["https:\/\/indic.cat\/es\/servei\/formacion-para-entidades\/"]}]},{"@type":"ImageObject","inLanguage":"es","@id":"https:\/\/indic.cat\/es\/servei\/formacion-para-entidades\/#primaryimage","url":"https:\/\/indic.cat\/wp-content\/uploads\/2017\/07\/20161115_100637.jpg","contentUrl":"https:\/\/indic.cat\/wp-content\/uploads\/2017\/07\/20161115_100637.jpg","width":2560,"height":1440},{"@type":"BreadcrumbList","@id":"https:\/\/indic.cat\/es\/servei\/formacion-para-entidades\/#breadcrumb","itemListElement":[{"@type":"ListItem","position":1,"name":"Inici","item":"https:\/\/indic.cat\/es\/iniciativas-y-dinamicas-comunitarias\/"},{"@type":"ListItem","position":2,"name":"Serveis","item":"https:\/\/indic.cat\/servei\/"},{"@type":"ListItem","position":3,"name":"Formaci\u00f3n en participaci\u00f3n","item":"https:\/\/indic.cat\/es\/categoria-servei\/formacion-en-participacion\/"},{"@type":"ListItem","position":4,"name":"Formaci\u00f3n para entidades"}]},{"@type":"WebSite","@id":"https:\/\/indic.cat\/#website","url":"https:\/\/indic.cat\/","name":"My CMS","description":"Iniciatives i din\u00e0miques comunit\u00e0ries","potentialAction":[{"@type":"SearchAction","target":{"@type":"EntryPoint","urlTemplate":"https:\/\/indic.cat\/?s={search_term_string}"},"query-input":{"@type":"PropertyValueSpecification","valueRequired":true,"valueName":"search_term_string"}}],"inLanguage":"es"}]}},"_links":{"self":[{"href":"https:\/\/indic.cat\/es\/wp-json\/wp\/v2\/servei\/3806","targetHints":{"allow":["GET"]}}],"collection":[{"href":"https:\/\/indic.cat\/es\/wp-json\/wp\/v2\/servei"}],"about":[{"href":"https:\/\/indic.cat\/es\/wp-json\/wp\/v2\/types\/servei"}],"version-history":[{"count":4,"href":"https:\/\/indic.cat\/es\/wp-json\/wp\/v2\/servei\/3806\/revisions"}],"predecessor-version":[{"id":5765,"href":"https:\/\/indic.cat\/es\/wp-json\/wp\/v2\/servei\/3806\/revisions\/5765"}],"wp:featuredmedia":[{"embeddable":true,"href":"https:\/\/indic.cat\/es\/wp-json\/wp\/v2\/media\/917"}],"wp:attachment":[{"href":"https:\/\/indic.cat\/es\/wp-json\/wp\/v2\/media?parent=3806"}],"wp:term":[{"taxonomy":"categoria-servei","embeddable":true,"href":"https:\/\/indic.cat\/es\/wp-json\/wp\/v2\/categoria-servei?post=3806"}],"curies":[{"name":"wp","href":"https:\/\/api.w.org\/{rel}","templated":true}]}}

Formación para entidades

<p>Nuestra propuesta formativa parte de dos premisas. Por un lado, pretende aportar elementos de reflexión que ayudan a potenciar el proyecto asociativo, analizar los procesos de comunicación que tienen lugar y las dinámicas de trabajo que se desarrollan.<br />
Por otro lado, se quiere acercar el uso de técnicas y dinámicas de grupo que ayuden a elaborar el proyecto asociativo y faciliten la comunicación y el trabajo en equipo en estas asociaciones.<br />
Po estos motivos, los cursos tienen un enfoque claramente práctico, los contenidos de estos se van desarrollando a partir de la experiencia de las propias personas participantes. De esta forma, se busca que el aprendizaje se haga de manera significativa partiendo del análisis de su realidad y aportando entre todas las personas que participan, elementos y estrategias que favorezcan la transformación.<br />
Los principales contenidos a desarrollar son:<br />
Definición del proyecto asociativo</p>
<ul>
<li>Elementos del proyecto asociativo</li>
<li>Fases del proyecto</li>
</ul>
<p>Técnicas i dinámicas de trabajo en grupo</p>
<ul>
<li>Técnicas de análisis i diagnóstico</li>
<li>Técnicas de propuestas y priorización</li>
<li>Técnicas de planificación</li>
<li>Técnicas de evaluación</li>
</ul>
<p>Buenas prácticas de trabajo en grupo</p>
<ul>
<li>Etapas en la vida del grupo</li>
<li>Conceptos básicos del liderazgo situacional</li>
<li>Pautas para la organización de reuniones</li>
</ul>
<p>La comunicación en la asociación</p>
<ul>
<li>Elementos que intervienen en el hecho comunicativo</li>
<li>Estrategias de comunicación</li>
<li>Pautas para mejorar la comunicación dentro y fuera de la asociación</li>
</ul>
<p>Gestión y resolución de conflictos en la asociación</p>
<ul>
<li>Detección y análisis de conflictos</li>
<li>El conflicto como oportunidad</li>
<li>Estrategia de resolución de conflictos</li>
</ul>

<p>Nuestra propuesta formativa parte de dos premisas. Por un lado, pretende aportar elementos de reflexión que ayudan a potenciar el proyecto asociativo, analizar los procesos de comunicación que tienen lugar y las dinámicas de trabajo que se desarrollan. Por otro lado, se quiere acercar el uso de técnicas y dinámicas de grupo que ayuden a [&hellip;]</p>

<!-- This site is optimized with the Yoast SEO plugin v27.4 - https://yoast.com/product/yoast-seo-wordpress/ -->
<title>Formación para entidades - My CMS</title>
<meta name="description" content="Nuestra propuesta formativa parte de dos premisas. Por un lado, pretende aportar elementos de reflexión que ayudan a potenciar..." />
<meta name="robots" content="index, follow, max-snippet:-1, max-image-preview:large, max-video-preview:-1" />
<link rel="canonical" href="https://indic.cat/es/servei/formacion-para-entidades/" />
<meta property="og:locale" content="es_ES" />
<meta property="og:type" content="article" />
<meta property="og:title" content="Formación para entidades - My CMS" />
<meta property="og:description" content="Nuestra propuesta formativa parte de dos premisas. Por un lado, pretende aportar elementos de reflexión que ayudan a potenciar..." />
<meta property="og:url" content="https://indic.cat/es/servei/formacion-para-entidades/" />
<meta property="og:site_name" content="My CMS" />
<meta property="article:publisher" content="https://www.facebook.com/Indic-Iniciatives-i-Din%c3%a0miques-Comunit%c3%a0ries-362170033806658/" />
<meta property="article:modified_time" content="2024-09-04T09:50:09+00:00" />
<meta property="og:image" content="https://indic.cat/wp-content/uploads/2017/07/20161115_100637.jpg" />
	<meta property="og:image:width" content="2560" />
	<meta property="og:image:height" content="1440" />
	<meta property="og:image:type" content="image/jpeg" />
<meta name="twitter:card" content="summary_large_image" />
<meta name="twitter:site" content="@IndicSL" />
<meta name="twitter:label1" content="Tiempo de lectura" />
	<meta name="twitter:data1" content="2 minutos" />
<script type="application/ld+json" class="yoast-schema-graph">{"@context":"https:\/\/schema.org","@graph":[{"@type":"WebPage","@id":"https:\/\/indic.cat\/es\/servei\/formacion-para-entidades\/","url":"https:\/\/indic.cat\/es\/servei\/formacion-para-entidades\/","name":"Formación para entidades - My CMS","isPartOf":{"@id":"https:\/\/indic.cat\/#website"},"primaryImageOfPage":{"@id":"https:\/\/indic.cat\/es\/servei\/formacion-para-entidades\/#primaryimage"},"image":{"@id":"https:\/\/indic.cat\/es\/servei\/formacion-para-entidades\/#primaryimage"},"thumbnailUrl":"https:\/\/indic.cat\/wp-content\/uploads\/2017\/07\/20161115_100637.jpg","datePublished":"2017-07-13T17:28:55+00:00","dateModified":"2024-09-04T09:50:09+00:00","description":"Nuestra propuesta formativa parte de dos premisas. Por un lado, pretende aportar elementos de reflexión que ayudan a potenciar...","breadcrumb":{"@id":"https:\/\/indic.cat\/es\/servei\/formacion-para-entidades\/#breadcrumb"},"inLanguage":"es","potentialAction":[{"@type":"ReadAction","target":["https:\/\/indic.cat\/es\/servei\/formacion-para-entidades\/"]}]},{"@type":"ImageObject","inLanguage":"es","@id":"https:\/\/indic.cat\/es\/servei\/formacion-para-entidades\/#primaryimage","url":"https:\/\/indic.cat\/wp-content\/uploads\/2017\/07\/20161115_100637.jpg","contentUrl":"https:\/\/indic.cat\/wp-content\/uploads\/2017\/07\/20161115_100637.jpg","width":2560,"height":1440},{"@type":"BreadcrumbList","@id":"https:\/\/indic.cat\/es\/servei\/formacion-para-entidades\/#breadcrumb","itemListElement":[{"@type":"ListItem","position":1,"name":"Inici","item":"https:\/\/indic.cat\/es\/iniciativas-y-dinamicas-comunitarias\/"},{"@type":"ListItem","position":2,"name":"Serveis","item":"https:\/\/indic.cat\/servei\/"},{"@type":"ListItem","position":3,"name":"Formación en participación","item":"https:\/\/indic.cat\/es\/categoria-servei\/formacion-en-participacion\/"},{"@type":"ListItem","position":4,"name":"Formación para entidades"}]},{"@type":"WebSite","@id":"https:\/\/indic.cat\/#website","url":"https:\/\/indic.cat\/","name":"My CMS","description":"Iniciatives i dinàmiques comunitàries","potentialAction":[{"@type":"SearchAction","target":{"@type":"EntryPoint","urlTemplate":"https:\/\/indic.cat\/?s={search_term_string}"},"query-input":{"@type":"PropertyValueSpecification","valueRequired":true,"valueName":"search_term_string"}}],"inLanguage":"es"}]}</script>
<!-- / Yoast SEO plugin. -->

Formación para entidades - My CMS

Nuestra propuesta formativa parte de dos premisas. Por un lado, pretende aportar elementos de reflexión que ayudan a potenciar...

Formación en participación

Iniciatives i dinàmiques comunitàries
